--
-- Host: 51.112.59.172    Database: console_mainb
-- ------------------------------------------------------


--
-- Table structure for table `account_transactions`
--

CREATE TABLE `account_transactions` (
  `id` int unsigned NOT NULL AUTO_INCREMENT,
  `account_id` int NOT NULL,
  `type` enum('debit','credit') CHARACTER SET utf8mb4 COLLATE utf8mb4_unicode_ci NOT NULL,
  `sub_type` enum('opening_balance','fund_transfer','deposit') CHARACTER SET utf8mb4 COLLATE utf8mb4_unicode_ci DEFAULT NULL,
  `amount` decimal(22,4) NOT NULL,
  `reff_no` varchar(191) CHARACTER SET utf8mb4 COLLATE utf8mb4_unicode_ci DEFAULT NULL,
  `operation_date` datetime NOT NULL,
  `created_by` int NOT NULL,
  `transaction_id` int DEFAULT NULL,
  `transaction_payment_id` int DEFAULT NULL,
  `transfer_transaction_id` int DEFAULT NULL,
  `note` text CHARACTER SET utf8mb4 COLLATE utf8mb4_unicode_ci,
  `deleted_at` timestamp NULL DEFAULT NULL,
  `created_at` timestamp NULL DEFAULT NULL,
  `updated_at` timestamp NULL DEFAULT NULL,
  PRIMARY KEY (`id`),
  KEY `account_transactions_account_id_index` (`account_id`),
  KEY `account_transactions_transaction_id_index` (`transaction_id`),
  KEY `account_transactions_transaction_payment_id_index` (`transaction_payment_id`),
  KEY `account_transactions_transfer_transaction_id_index` (`transfer_transaction_id`),
  KEY `account_transactions_created_by_index` (`created_by`),
  KEY `account_transactions_type_index` (`type`),
  KEY `account_transactions_sub_type_index` (`sub_type`),
  KEY `account_transactions_operation_date_index` (`operation_date`)
) ENGINE=InnoDB DEFAULT CHARSET=utf8mb4 COLLATE=utf8mb4_unicode_ci;

--
-- Dumping data for table `account_transactions`
--


--
-- Table structure for table `account_types`
--

CREATE TABLE `account_types` (
  `id` int unsigned NOT NULL AUTO_INCREMENT,
  `name` varchar(191) CHARACTER SET utf8mb4 COLLATE utf8mb4_unicode_ci NOT NULL,
  `parent_account_type_id` int DEFAULT NULL,
  `business_id` int NOT NULL,
  `created_at` timestamp NULL DEFAULT NULL,
  `updated_at` timestamp NULL DEFAULT NULL,
  PRIMARY KEY (`id`),
  KEY `account_types_parent_account_type_id_index` (`parent_account_type_id`),
  KEY `account_types_business_id_index` (`business_id`)
) ENGINE=InnoDB DEFAULT CHARSET=utf8mb4 COLLATE=utf8mb4_unicode_ci;

--
-- Dumping data for table `account_types`
--


--
-- Table structure for table `accounting_acc_trans_mappings`
--

CREATE TABLE `accounting_acc_trans_mappings` (
  `id` bigint unsigned NOT NULL AUTO_INCREMENT,
  `business_id` int NOT NULL,
  `ref_no` varchar(100) COLLATE utf8mb4_unicode_ci NOT NULL,
  `type` varchar(100) COLLATE utf8mb4_unicode_ci NOT NULL,
  `created_by` int NOT NULL,
  `operation_date` datetime NOT NULL,
  `note` text COLLATE utf8mb4_unicode_ci,
  `created_at` timestamp NULL DEFAULT NULL,
  `updated_at` timestamp NULL DEFAULT NULL,
  PRIMARY KEY (`id`)
) ENGINE=InnoDB DEFAULT CHARSET=utf8mb4 COLLATE=utf8mb4_unicode_ci;

--
-- Dumping data for table `accounting_acc_trans_mappings`
--


--
-- Table structure for table `accounting_account_types`
--

CREATE TABLE `accounting_account_types` (
  `id` bigint unsigned NOT NULL AUTO_INCREMENT,
  `name` varchar(191) COLLATE utf8mb4_unicode_ci NOT NULL,
  `business_id` int DEFAULT NULL,
  `created_by` int DEFAULT NULL,
  `account_primary_type` varchar(191) COLLATE utf8mb4_unicode_ci DEFAULT NULL,
  `account_type` varchar(191) COLLATE utf8mb4_unicode_ci DEFAULT NULL,
  `parent_id` bigint DEFAULT NULL,
  `description` text COLLATE utf8mb4_unicode_ci,
  `show_balance` tinyint(1) NOT NULL DEFAULT '1',
  `created_at` timestamp NULL DEFAULT NULL,
  `updated_at` timestamp NULL DEFAULT NULL,
  PRIMARY KEY (`id`)
) ENGINE=InnoDB AUTO_INCREMENT=155 DEFAULT CHARSET=utf8mb4 COLLATE=utf8mb4_unicode_ci;

--
-- Dumping data for table `accounting_account_types`
--

INSERT INTO `accounting_account_types` VALUES (1,'accounts_receivable',NULL,NULL,'asset','sub_type',NULL,NULL,0,NULL,NULL),(2,'current_assets',NULL,NULL,'asset','sub_type',NULL,NULL,1,NULL,NULL),(3,'cash_and_cash_equivalents',NULL,NULL,'asset','sub_type',NULL,NULL,1,NULL,NULL),(4,'fixed_assets',NULL,NULL,'asset','sub_type',NULL,NULL,1,NULL,NULL),(5,'non_current_assets',NULL,NULL,'asset','sub_type',NULL,NULL,1,NULL,NULL),(6,'accounts_payable',NULL,NULL,'liability','sub_type',NULL,NULL,0,NULL,NULL),(7,'credit_card',NULL,NULL,'liability','sub_type',NULL,NULL,1,NULL,NULL),(8,'current_liabilities',NULL,NULL,'liability','sub_type',NULL,NULL,1,NULL,NULL),(9,'non_current_liabilities',NULL,NULL,'liability','sub_type',NULL,NULL,1,NULL,NULL),(10,'owners_equity',NULL,NULL,'equity','sub_type',NULL,NULL,1,NULL,NULL),(11,'income',NULL,NULL,'income','sub_type',NULL,NULL,0,NULL,NULL),(12,'other_income',NULL,NULL,'income','sub_type',NULL,NULL,0,NULL,NULL),(13,'cost_of_sale',NULL,NULL,'expenses','sub_type',NULL,NULL,0,NULL,NULL),(14,'expenses',NULL,NULL,'expenses','sub_type',NULL,NULL,0,NULL,NULL),(15,'other_expense',NULL,NULL,'expenses','sub_type',NULL,NULL,0,NULL,NULL),(16,'accounts_receivable',NULL,NULL,NULL,'detail_type',1,'',1,NULL,NULL),(17,'allowance_for_bad_debts',NULL,NULL,NULL,'detail_type',2,'allowance_for_bad_debts_desc',1,NULL,NULL),(18,'assets_available_for_sale',NULL,NULL,NULL,'detail_type',2,'assets_available_for_sale_desc',1,NULL,NULL),(19,'development_costs',NULL,NULL,NULL,'detail_type',2,'development_costs_desc',1,NULL,NULL),(20,'employee_cash_advances',NULL,NULL,NULL,'detail_type',2,'employee_cash_advances_desc',1,NULL,NULL),(21,'inventory',NULL,NULL,NULL,'detail_type',2,'inventory_desc',1,NULL,NULL),(22,'investments_-_other',NULL,NULL,NULL,'detail_type',2,'investments_-_other_desc',1,NULL,NULL),(23,'loans_to_officers',NULL,NULL,NULL,'detail_type',2,'loans_to_officers_desc',1,NULL,NULL),(24,'loans_to_others',NULL,NULL,NULL,'detail_type',2,'loans_to_others_desc',1,NULL,NULL),(25,'loans_to_shareholders',NULL,NULL,NULL,'detail_type',2,'loans_to_shareholders_desc',1,NULL,NULL),(26,'other_current_assets',NULL,NULL,NULL,'detail_type',2,'other_current_assets_desc',1,NULL,NULL),(27,'prepaid_expenses',NULL,NULL,NULL,'detail_type',2,'prepaid_expenses_desc',1,NULL,NULL),(28,'retainage',NULL,NULL,NULL,'detail_type',2,'retainage_desc',1,NULL,NULL),(29,'undeposited_funds',NULL,NULL,NULL,'detail_type',2,'undeposited_funds_desc',1,NULL,NULL),(30,'bank',NULL,NULL,NULL,'detail_type',3,'bank_desc',1,NULL,NULL),(31,'cash_and_cash_equivalents',NULL,NULL,NULL,'detail_type',3,'cash_and_cash_equivalents_desc',1,NULL,NULL),(32,'cash_on_hand',NULL,NULL,NULL,'detail_type',3,'cash_on_hand_desc',1,NULL,NULL),(33,'client_trust_account',NULL,NULL,NULL,'detail_type',3,'client_trust_account_desc',1,NULL,NULL),(34,'money_market',NULL,NULL,NULL,'detail_type',3,'money_market_desc',1,NULL,NULL),(35,'rents_held_in_trust',NULL,NULL,NULL,'detail_type',3,'rents_held_in_trust_desc',1,NULL,NULL),(36,'savings',NULL,NULL,NULL,'detail_type',3,'savings_desc',1,NULL,NULL),(37,'accumulated_depletion',NULL,NULL,NULL,'detail_type',4,'accumulated_depletion_desc',1,NULL,NULL),(38,'accumulated_depreciation_on_property,_plant_and_equipment',NULL,NULL,NULL,'detail_type',4,'accumulated_depreciation_on_property,_plant_and_equipment_desc',1,NULL,NULL),(39,'buildings',NULL,NULL,NULL,'detail_type',4,'buildings_desc',1,NULL,NULL),(40,'depletable_assets',NULL,NULL,NULL,'detail_type',4,'depletable_assets_desc',1,NULL,NULL),(41,'furniture_and_fixtures',NULL,NULL,NULL,'detail_type',4,'furniture_and_fixtures_desc',1,NULL,NULL),(42,'land',NULL,NULL,NULL,'detail_type',4,'land_desc',1,NULL,NULL),(43,'leasehold_improvements',NULL,NULL,NULL,'detail_type',4,'leasehold_improvements_desc',1,NULL,NULL),(44,'machinery_and_equipment',NULL,NULL,NULL,'detail_type',4,'machinery_and_equipment_desc',1,NULL,NULL),(45,'other_fixed_assets',NULL,NULL,NULL,'detail_type',4,'other_fixed_assets_desc',1,NULL,NULL),(46,'vehicles',NULL,NULL,NULL,'detail_type',4,'vehicles_desc',1,NULL,NULL),(47,'accumulated_amortisation_of_non-current_assets',NULL,NULL,NULL,'detail_type',5,'accumulated_amortisation_of_non-current_assets_desc',1,NULL,NULL),(48,'assets_held_for_sale',NULL,NULL,NULL,'detail_type',5,'assets_held_for_sale_desc',1,NULL,NULL),(49,'deferred_tax',NULL,NULL,NULL,'detail_type',5,'deferred_tax_desc',1,NULL,NULL),(50,'goodwill',NULL,NULL,NULL,'detail_type',5,'goodwill_desc',1,NULL,NULL),(51,'intangible_assets',NULL,NULL,NULL,'detail_type',5,'intangible_assets_desc',1,NULL,NULL),(52,'lease_buyout',NULL,NULL,NULL,'detail_type',5,'lease_buyout_desc',1,NULL,NULL),(53,'licences',NULL,NULL,NULL,'detail_type',5,'licences_desc',1,NULL,NULL),(54,'long-term_investments',NULL,NULL,NULL,'detail_type',5,'long-term_investments_desc',1,NULL,NULL),(55,'organisational_costs',NULL,NULL,NULL,'detail_type',5,'organisational_costs_desc',1,NULL,NULL),(56,'other_non-current_assets',NULL,NULL,NULL,'detail_type',5,'other_non-current_assets_desc',1,NULL,NULL),(57,'security_deposits',NULL,NULL,NULL,'detail_type',5,'security_deposits_desc',1,NULL,NULL),(58,'accounts_payable_(a/p)',NULL,NULL,NULL,'detail_type',6,'accounts_payable_(a/p)_desc',1,NULL,NULL),(59,'credit_card',NULL,NULL,NULL,'detail_type',7,'credit_card_desc',1,NULL,NULL),(60,'accrued_liabilities',NULL,NULL,NULL,'detail_type',8,'accrued_liabilities_desc',1,NULL,NULL),(61,'client_trust_accounts_-_liabilities',NULL,NULL,NULL,'detail_type',8,'client_trust_accounts_-_liabilities_desc',1,NULL,NULL),(62,'current_tax_liability',NULL,NULL,NULL,'detail_type',8,'current_tax_liability_desc',1,NULL,NULL),(63,'current_portion_of_obligations_under_finance_leases',NULL,NULL,NULL,'detail_type',8,'current_portion_of_obligations_under_finance_leases_desc',1,NULL,NULL),(64,'dividends_payable',NULL,NULL,NULL,'detail_type',8,'dividends_payable_desc',1,NULL,NULL),(65,'income_tax_payable',NULL,NULL,NULL,'detail_type',8,'income_tax_payable_desc',1,NULL,NULL),(66,'insurance_payable',NULL,NULL,NULL,'detail_type',8,'insurance_payable_desc',1,NULL,NULL),(67,'line_of_credit',NULL,NULL,NULL,'detail_type',8,'line_of_credit_desc',1,NULL,NULL),(68,'loan_payable',NULL,NULL,NULL,'detail_type',8,'loan_payable_desc',1,NULL,NULL),(69,'other_current_liabilities',NULL,NULL,NULL,'detail_type',8,'other_current_liabilities_desc',1,NULL,NULL),(70,'payroll_clearing',NULL,NULL,NULL,'detail_type',8,'payroll_clearing_desc',1,NULL,NULL),(71,'payroll_liabilities',NULL,NULL,NULL,'detail_type',8,'payroll_liabilities_desc',1,NULL,NULL),(72,'prepaid_expenses_payable',NULL,NULL,NULL,'detail_type',8,'prepaid_expenses_payable_desc',1,NULL,NULL),(73,'rents_in_trust_-_liability',NULL,NULL,NULL,'detail_type',8,'rents_in_trust_-_liability_desc',1,NULL,NULL),(74,'sales_and_service_tax_payable',NULL,NULL,NULL,'detail_type',8,'sales_and_service_tax_payable_desc',1,NULL,NULL),(75,'accrued_holiday_payable',NULL,NULL,NULL,'detail_type',9,'accrued_holiday_payable_desc',1,NULL,NULL),(76,'accrued_non-current_liabilities',NULL,NULL,NULL,'detail_type',9,'accrued_non-current_liabilities_desc',1,NULL,NULL),(77,'liabilities_related_to_assets_held_for_sale',NULL,NULL,NULL,'detail_type',9,'liabilities_related_to_assets_held_for_sale_desc',1,NULL,NULL),(78,'long-term_debt',NULL,NULL,NULL,'detail_type',9,'long-term_debt_desc',1,NULL,NULL),(79,'notes_payable',NULL,NULL,NULL,'detail_type',9,'notes_payable_desc',1,NULL,NULL),(80,'other_non-current_liabilities',NULL,NULL,NULL,'detail_type',9,'other_non-current_liabilities_desc',1,NULL,NULL),(81,'shareholder_notes_payable',NULL,NULL,NULL,'detail_type',9,'shareholder_notes_payable_desc',1,NULL,NULL),(82,'accumulated_adjustment',NULL,NULL,NULL,'detail_type',10,'accumulated_adjustment_desc',1,NULL,NULL),(83,'dividend_disbursed',NULL,NULL,NULL,'detail_type',10,'dividend_disbursed_desc',1,NULL,NULL),(84,'equity_in_earnings_of_subsidiaries',NULL,NULL,NULL,'detail_type',10,'equity_in_earnings_of_subsidiaries_desc',1,NULL,NULL),(85,'opening_balance_equity',NULL,NULL,NULL,'detail_type',10,'opening_balance_equity_desc',1,NULL,NULL),(86,'ordinary_shares',NULL,NULL,NULL,'detail_type',10,'ordinary_shares_desc',1,NULL,NULL),(87,'other_comprehensive_income',NULL,NULL,NULL,'detail_type',10,'other_comprehensive_income_desc',1,NULL,NULL),(88,'owner\'s_equity',NULL,NULL,NULL,'detail_type',10,'owner\'s_equity_desc',1,NULL,NULL),(89,'paid-in_capital_or_surplus',NULL,NULL,NULL,'detail_type',10,'paid-in_capital_or_surplus_desc',1,NULL,NULL),(90,'partner_contributions',NULL,NULL,NULL,'detail_type',10,'partner_contributions_desc',1,NULL,NULL),(91,'partner_distributions',NULL,NULL,NULL,'detail_type',10,'partner_distributions_desc',1,NULL,NULL),(92,'partner\'s_equity',NULL,NULL,NULL,'detail_type',10,'partner\'s_equity_desc',1,NULL,NULL),(93,'preferred_shares',NULL,NULL,NULL,'detail_type',10,'preferred_shares_desc',1,NULL,NULL),(94,'retained_earnings',NULL,NULL,NULL,'detail_type',10,'retained_earnings_desc',1,NULL,NULL),(95,'share_capital',NULL,NULL,NULL,'detail_type',10,'share_capital_desc',1,NULL,NULL),(96,'treasury_shares',NULL,NULL,NULL,'detail_type',10,'treasury_shares_desc',1,NULL,NULL),(97,'discounts/refunds_given',NULL,NULL,NULL,'detail_type',11,'discounts/refunds_given_desc',1,NULL,NULL),(98,'non-profit_income',NULL,NULL,NULL,'detail_type',11,'non-profit_income_desc',1,NULL,NULL),(99,'other_primary_income',NULL,NULL,NULL,'detail_type',11,'other_primary_income_desc',1,NULL,NULL),(100,'revenue_-_general',NULL,NULL,NULL,'detail_type',11,'revenue_-_general_desc',1,NULL,NULL),(101,'sales_-_retail',NULL,NULL,NULL,'detail_type',11,'sales_-_retail_desc',1,NULL,NULL),(102,'sales_-_wholesale',NULL,NULL,NULL,'detail_type',11,'sales_-_wholesale_desc',1,NULL,NULL),(103,'sales_of_product_income',NULL,NULL,NULL,'detail_type',11,'sales_of_product_income_desc',1,NULL,NULL),(104,'service/fee_income',NULL,NULL,NULL,'detail_type',11,'service/fee_income_desc',1,NULL,NULL),(105,'unapplied_cash_payment_income',NULL,NULL,NULL,'detail_type',11,'unapplied_cash_payment_income_desc',1,NULL,NULL),(106,'dividend_income',NULL,NULL,NULL,'detail_type',12,'dividend_income_desc',1,NULL,NULL),(107,'interest_earned',NULL,NULL,NULL,'detail_type',12,'interest_earned_desc',1,NULL,NULL),(108,'loss_on_disposal_of_assets',NULL,NULL,NULL,'detail_type',12,'loss_on_disposal_of_assets_desc',1,NULL,NULL),(109,'other_investment_income',NULL,NULL,NULL,'detail_type',12,'other_investment_income_desc',1,NULL,NULL),(110,'other_miscellaneous_income',NULL,NULL,NULL,'detail_type',12,'other_miscellaneous_income_desc',1,NULL,NULL),(111,'other_operating_income',NULL,NULL,NULL,'detail_type',12,'other_operating_income_desc',1,NULL,NULL),(112,'tax-exempt_interest',NULL,NULL,NULL,'detail_type',12,'tax-exempt_interest_desc',1,NULL,NULL),(113,'unrealised_loss_on_securities,_net_of_tax',NULL,NULL,NULL,'detail_type',12,'unrealised_loss_on_securities,_net_of_tax_desc',1,NULL,NULL),(114,'cost_of_labour_-_cos',NULL,NULL,NULL,'detail_type',13,'cost_of_labour_-_cos_desc',1,NULL,NULL),(115,'equipment_rental_-_cos',NULL,NULL,NULL,'detail_type',13,'equipment_rental_-_cos_desc',1,NULL,NULL),(116,'freight_and_delivery_-_cos',NULL,NULL,NULL,'detail_type',13,'freight_and_delivery_-_cos_desc',1,NULL,NULL),(117,'other_costs_of_sales_-_cos',NULL,NULL,NULL,'detail_type',13,'other_costs_of_sales_-_cos_desc',1,NULL,NULL),(118,'supplies_and_materials_-_cos',NULL,NULL,NULL,'detail_type',13,'supplies_and_materials_-_cos_desc',1,NULL,NULL),(119,'advertising/promotional',NULL,NULL,NULL,'detail_type',14,'advertising/promotional_desc',1,NULL,NULL),(120,'amortisation_expense',NULL,NULL,NULL,'detail_type',14,'amortisation_expense_desc',1,NULL,NULL),(121,'auto',NULL,NULL,NULL,'detail_type',14,'auto_desc',1,NULL,NULL),(122,'bad_debts',NULL,NULL,NULL,'detail_type',14,'bad_debts_desc',1,NULL,NULL),(123,'bank_charges',NULL,NULL,NULL,'detail_type',14,'bank_charges_desc',1,NULL,NULL),(124,'charitable_contributions',NULL,NULL,NULL,'detail_type',14,'charitable_contributions_desc',1,NULL,NULL),(125,'commissions_and_fees',NULL,NULL,NULL,'detail_type',14,'commissions_and_fees_desc',1,NULL,NULL),(126,'cost_of_labour',NULL,NULL,NULL,'detail_type',14,'cost_of_labour_desc',1,NULL,NULL),(127,'dues_and_subscriptions',NULL,NULL,NULL,'detail_type',14,'dues_and_subscriptions_desc',1,NULL,NULL),(128,'equipment_rental',NULL,NULL,NULL,'detail_type',14,'equipment_rental_desc',1,NULL,NULL),(129,'finance_costs',NULL,NULL,NULL,'detail_type',14,'finance_costs_desc',1,NULL,NULL),(130,'income_tax_expense',NULL,NULL,NULL,'detail_type',14,'income_tax_expense_desc',1,NULL,NULL),(131,'insurance',NULL,NULL,NULL,'detail_type',14,'insurance_desc',1,NULL,NULL),(132,'interest_paid',NULL,NULL,NULL,'detail_type',14,'interest_paid_desc',1,NULL,NULL),(133,'legal_and_professional_fees',NULL,NULL,NULL,'detail_type',14,'legal_and_professional_fees_desc',1,NULL,NULL),(134,'loss_on_discontinued_operations,_net_of_tax',NULL,NULL,NULL,'detail_type',14,'loss_on_discontinued_operations,_net_of_tax_desc',1,NULL,NULL),(135,'management_compensation',NULL,NULL,NULL,'detail_type',14,'management_compensation_desc',1,NULL,NULL),(136,'meals_and_entertainment',NULL,NULL,NULL,'detail_type',14,'meals_and_entertainment_desc',1,NULL,NULL),(137,'office/general_administrative_expenses',NULL,NULL,NULL,'detail_type',14,'office/general_administrative_expenses_desc',1,NULL,NULL),(138,'other_miscellaneous_service_cost',NULL,NULL,NULL,'detail_type',14,'other_miscellaneous_service_cost_desc',1,NULL,NULL),(139,'other_selling_expenses',NULL,NULL,NULL,'detail_type',14,'other_selling_expenses_desc',1,NULL,NULL),(140,'payroll_expenses',NULL,NULL,NULL,'detail_type',14,'payroll_expenses_desc',1,NULL,NULL),(141,'rent_or_lease_of_buildings',NULL,NULL,NULL,'detail_type',14,'rent_or_lease_of_buildings_desc',1,NULL,NULL),(142,'repair_and_maintenance',NULL,NULL,NULL,'detail_type',14,'repair_and_maintenance_desc',1,NULL,NULL),(143,'shipping_and_delivery_expense',NULL,NULL,NULL,'detail_type',14,'shipping_and_delivery_expense_desc',1,NULL,NULL),(144,'supplies_and_materials',NULL,NULL,NULL,'detail_type',14,'supplies_and_materials_desc',1,NULL,NULL),(145,'taxes_paid',NULL,NULL,NULL,'detail_type',14,'taxes_paid_desc',1,NULL,NULL),(146,'travel_expenses_-_general_and_admin_expenses',NULL,NULL,NULL,'detail_type',14,'travel_expenses_-_general_and_admin_expenses_desc',1,NULL,NULL),(147,'travel_expenses_-_selling_expense',NULL,NULL,NULL,'detail_type',14,'travel_expenses_-_selling_expense_desc',1,NULL,NULL),(148,'unapplied_cash_bill_payment_expense',NULL,NULL,NULL,'detail_type',14,'unapplied_cash_bill_payment_expense_desc',1,NULL,NULL),(149,'utilities',NULL,NULL,NULL,'detail_type',14,'utilities_desc',1,NULL,NULL),(150,'amortisation',NULL,NULL,NULL,'detail_type',15,'amortisation_desc',1,NULL,NULL),(151,'depreciation',NULL,NULL,NULL,'detail_type',15,'depreciation_desc',1,NULL,NULL),(152,'exchange_gain_or_loss',NULL,NULL,NULL,'detail_type',15,'exchange_gain_or_loss_desc',1,NULL,NULL),(153,'other_expense',NULL,NULL,NULL,'detail_type',15,'other_expense_desc',1,NULL,NULL),(154,'penalties_and_settlements',NULL,NULL,NULL,'detail_type',15,'penalties_and_settlements_desc',1,NULL,NULL);

--
-- Table structure for table `accounting_accounts`
--

CREATE TABLE `accounting_accounts` (
  `id` bigint unsigned NOT NULL AUTO_INCREMENT,
  `name` varchar(191) COLLATE utf8mb4_unicode_ci NOT NULL,
  `gl_code` varchar(191) COLLATE utf8mb4_unicode_ci DEFAULT NULL,
  `business_id` int NOT NULL,
  `account_primary_type` varchar(191) COLLATE utf8mb4_unicode_ci DEFAULT NULL,
  `account_sub_type_id` bigint DEFAULT NULL,
  `detail_type_id` bigint DEFAULT NULL,
  `parent_account_id` bigint DEFAULT NULL,
  `description` longtext COLLATE utf8mb4_unicode_ci,
  `status` varchar(191) COLLATE utf8mb4_unicode_ci DEFAULT NULL,
  `created_by` int NOT NULL,
  `created_at` timestamp NULL DEFAULT NULL,
  `updated_at` timestamp NULL DEFAULT NULL,
  PRIMARY KEY (`id`)
) ENGINE=InnoDB AUTO_INCREMENT=88 DEFAULT CHARSET=utf8mb4 COLLATE=utf8mb4_unicode_ci;

--
-- Dumping data for table `accounting_accounts`
--

INSERT INTO `accounting_accounts` VALUES (1,'Accounts Payable (A/P)',NULL,1,'liability',6,58,NULL,NULL,'active',1,'2025-01-11 01:47:46','2025-01-11 01:47:46'),(2,'Credit Card',NULL,1,'liability',7,59,NULL,NULL,'active',1,'2025-01-11 01:47:46','2025-01-11 01:47:46'),(3,'Wage expenses',NULL,1,'expenses',14,140,NULL,NULL,'active',1,'2025-01-11 01:47:46','2025-01-11 01:47:46'),(4,'Utilities',NULL,1,'expenses',14,149,NULL,NULL,'active',1,'2025-01-11 01:47:46','2025-01-11 01:47:46'),(5,'Unrealised loss on securities, net of tax',NULL,1,'income',12,113,NULL,NULL,'active',1,'2025-01-11 01:47:46','2025-01-11 01:47:46'),(6,'Undeposited Funds',NULL,1,'asset',2,29,NULL,NULL,'active',1,'2025-01-11 01:47:46','2025-01-11 01:47:46'),(7,'Uncategorised Income',NULL,1,'income',11,103,NULL,NULL,'active',1,'2025-01-11 01:47:46','2025-01-11 01:47:46'),(8,'Uncategorised Expense',NULL,1,'expenses',14,138,NULL,NULL,'active',1,'2025-01-11 01:47:46','2025-01-11 01:47:46'),(9,'Uncategorised Asset',NULL,1,'asset',2,26,NULL,NULL,'active',1,'2025-01-11 01:47:46','2025-01-11 01:47:46'),(10,'Unapplied Cash Payment Income',NULL,1,'income',11,105,NULL,NULL,'active',1,'2025-01-11 01:47:46','2025-01-11 01:47:46'),(11,'Travel expenses - selling expense',NULL,1,'expenses',14,147,NULL,NULL,'active',1,'2025-01-11 01:47:46','2025-01-11 01:47:46'),(12,'Travel expenses - general and admin expenses',NULL,1,'expenses',14,146,NULL,NULL,'active',1,'2025-01-11 01:47:46','2025-01-11 01:47:46'),(13,'Supplies',NULL,1,'expenses',14,145,NULL,NULL,'active',1,'2025-01-11 01:47:46','2025-01-11 01:47:46'),(14,'Subcontractors - COS',NULL,1,'expenses',13,114,NULL,NULL,'active',1,'2025-01-11 01:47:46','2025-01-11 01:47:46'),(15,'Stationery and printing',NULL,1,'expenses',14,137,NULL,NULL,'active',1,'2025-01-11 01:47:46','2025-01-11 01:47:46'),(16,'Short-term debit',NULL,1,'liability',8,69,NULL,NULL,'active',1,'2025-01-11 01:47:46','2025-01-11 01:47:46'),(17,'Shipping and delivery expense',NULL,1,'expenses',14,143,NULL,NULL,'active',1,'2025-01-11 01:47:46','2025-01-11 01:47:46'),(18,'Share capital',NULL,1,'equity',10,95,NULL,NULL,'active',1,'2025-01-11 01:47:46','2025-01-11 01:47:46'),(19,'Sales of Product Income',NULL,1,'income',11,103,NULL,NULL,'active',1,'2025-01-11 01:47:46','2025-01-11 01:47:46'),(20,'Sales - wholesale',NULL,1,'income',11,102,NULL,NULL,'active',1,'2025-01-11 01:47:46','2025-01-11 01:47:46'),(21,'Sales - retail',NULL,1,'income',11,101,NULL,NULL,'active',1,'2025-01-11 01:47:46','2025-01-11 01:47:46'),(22,'Sales',NULL,1,'income',11,103,NULL,NULL,'active',1,'2025-01-11 01:47:46','2025-01-11 01:47:46'),(23,'Revenue - General',NULL,1,'income',11,100,NULL,NULL,'active',1,'2025-01-11 01:47:46','2025-01-11 01:47:46'),(24,'Retained Earnings',NULL,1,'equity',10,94,NULL,NULL,'active',1,'2025-01-11 01:47:46','2025-01-11 01:47:46'),(25,'Repair and maintenance',NULL,1,'expenses',14,142,NULL,NULL,'active',1,'2025-01-11 01:47:46','2025-01-11 01:47:46'),(26,'Rent or lease payments',NULL,1,'expenses',14,141,NULL,NULL,'active',1,'2025-01-11 01:47:46','2025-01-11 01:47:46'),(27,'Reconciliation Discrepancies',NULL,1,'expenses',15,153,NULL,NULL,'active',1,'2025-01-11 01:47:46','2025-01-11 01:47:46'),(28,'Purchases',NULL,1,'expenses',14,144,NULL,NULL,'active',1,'2025-01-11 01:47:46','2025-01-11 01:47:46'),(29,'Property, plant and equipment',NULL,1,'asset',4,42,NULL,NULL,'active',1,'2025-01-11 01:47:46','2025-01-11 01:47:46'),(30,'Prepaid Expenses',NULL,1,'asset',2,27,NULL,NULL,'active',1,'2025-01-11 01:47:46','2025-01-11 01:47:46'),(31,'Payroll liabilities',NULL,1,'liability',8,71,NULL,NULL,'active',1,'2025-01-11 01:47:46','2025-01-11 01:47:46'),(32,'Payroll Expenses',NULL,1,'expenses',14,140,NULL,NULL,'active',1,'2025-01-11 01:47:46','2025-01-11 01:47:46'),(33,'Payroll Clearing',NULL,1,'liability',8,70,NULL,NULL,'active',1,'2025-01-11 01:47:46','2025-01-11 01:47:46'),(34,'Overhead - COS',NULL,1,'expenses',13,114,NULL,NULL,'active',1,'2025-01-11 01:47:46','2025-01-11 01:47:46'),(35,'Other Types of Expenses-Advertising Expenses',NULL,1,'expenses',14,119,NULL,NULL,'active',1,'2025-01-11 01:47:46','2025-01-11 01:47:46'),(36,'Other selling expenses',NULL,1,'expenses',14,139,NULL,NULL,'active',1,'2025-01-11 01:47:46','2025-01-11 01:47:46'),(37,'Other operating income (expenses)',NULL,1,'income',12,111,NULL,NULL,'active',1,'2025-01-11 01:47:46','2025-01-11 01:47:46'),(38,'Other general and administrative expenses',NULL,1,'expenses',14,137,NULL,NULL,'active',1,'2025-01-11 01:47:46','2025-01-11 01:47:46'),(39,'Other comprehensive income',NULL,1,'equity',10,87,NULL,NULL,'active',1,'2025-01-11 01:47:46','2025-01-11 01:47:46'),(40,'Other - COS',NULL,1,'expenses',13,114,NULL,NULL,'active',1,'2025-01-11 01:47:46','2025-01-11 01:47:46'),(41,'Office expenses',NULL,1,'expenses',14,137,NULL,NULL,'active',1,'2025-01-11 01:47:46','2025-01-11 01:47:46'),(42,'Meals and entertainment',NULL,1,'expenses',14,137,NULL,NULL,'active',1,'2025-01-11 01:47:46','2025-01-11 01:47:46'),(43,'Materials - COS',NULL,1,'expenses',13,114,NULL,NULL,'active',1,'2025-01-11 01:47:46','2025-01-11 01:47:46'),(44,'Management compensation',NULL,1,'expenses',14,135,NULL,NULL,'active',1,'2025-01-11 01:47:46','2025-01-11 01:47:46'),(45,'Loss on disposal of assets',NULL,1,'income',12,108,NULL,NULL,'active',1,'2025-01-11 01:47:46','2025-01-11 01:47:46'),(46,'Loss on discontinued operations, net of tax',NULL,1,'expenses',14,134,NULL,NULL,'active',1,'2025-01-11 01:47:46','2025-01-11 01:47:46'),(47,'Long-term investments',NULL,1,'asset',5,54,NULL,NULL,'active',1,'2025-01-11 01:47:46','2025-01-11 01:47:46'),(48,'Long-term debt',NULL,1,'liability',9,78,NULL,NULL,'active',1,'2025-01-11 01:47:46','2025-01-11 01:47:46'),(49,'Liabilities related to assets held for sale',NULL,1,'liability',9,77,NULL,NULL,'active',1,'2025-01-11 01:47:46','2025-01-11 01:47:46'),(50,'Legal and professional fees',NULL,1,'expenses',14,133,NULL,NULL,'active',1,'2025-01-11 01:47:46','2025-01-11 01:47:46'),(51,'Inventory Asset',NULL,1,'asset',2,21,NULL,NULL,'active',1,'2025-01-11 01:47:46','2025-01-11 01:47:46'),(52,'Inventory',NULL,1,'asset',2,21,NULL,NULL,'active',1,'2025-01-11 01:47:46','2025-01-11 01:47:46'),(53,'Interest income',NULL,1,'income',12,107,NULL,NULL,'active',1,'2025-01-11 01:47:46','2025-01-11 01:47:46'),(54,'Interest expense',NULL,1,'expenses',14,132,NULL,NULL,'active',1,'2025-01-11 01:47:46','2025-01-11 01:47:46'),(55,'Intangibles',NULL,1,'asset',5,51,NULL,NULL,'active',1,'2025-01-11 01:47:46','2025-01-11 01:47:46'),(56,'Insurance - Liability',NULL,1,'expenses',14,131,NULL,NULL,'active',1,'2025-01-11 01:47:46','2025-01-11 01:47:46'),(57,'Insurance - General',NULL,1,'expenses',14,131,NULL,NULL,'active',1,'2025-01-11 01:47:46','2025-01-11 01:47:46'),(58,'Insurance - Disability',NULL,1,'expenses',14,131,NULL,NULL,'active',1,'2025-01-11 01:47:46','2025-01-11 01:47:46'),(59,'Income tax payable',NULL,1,'liability',8,65,NULL,NULL,'active',1,'2025-01-11 01:47:46','2025-01-11 01:47:46'),(60,'Income tax expense',NULL,1,'expenses',14,130,NULL,NULL,'active',1,'2025-01-11 01:47:46','2025-01-11 01:47:46'),(61,'Goodwill',NULL,1,'asset',5,50,NULL,NULL,'active',1,'2025-01-11 01:47:46','2025-01-11 01:47:46'),(62,'Freight and delivery - COS',NULL,1,'expenses',13,114,NULL,NULL,'active',1,'2025-01-11 01:47:46','2025-01-11 01:47:46'),(63,'Equity in earnings of subsidiaries',NULL,1,'equity',10,84,NULL,NULL,'active',1,'2025-01-11 01:47:46','2025-01-11 01:47:46'),(64,'Equipment rental',NULL,1,'expenses',14,128,NULL,NULL,'active',1,'2025-01-11 01:47:46','2025-01-11 01:47:46'),(65,'Dues and Subscriptions',NULL,1,'expenses',14,127,NULL,NULL,'active',1,'2025-01-11 01:47:46','2025-01-11 01:47:46'),(66,'Dividends payable',NULL,1,'liability',8,64,NULL,NULL,'active',1,'2025-01-11 01:47:46','2025-01-11 01:47:46'),(67,'Dividend income',NULL,1,'income',12,106,NULL,NULL,'active',1,'2025-01-11 01:47:46','2025-01-11 01:47:46'),(68,'Dividend disbursed',NULL,1,'equity',10,83,NULL,NULL,'active',1,'2025-01-11 01:47:46','2025-01-11 01:47:46'),(69,'Discounts given - COS',NULL,1,'expenses',13,114,NULL,NULL,'active',1,'2025-01-11 01:47:46','2025-01-11 01:47:46'),(70,'Direct labour - COS',NULL,1,'expenses',13,114,NULL,NULL,'active',1,'2025-01-11 01:47:46','2025-01-11 01:47:46'),(71,'Deferred tax assets',NULL,1,'asset',5,49,NULL,NULL,'active',1,'2025-01-11 01:47:46','2025-01-11 01:47:46'),(72,'Cost of sales',NULL,1,'expenses',13,118,NULL,NULL,'active',1,'2025-01-11 01:47:46','2025-01-11 01:47:46'),(73,'Commissions and fees',NULL,1,'expenses',14,125,NULL,NULL,'active',1,'2025-01-11 01:47:46','2025-01-11 01:47:46'),(74,'Change in inventory - COS',NULL,1,'expenses',13,114,NULL,NULL,'active',1,'2025-01-11 01:47:46','2025-01-11 01:47:46'),(75,'Cash and cash equivalents',NULL,1,'asset',3,31,NULL,NULL,'active',1,'2025-01-11 01:47:46','2025-01-11 01:47:46'),(76,'Billable Expense Income',NULL,1,'income',11,103,NULL,NULL,'active',1,'2025-01-11 01:47:46','2025-01-11 01:47:46'),(77,'Bank charges',NULL,1,'expenses',14,123,NULL,NULL,'active',1,'2025-01-11 01:47:46','2025-01-11 01:47:46'),(78,'Bad debts',NULL,1,'expenses',14,122,NULL,NULL,'active',1,'2025-01-11 01:47:46','2025-01-11 01:47:46'),(79,'Available for sale assets (short-term)',NULL,1,'asset',2,18,NULL,NULL,'active',1,'2025-01-11 01:47:46','2025-01-11 01:47:46'),(80,'Assets held for sale',NULL,1,'asset',5,48,NULL,NULL,'active',1,'2025-01-11 01:47:46','2025-01-11 01:47:46'),(81,'Amortisation expense',NULL,1,'expenses',14,120,NULL,NULL,'active',1,'2025-01-11 01:47:46','2025-01-11 01:47:46'),(82,'Allowance for bad debts',NULL,1,'asset',2,17,NULL,NULL,'active',1,'2025-01-11 01:47:46','2025-01-11 01:47:46'),(83,'Accumulated depreciation on property, plant and equipment',NULL,1,'asset',4,38,NULL,NULL,'active',1,'2025-01-11 01:47:46','2025-01-11 01:47:46'),(84,'Accrued non-current liabilities',NULL,1,'liability',9,76,NULL,NULL,'active',1,'2025-01-11 01:47:46','2025-01-11 01:47:46'),(85,'Accrued liabilities',NULL,1,'liability',8,60,NULL,NULL,'active',1,'2025-01-11 01:47:46','2025-01-11 01:47:46'),(86,'Accrued holiday payable',NULL,1,'liability',9,75,NULL,NULL,'active',1,'2025-01-11 01:47:46','2025-01-11 01:47:46'),(87,'Accounts Receivable (A/R)',NULL,1,'asset',1,16,NULL,NULL,'active',1,'2025-01-11 01:47:46','2025-01-11 01:47:46');

--
-- Table structure for table `accounting_accounts_transactions`
--

CREATE TABLE `accounting_accounts_transactions` (
  `id` bigint unsigned NOT NULL AUTO_INCREMENT,
  `accounting_account_id` bigint unsigned NOT NULL,
  `acc_trans_mapping_id` int DEFAULT NULL COMMENT 'id form accounting_acc_trans_mapping table',
  `transaction_id` int DEFAULT NULL COMMENT 'id form transactions table',
  `transaction_payment_id` int DEFAULT NULL COMMENT 'id form transaction_payments table',
  `amount` decimal(22,4) NOT NULL,
  `type` varchar(100) COLLATE utf8mb4_unicode_ci NOT NULL COMMENT 'debit, credit etc',
  `sub_type` varchar(100) COLLATE utf8mb4_unicode_ci NOT NULL,
  `map_type` varchar(100) COLLATE utf8mb4_unicode_ci DEFAULT NULL,
  `created_by` int NOT NULL,
  `operation_date` datetime NOT NULL,
  `note` text COLLATE utf8mb4_unicode_ci,
  `created_at` timestamp NULL DEFAULT NULL,
  `updated_at` timestamp NULL DEFAULT NULL,
  PRIMARY KEY (`id`)
) ENGINE=InnoDB DEFAULT CHARSET=utf8mb4 COLLATE=utf8mb4_unicode_ci;

--
-- Dumping data for table `accounting_accounts_transactions`
--


--
-- Table structure for table `accounting_budgets`
--

CREATE TABLE `accounting_budgets` (
  `id` bigint unsigned NOT NULL AUTO_INCREMENT,
  `accounting_account_id` bigint unsigned NOT NULL,
  `financial_year` int NOT NULL,
  `jan` decimal(22,4) DEFAULT NULL,
  `feb` decimal(22,4) DEFAULT NULL,
  `mar` decimal(22,4) DEFAULT NULL,
  `apr` decimal(22,4) DEFAULT NULL,
  `may` decimal(22,4) DEFAULT NULL,
  `jun` decimal(22,4) DEFAULT NULL,
  `jul` decimal(22,4) DEFAULT NULL,
  `aug` decimal(22,4) DEFAULT NULL,
  `sep` decimal(22,4) DEFAULT NULL,
  `oct` decimal(22,4) DEFAULT NULL,
  `nov` decimal(22,4) DEFAULT NULL,
  `dec` decimal(22,4) DEFAULT NULL,
  `quarter_1` decimal(22,4) DEFAULT NULL,
  `quarter_2` decimal(22,4) DEFAULT NULL,
  `quarter_3` decimal(22,4) DEFAULT NULL,
  `quarter_4` decimal(22,4) DEFAULT NULL,
  `yearly` decimal(22,4) DEFAULT NULL,
  `created_at` timestamp NULL DEFAULT NULL,
  `updated_at` timestamp NULL DEFAULT NULL,
  PRIMARY KEY (`id`)
) ENGINE=InnoDB DEFAULT CHARSET=utf8mb4 COLLATE=utf8mb4_unicode_ci;

--
-- Dumping data for table `accounting_budgets`
--


--
-- Table structure for table `accounts`
--

CREATE TABLE `accounts` (
  `id` int unsigned NOT NULL AUTO_INCREMENT,
  `business_id` int NOT NULL,
  `name` varchar(191) CHARACTER SET utf8mb4 COLLATE utf8mb4_unicode_ci NOT NULL,
  `account_number` varchar(191) CHARACTER SET utf8mb4 COLLATE utf8mb4_unicode_ci NOT NULL,
  `account_details` text CHARACTER SET utf8mb4 COLLATE utf8mb4_unicode_ci,
  `account_type_id` int DEFAULT NULL,
  `note` text CHARACTER SET utf8mb4 COLLATE utf8mb4_unicode_ci,
  `created_by` int NOT NULL,
  `is_closed` tinyint(1) NOT NULL DEFAULT '0',
  `deleted_at` timestamp NULL DEFAULT NULL,
  `created_at` timestamp NULL DEFAULT NULL,
  `updated_at` timestamp NULL DEFAULT NULL,
  PRIMARY KEY (`id`),
  KEY `accounts_business_id_index` (`business_id`),
  KEY `accounts_account_type_id_index` (`account_type_id`),
  KEY `accounts_created_by_index` (`created_by`)
) ENGINE=InnoDB DEFAULT CHARSET=utf8mb4 COLLATE=utf8mb4_unicode_ci;

--
-- Dumping data for table `accounts`
--


--
-- Table structure for table `activity_log`
--

CREATE TABLE `activity_log` (
  `id` int unsigned NOT NULL AUTO_INCREMENT,
  `log_name` varchar(191) CHARACTER SET utf8mb4 COLLATE utf8mb4_unicode_ci DEFAULT NULL,
  `description` text CHARACTER SET utf8mb4 COLLATE utf8mb4_unicode_ci NOT NULL,
  `subject_id` int DEFAULT NULL,
  `subject_type` varchar(191) CHARACTER SET utf8mb4 COLLATE utf8mb4_unicode_ci DEFAULT NULL,
  `event` varchar(191) CHARACTER SET utf8mb4 COLLATE utf8mb4_unicode_ci DEFAULT NULL,
  `business_id` int DEFAULT NULL,
  `causer_id` int DEFAULT NULL,
  `causer_type` varchar(191) CHARACTER SET utf8mb4 COLLATE utf8mb4_unicode_ci DEFAULT NULL,
  `properties` text CHARACTER SET utf8mb4 COLLATE utf8mb4_unicode_ci,
  `batch_uuid` char(36) CHARACTER SET utf8mb4 COLLATE utf8mb4_unicode_ci DEFAULT NULL,
  `created_at` timestamp NULL DEFAULT NULL,
  `updated_at` timestamp NULL DEFAULT NULL,
  PRIMARY KEY (`id`),
  KEY `activity_log_log_name_index` (`log_name`)
) ENGINE=InnoDB AUTO_INCREMENT=46 DEFAULT CHARSET=utf8mb4 COLLATE=utf8mb4_unicode_ci;

--
-- Dumping data for table `activity_log`
--

INSERT INTO `activity_log` VALUES (1,'default','login',1,'App\\User',NULL,1,1,'App\\User','[]',NULL,'2024-10-16 23:44:07','2024-10-16 23:44:07'),(2,'default','logout',1,'App\\User',NULL,1,1,'App\\User','[]',NULL,'2024-10-16 23:51:39','2024-10-16 23:51:39'),(3,'default','login',1,'App\\User',NULL,1,1,'App\\User','[]',NULL,'2024-10-16 23:52:47','2024-10-16 23:52:47'),(4,'default','logout',1,'App\\User',NULL,1,1,'App\\User','[]',NULL,'2024-10-16 23:52:51','2024-10-16 23:52:51'),(5,'default','login',2,'App\\User',NULL,2,2,'App\\User','[]',NULL,'2024-10-16 23:54:11','2024-10-16 23:54:11'),(6,'default','logout',2,'App\\User',NULL,2,2,'App\\User','[]',NULL,'2024-10-16 23:56:47','2024-10-16 23:56:47'),(7,'default','login',1,'App\\User',NULL,1,1,'App\\User','[]',NULL,'2024-10-17 10:30:02','2024-10-17 10:30:02'),(8,'default','logout',1,'App\\User',NULL,1,1,'App\\User','[]',NULL,'2024-10-17 10:30:54','2024-10-17 10:30:54'),(9,'default','login',2,'App\\User',NULL,2,2,'App\\User','[]',NULL,'2024-10-17 10:31:03','2024-10-17 10:31:03'),(10,'default','logout',2,'App\\User',NULL,2,2,'App\\User','[]',NULL,'2024-10-17 10:32:02','2024-10-17 10:32:02'),(11,'default','login',1,'App\\User',NULL,1,1,'App\\User','[]',NULL,'2024-10-17 10:32:33','2024-10-17 10:32:33'),(12,'default','logout',1,'App\\User',NULL,1,1,'App\\User','[]',NULL,'2024-10-17 10:36:37','2024-10-17 10:36:37'),(13,'default','login',2,'App\\User',NULL,2,2,'App\\User','[]',NULL,'2024-10-17 10:36:45','2024-10-17 10:36:45'),(14,'default','logout',2,'App\\User',NULL,2,2,'App\\User','[]',NULL,'2024-10-17 10:37:21','2024-10-17 10:37:21'),(15,'default','login',2,'App\\User',NULL,2,2,'App\\User','[]',NULL,'2024-12-20 01:22:11','2024-12-20 01:22:11'),(16,'default','login',1,'App\\User',NULL,1,1,'App\\User','[]',NULL,'2024-12-23 21:43:51','2024-12-23 21:43:51'),(17,'default','login',1,'App\\User',NULL,1,1,'App\\User','[]',NULL,'2024-12-23 21:55:30','2024-12-23 21:55:30'),(18,'default','login',1,'App\\User',NULL,1,1,'App\\User','[]',NULL,'2024-12-25 02:55:14','2024-12-25 02:55:14'),(19,'default','login',1,'App\\User',NULL,1,1,'App\\User','[]',NULL,'2024-12-26 15:21:10','2024-12-26 15:21:10'),(20,'default','login',1,'App\\User',NULL,1,1,'App\\User','[]',NULL,'2024-12-26 20:58:35','2024-12-26 20:58:35'),(21,'default','login',1,'App\\User',NULL,1,1,'App\\User','[]',NULL,'2024-12-30 12:41:18','2024-12-30 12:41:18'),(22,'default','login',1,'App\\User',NULL,1,1,'App\\User','[]',NULL,'2024-12-31 13:08:13','2024-12-31 13:08:13'),(23,'default','login',1,'App\\User',NULL,1,1,'App\\User','[]',NULL,'2024-12-31 18:56:36','2024-12-31 18:56:36'),(24,'default','login',1,'App\\User',NULL,1,1,'App\\User','[]',NULL,'2025-01-02 16:38:49','2025-01-02 16:38:49'),(25,'default','login',1,'App\\User',NULL,1,1,'App\\User','[]',NULL,'2025-01-02 19:19:42','2025-01-02 19:19:42'),(26,'default','login',1,'App\\User',NULL,1,1,'App\\User','[]',NULL,'2025-01-02 19:27:58','2025-01-02 19:27:58'),(27,'default','login',1,'App\\User',NULL,1,1,'App\\User','[]',NULL,'2025-01-06 18:07:32','2025-01-06 18:07:32'),(28,'default','login',1,'App\\User',NULL,1,1,'App\\User','[]',NULL,'2025-01-06 18:50:59','2025-01-06 18:50:59'),(29,'default','logout',1,'App\\User',NULL,1,1,'App\\User','[]',NULL,'2025-01-06 20:04:39','2025-01-06 20:04:39'),(30,'default','login',3,'App\\User',NULL,3,3,'App\\User','[]',NULL,'2025-01-06 20:04:44','2025-01-06 20:04:44'),(31,'default','login',1,'App\\User',NULL,1,1,'App\\User','[]',NULL,'2025-01-07 16:38:20','2025-01-07 16:38:20'),(32,'default','login',1,'App\\User',NULL,1,1,'App\\User','[]',NULL,'2025-01-08 12:28:05','2025-01-08 12:28:05'),(33,'default','login',1,'App\\User',NULL,1,1,'App\\User','[]',NULL,'2025-01-09 15:37:47','2025-01-09 15:37:47'),(34,'default','login',1,'App\\User',NULL,1,1,'App\\User','[]',NULL,'2025-01-10 23:17:56','2025-01-10 23:17:56'),(35,'default','added',1,'App\\Transaction',NULL,1,1,'App\\User','{\"attributes\":{\"type\":\"sell\",\"status\":\"final\",\"payment_status\":\"paid\",\"final_total\":125}}',NULL,'2025-01-13 15:20:40','2025-01-13 15:20:40'),(36,'default','login',1,'App\\User',NULL,1,1,'App\\User','[]',NULL,'2025-01-13 19:27:42','2025-01-13 19:27:42'),(37,'default','added',2,'App\\Transaction',NULL,1,1,'App\\User','{\"attributes\":{\"type\":\"sell\",\"status\":\"draft\",\"final_total\":556.25}}',NULL,'2025-01-13 19:35:36','2025-01-13 19:35:36'),(38,'default','edited',1,'App\\Transaction',NULL,1,1,'App\\User','{\"attributes\":{\"type\":\"sell\",\"status\":\"final\",\"payment_status\":\"paid\",\"final_total\":125},\"old\":{\"type\":\"sell\",\"status\":\"final\",\"payment_status\":\"paid\",\"final_total\":\"125.0000\"}}',NULL,'2025-01-13 19:37:01','2025-01-13 19:37:01'),(39,'default','added',3,'App\\Transaction',NULL,1,1,'App\\User','{\"attributes\":{\"type\":\"sell\",\"status\":\"final\",\"payment_status\":\"paid\",\"final_total\":625}}',NULL,'2025-01-13 19:37:54','2025-01-13 19:37:54'),(40,'default','login',1,'App\\User',NULL,1,1,'App\\User','[]',NULL,'2025-01-14 22:11:25','2025-01-14 22:11:25'),(41,'default','login',1,'App\\User',NULL,1,1,'App\\User','[]',NULL,'2025-01-15 21:05:43','2025-01-15 21:05:43'),(42,'default','login',1,'App\\User',NULL,1,1,'App\\User','[]',NULL,'2025-01-16 12:51:40','2025-01-16 12:51:40'),(43,'default','login',1,'App\\User',NULL,1,1,'App\\User','[]',NULL,'2025-01-17 12:31:08','2025-01-17 12:31:08'),(44,'default','login',1,'App\\User',NULL,1,1,'App\\User','[]',NULL,'2025-01-17 12:35:28','2025-01-17 12:35:28'),(45,'default','login',1,'App\\User',NULL,1,1,'App\\User','[]',NULL,'2025-02-04 19:07:08','2025-02-04 19:07:08');

--
-- Table structure for table `barcodes`
--

CREATE TABLE `barcodes` (
  `id` int unsigned NOT NULL AUTO_INCREMENT,
  `name` varchar(191) CHARACTER SET utf8mb4 COLLATE utf8mb4_unicode_ci NOT NULL,
  `description` text CHARACTER SET utf8mb4 COLLATE utf8mb4_unicode_ci,
  `width` double(22,4) DEFAULT NULL,
  `height` double(22,4) DEFAULT NULL,
  `paper_width` double(22,4) DEFAULT NULL,
  `paper_height` double(22,4) DEFAULT NULL,
  `top_margin` double(22,4) DEFAULT NULL,
  `left_margin` double(22,4) DEFAULT NULL,
  `row_distance` double(22,4) DEFAULT NULL,
  `col_distance` double(22,4) DEFAULT NULL,
  `stickers_in_one_row` int DEFAULT NULL,
  `is_default` tinyint(1) NOT NULL DEFAULT '0',
  `is_continuous` tinyint(1) NOT NULL DEFAULT '0',
  `stickers_in_one_sheet` int DEFAULT NULL,
  `business_id` int unsigned DEFAULT NULL,
  `created_at` timestamp NULL DEFAULT NULL,
  `updated_at` timestamp NULL DEFAULT NULL,
  PRIMARY KEY (`id`),
  KEY `barcodes_business_id_foreign` (`business_id`),
  CONSTRAINT `barcodes_business_id_foreign` FOREIGN KEY (`business_id`) REFERENCES `business` (`id`) ON DELETE CASCADE
) ENGINE=InnoDB AUTO_INCREMENT=7 DEFAULT CHARSET=utf8mb4 COLLATE=utf8mb4_unicode_ci;

--
-- Dumping data for table `barcodes`
--

INSERT INTO `barcodes` VALUES (1,'20 Labels per Sheet','Sheet Size: 8.5\" x 11\", Label Size: 4\" x 1\", Labels per sheet: 20',4.0000,1.0000,8.5000,11.0000,0.5000,0.1250,0.0000,0.1875,2,0,0,20,NULL,'2017-12-18 06:13:44','2017-12-18 06:13:44'),(2,'30 Labels per sheet','Sheet Size: 8.5\" x 11\", Label Size: 2.625\" x 1\", Labels per sheet: 30',2.6250,1.0000,8.5000,11.0000,0.5000,0.1880,0.0000,0.1250,3,0,0,30,NULL,'2017-12-18 06:04:39','2017-12-18 06:10:40'),(3,'32 Labels per sheet','Sheet Size: 8.5\" x 11\", Label Size: 2\" x 1.25\", Labels per sheet: 32',2.0000,1.2500,8.5000,11.0000,0.5000,0.2500,0.0000,0.0000,4,0,0,32,NULL,'2017-12-18 05:55:40','2017-12-18 05:55:40'),(4,'40 Labels per sheet','Sheet Size: 8.5\" x 11\", Label Size: 2\" x 1\", Labels per sheet: 40',2.0000,1.0000,8.5000,11.0000,0.5000,0.2500,0.0000,0.0000,4,0,0,40,NULL,'2017-12-18 05:58:40','2017-12-18 05:58:40'),(5,'50 Labels per Sheet','Sheet Size: 8.5\" x 11\", Label Size: 1.5\" x 1\", Labels per sheet: 50',1.5000,1.0000,8.5000,11.0000,0.5000,0.5000,0.0000,0.0000,5,0,0,50,NULL,'2017-12-18 05:51:10','2017-12-18 05:51:10'),(6,'Continuous Rolls - 31.75mm x 25.4mm','Label Size: 31.75mm x 25.4mm, Gap: 3.18mm',1.2500,1.0000,1.2500,0.0000,0.1250,0.0000,0.1250,0.0000,1,0,1,NULL,NULL,'2017-12-18 05:51:10','2017-12-18 05:51:10');

--
-- Table structure for table `bookings`
--

CREATE TABLE `bookings` (
  `id` int unsigned NOT NULL AUTO_INCREMENT,
  `contact_id` int unsigned NOT NULL,
  `waiter_id` int unsigned DEFAULT NULL,
  `table_id` int unsigned DEFAULT NULL,
  `correspondent_id` int DEFAULT NULL,
  `business_id` int unsigned NOT NULL,
  `location_id` int unsigned NOT NULL,
  `booking_start` datetime NOT NULL,
  `booking_end` datetime NOT NULL,
  `created_by` int unsigned NOT NULL,
  `booking_status` varchar(191) CHARACTER SET utf8mb4 COLLATE utf8mb4_unicode_ci NOT NULL,
  `booking_note` text CHARACTER SET utf8mb4 COLLATE utf8mb4_unicode_ci,
  `created_at` timestamp NULL DEFAULT NULL,
  `updated_at` timestamp NULL DEFAULT NULL,
  PRIMARY KEY (`id`),
  KEY `bookings_contact_id_foreign` (`contact_id`),
  KEY `bookings_business_id_foreign` (`business_id`),
  KEY `bookings_created_by_foreign` (`created_by`),
  KEY `bookings_table_id_index` (`table_id`),
  KEY `bookings_waiter_id_index` (`waiter_id`),
  KEY `bookings_location_id_index` (`location_id`),
  KEY `bookings_booking_status_index` (`booking_status`),
  KEY `bookings_correspondent_id_index` (`correspondent_id`),
  CONSTRAINT `bookings_business_id_foreign` FOREIGN KEY (`business_id`) REFERENCES `business` (`id`) ON DELETE CASCADE,
  CONSTRAINT `bookings_contact_id_foreign` FOREIGN KEY (`contact_id`) REFERENCES `contacts` (`id`) ON DELETE CASCADE,
  CONSTRAINT `bookings_created_by_foreign` FOREIGN KEY (`created_by`) REFERENCES `users` (`id`) ON DELETE CASCADE
) ENGINE=InnoDB DEFAULT CHARSET=utf8mb4 COLLATE=utf8mb4_unicode_ci;

--
-- Dumping data for table `bookings`
--


--
-- Table structure for table `brands`
--

CREATE TABLE `brands` (
  `id` int unsigned NOT NULL AUTO_INCREMENT,
  `business_id` int unsigned NOT NULL,
  `name` varchar(191) CHARACTER SET utf8mb4 COLLATE utf8mb4_unicode_ci NOT NULL,
  `description` text CHARACTER SET utf8mb4 COLLATE utf8mb4_unicode_ci,
  `created_by` int unsigned NOT NULL,
  `deleted_at` timestamp NULL DEFAULT NULL,
  `created_at` timestamp NULL DEFAULT NULL,
  `updated_at` timestamp NULL DEFAULT NULL,
  PRIMARY KEY (`id`),
  KEY `brands_business_id_foreign` (`business_id`),
  KEY `brands_created_by_foreign` (`created_by`),
  CONSTRAINT `brands_business_id_foreign` FOREIGN KEY (`business_id`) REFERENCES `business` (`id`) ON DELETE CASCADE,
  CONSTRAINT `brands_created_by_foreign` FOREIGN KEY (`created_by`) REFERENCES `users` (`id`) ON DELETE CASCADE
) ENGINE=InnoDB AUTO_INCREMENT=2 DEFAULT CHARSET=utf8mb4 COLLATE=utf8mb4_unicode_ci;

--
-- Dumping data for table `brands`
--

INSERT INTO `brands` VALUES (1,1,'ANC',NULL,1,NULL,'2025-01-13 15:09:54','2025-01-13 15:09:54');

--
-- Table structure for table `business`
--

CREATE TABLE `business` (
  `id` int unsigned NOT NULL AUTO_INCREMENT,
  `name` varchar(191) CHARACTER SET utf8mb4 COLLATE utf8mb4_unicode_ci NOT NULL,
  `currency_id` int unsigned NOT NULL,
  `start_date` date DEFAULT NULL,
  `tax_number_1` varchar(100) CHARACTER SET utf8mb4 COLLATE utf8mb4_unicode_ci DEFAULT NULL,
  `tax_label_1` varchar(10) CHARACTER SET utf8mb4 COLLATE utf8mb4_unicode_ci DEFAULT NULL,
  `tax_number_2` varchar(100) CHARACTER SET utf8mb4 COLLATE utf8mb4_unicode_ci DEFAULT NULL,
  `tax_label_2` varchar(10) CHARACTER SET utf8mb4 COLLATE utf8mb4_unicode_ci DEFAULT NULL,
  `code_label_1` varchar(191) CHARACTER SET utf8mb4 COLLATE utf8mb4_unicode_ci DEFAULT NULL,
  `code_1` varchar(191) CHARACTER SET utf8mb4 COLLATE utf8mb4_unicode_ci DEFAULT NULL,
  `code_label_2` varchar(191) CHARACTER SET utf8mb4 COLLATE utf8mb4_unicode_ci DEFAULT NULL,
  `code_2` varchar(191) CHARACTER SET utf8mb4 COLLATE utf8mb4_unicode_ci DEFAULT NULL,
  `default_sales_tax` int unsigned DEFAULT NULL,
  `default_profit_percent` double(5,2) NOT NULL DEFAULT '0.00',
  `owner_id` int unsigned NOT NULL,
  `time_zone` varchar(191) CHARACTER SET utf8mb4 COLLATE utf8mb4_unicode_ci NOT NULL DEFAULT 'Asia/Kolkata',
  `fy_start_month` tinyint NOT NULL DEFAULT '1',
  `accounting_method` enum('fifo','lifo','avco') CHARACTER SET utf8mb4 COLLATE utf8mb4_unicode_ci NOT NULL DEFAULT 'fifo',
  `default_sales_discount` decimal(5,2) DEFAULT NULL,
  `sell_price_tax` enum('includes','excludes') CHARACTER SET utf8mb4 COLLATE utf8mb4_unicode_ci NOT NULL DEFAULT 'includes',
  `logo` varchar(191) CHARACTER SET utf8mb4 COLLATE utf8mb4_unicode_ci DEFAULT NULL,
  `sku_prefix` varchar(191) CHARACTER SET utf8mb4 COLLATE utf8mb4_unicode_ci DEFAULT NULL,
  `enable_product_expiry` tinyint(1) NOT NULL DEFAULT '0',
  `expiry_type` enum('add_expiry','add_manufacturing') CHARACTER SET utf8mb4 COLLATE utf8mb4_unicode_ci NOT NULL DEFAULT 'add_expiry',
  `on_product_expiry` enum('keep_selling','stop_selling','auto_delete') CHARACTER SET utf8mb4 COLLATE utf8mb4_unicode_ci NOT NULL DEFAULT 'keep_selling',
  `stop_selling_before` int NOT NULL COMMENT 'Stop selling expied item n days before expiry',
  `enable_tooltip` tinyint(1) NOT NULL DEFAULT '1',
  `purchase_in_diff_currency` tinyint(1) NOT NULL DEFAULT '0' COMMENT 'Allow purchase to be in different currency then the business currency',
  `purchase_currency_id` int unsigned DEFAULT NULL,
  `p_exchange_rate` decimal(20,3) NOT NULL DEFAULT '1.000',
  `transaction_edit_days` int unsigned NOT NULL DEFAULT '30',
  `stock_expiry_alert_days` int unsigned NOT NULL DEFAULT '30',
  `keyboard_shortcuts` text CHARACTER SET utf8mb4 COLLATE utf8mb4_unicode_ci,
  `pos_settings` text CHARACTER SET utf8mb4 COLLATE utf8mb4_unicode_ci,
  `manufacturing_settings` text COLLATE utf8mb4_unicode_ci,
  `essentials_settings` longtext CHARACTER SET utf8mb4 COLLATE utf8mb4_unicode_ci,
  `weighing_scale_setting` text CHARACTER SET utf8mb4 COLLATE utf8mb4_unicode_ci NOT NULL COMMENT 'used to store the configuration of weighing scale',
  `enable_brand` tinyint(1) NOT NULL DEFAULT '1',
  `enable_category` tinyint(1) NOT NULL DEFAULT '1',
  `enable_sub_category` tinyint(1) NOT NULL DEFAULT '1',
  `enable_price_tax` tinyint(1) NOT NULL DEFAULT '1',
  `enable_purchase_status` tinyint(1) DEFAULT '1',
  `enable_lot_number` tinyint(1) NOT NULL DEFAULT '0',
  `default_unit` int DEFAULT NULL,
  `enable_sub_units` tinyint(1) NOT NULL DEFAULT '0',
  `enable_racks` tinyint(1) NOT NULL DEFAULT '0',
  `enable_row` tinyint(1) NOT NULL DEFAULT '0',
  `enable_position` tinyint(1) NOT NULL DEFAULT '0',
  `enable_editing_product_from_purchase` tinyint(1) NOT NULL DEFAULT '1',
  `sales_cmsn_agnt` enum('logged_in_user','user','cmsn_agnt') CHARACTER SET utf8mb4 COLLATE utf8mb4_unicode_ci DEFAULT NULL,
  `item_addition_method` tinyint(1) NOT NULL DEFAULT '1',
  `enable_inline_tax` tinyint(1) NOT NULL DEFAULT '1',
  `currency_symbol_placement` enum('before','after') CHARACTER SET utf8mb4 COLLATE utf8mb4_unicode_ci NOT NULL DEFAULT 'before',
  `enabled_modules` text CHARACTER SET utf8mb4 COLLATE utf8mb4_unicode_ci,
  `date_format` varchar(191) CHARACTER SET utf8mb4 COLLATE utf8mb4_unicode_ci NOT NULL DEFAULT 'm/d/Y',
  `time_format` enum('12','24') CHARACTER SET utf8mb4 COLLATE utf8mb4_unicode_ci NOT NULL DEFAULT '24',
  `currency_precision` tinyint NOT NULL DEFAULT '2',
  `quantity_precision` tinyint NOT NULL DEFAULT '2',
  `ref_no_prefixes` text CHARACTER SET utf8mb4 COLLATE utf8mb4_unicode_ci,
  `theme_color` char(20) CHARACTER SET utf8mb4 COLLATE utf8mb4_unicode_ci DEFAULT NULL,
  `created_by` int DEFAULT NULL,
  `accounting_settings` text COLLATE utf8mb4_unicode_ci,
  `enable_rp` tinyint(1) NOT NULL DEFAULT '0' COMMENT 'rp is the short form of reward points',
  `rp_name` varchar(191) CHARACTER SET utf8mb4 COLLATE utf8mb4_unicode_ci DEFAULT NULL COMMENT 'rp is the short form of reward points',
  `amount_for_unit_rp` decimal(22,4) NOT NULL DEFAULT '1.0000' COMMENT 'rp is the short form of reward points',
  `min_order_total_for_rp` decimal(22,4) NOT NULL DEFAULT '1.0000' COMMENT 'rp is the short form of reward points',
  `max_rp_per_order` int DEFAULT NULL COMMENT 'rp is the short form of reward points',
  `redeem_amount_per_unit_rp` decimal(22,4) NOT NULL DEFAULT '1.0000' COMMENT 'rp is the short form of reward points',
  `min_order_total_for_redeem` decimal(22,4) NOT NULL DEFAULT '1.0000' COMMENT 'rp is the short form of reward points',
  `min_redeem_point` int DEFAULT NULL COMMENT 'rp is the short form of reward points',
  `max_redeem_point` int DEFAULT NULL COMMENT 'rp is the short form of reward points',
  `rp_expiry_period` int DEFAULT NULL COMMENT 'rp is the short form of reward points',
  `rp_expiry_type` enum('month','year') CHARACTER SET utf8mb4 COLLATE utf8mb4_unicode_ci NOT NULL DEFAULT 'year' COMMENT 'rp is the short form of reward points',
  `email_settings` text CHARACTER SET utf8mb4 COLLATE utf8mb4_unicode_ci,
  `sms_settings` text CHARACTER SET utf8mb4 COLLATE utf8mb4_unicode_ci,
  `custom_labels` text CHARACTER SET utf8mb4 COLLATE utf8mb4_unicode_ci,
  `common_settings` text CHARACTER SET utf8mb4 COLLATE utf8mb4_unicode_ci,
  `is_active` tinyint(1) NOT NULL DEFAULT '1',
  `created_at` timestamp NULL DEFAULT NULL,
  `updated_at` timestamp NULL DEFAULT NULL,
  PRIMARY KEY (`id`),
  KEY `business_owner_id_foreign` (`owner_id`),
  KEY `business_currency_id_foreign` (`currency_id`),
  KEY `business_default_sales_tax_foreign` (`default_sales_tax`),
  CONSTRAINT `business_currency_id_foreign` FOREIGN KEY (`currency_id`) REFERENCES `currencies` (`id`),
  CONSTRAINT `business_default_sales_tax_foreign` FOREIGN KEY (`default_sales_tax`) REFERENCES `tax_rates` (`id`),
  CONSTRAINT `business_owner_id_foreign` FOREIGN KEY (`owner_id`) REFERENCES `users` (`id`) ON DELETE CASCADE
) ENGINE=InnoDB AUTO_INCREMENT=4 DEFAULT CHARSET=utf8mb4 COLLATE=utf8mb4_unicode_ci;

--
-- Dumping data for table `business`
--

INSERT INTO `business` VALUES (1,'Pulse',101,'2024-10-16',NULL,NULL,NULL,NULL,NULL,NULL,NULL,NULL,NULL,25.00,1,'Asia/Kolkata',1,'fifo',0.00,'includes','1729102389_1000_F_357900226_3EaELQC3LdKpW6993bN9Tn0kpvxdkVdd.jpg',NULL,0,'add_expiry','keep_selling',0,1,0,NULL,1.000,30,30,'{\"pos\":{\"express_checkout\":\"shift+e\",\"pay_n_ckeckout\":\"shift+p\",\"draft\":\"shift+d\",\"cancel\":\"shift+c\",\"recent_product_quantity\":\"f2\",\"weighing_scale\":null,\"edit_discount\":\"shift+i\",\"edit_order_tax\":\"shift+t\",\"add_payment_row\":\"shift+r\",\"finalize_payment\":\"shift+f\",\"add_new_product\":\"f4\"}}','{\"amount_rounding_method\":null,\"cmmsn_calculation_type\":\"invoice_value\",\"razor_pay_key_id\":null,\"razor_pay_key_secret\":null,\"stripe_public_key\":null,\"stripe_secret_key\":null,\"cash_denominations\":null,\"enable_cash_denomination_on\":\"pos_screen\",\"disable_pay_checkout\":0,\"disable_draft\":0,\"disable_express_checkout\":0,\"hide_product_suggestion\":0,\"hide_recent_trans\":0,\"disable_discount\":0,\"disable_order_tax\":0,\"is_pos_subtotal_editable\":0}',NULL,NULL,'{\"label_prefix\":null,\"product_sku_length\":\"4\",\"qty_length\":\"3\",\"qty_length_decimal\":\"2\"}',1,1,1,1,1,0,NULL,0,0,0,0,1,NULL,1,0,'before','[\"purchases\",\"add_sale\",\"pos_sale\",\"stock_transfers\",\"stock_adjustment\",\"expenses\",\"account\",\"tables\",\"modifiers\",\"service_staff\",\"booking\",\"kitchen\",\"subscription\",\"types_of_service\"]','m/d/Y','24',2,2,'{\"purchase\":\"PO\",\"purchase_return\":null,\"purchase_requisition\":null,\"purchase_order\":null,\"stock_transfer\":\"ST\",\"stock_adjustment\":\"SA\",\"sell_return\":\"CN\",\"expense\":\"EP\",\"contacts\":\"CO\",\"purchase_payment\":\"PP\",\"sell_payment\":\"SP\",\"expense_payment\":null,\"business_location\":\"BL\",\"username\":null,\"subscription\":null,\"draft\":null,\"sales_order\":null}','black',NULL,NULL,0,NULL,1.0000,1.0000,NULL,1.0000,1.0000,NULL,NULL,NULL,'year','{\"mail_driver\":\"smtp\",\"mail_host\":null,\"mail_port\":null,\"mail_username\":null,\"mail_password\":null,\"mail_encryption\":null,\"mail_from_address\":null,\"mail_from_name\":null}','{\"sms_service\":\"other\",\"nexmo_key\":null,\"nexmo_secret\":null,\"nexmo_from\":null,\"twilio_sid\":null,\"twilio_token\":null,\"twilio_from\":null,\"url\":null,\"send_to_param_name\":\"to\",\"msg_param_name\":\"text\",\"request_method\":\"post\",\"header_1\":null,\"header_val_1\":null,\"header_2\":null,\"header_val_2\":null,\"header_3\":null,\"header_val_3\":null,\"param_1\":null,\"param_val_1\":null,\"param_2\":null,\"param_val_2\":null,\"param_3\":null,\"param_val_3\":null,\"param_4\":null,\"param_val_4\":null,\"param_5\":null,\"param_val_5\":null,\"param_6\":null,\"param_val_6\":null,\"param_7\":null,\"param_val_7\":null,\"param_8\":null,\"param_val_8\":null,\"param_9\":null,\"param_val_9\":null,\"param_10\":null,\"param_val_10\":null}','{\"payments\":{\"custom_pay_1\":null,\"custom_pay_2\":null,\"custom_pay_3\":null,\"custom_pay_4\":null,\"custom_pay_5\":null,\"custom_pay_6\":null,\"custom_pay_7\":null},\"contact\":{\"custom_field_1\":null,\"custom_field_2\":null,\"custom_field_3\":null,\"custom_field_4\":null,\"custom_field_5\":null,\"custom_field_6\":null,\"custom_field_7\":null,\"custom_field_8\":null,\"custom_field_9\":null,\"custom_field_10\":null},\"product\":{\"custom_field_1\":null,\"custom_field_2\":null,\"custom_field_3\":null,\"custom_field_4\":null,\"custom_field_5\":null,\"custom_field_6\":null,\"custom_field_7\":null,\"custom_field_8\":null,\"custom_field_9\":null,\"custom_field_10\":null,\"custom_field_11\":null,\"custom_field_12\":null,\"custom_field_13\":null,\"custom_field_14\":null,\"custom_field_15\":null,\"custom_field_16\":null,\"custom_field_17\":null,\"custom_field_18\":null,\"custom_field_19\":null,\"custom_field_20\":null},\"product_cf_details\":{\"1\":{\"type\":null,\"dropdown_options\":null},\"2\":{\"type\":null,\"dropdown_options\":null},\"3\":{\"type\":null,\"dropdown_options\":null},\"4\":{\"type\":null,\"dropdown_options\":null},\"5\":{\"type\":null,\"dropdown_options\":null},\"6\":{\"type\":null,\"dropdown_options\":null},\"7\":{\"type\":null,\"dropdown_options\":null},\"8\":{\"type\":null,\"dropdown_options\":null},\"9\":{\"type\":null,\"dropdown_options\":null},\"10\":{\"type\":null,\"dropdown_options\":null},\"11\":{\"type\":null,\"dropdown_options\":null},\"12\":{\"type\":null,\"dropdown_options\":null},\"13\":{\"type\":null,\"dropdown_options\":null},\"14\":{\"type\":null,\"dropdown_options\":null},\"15\":{\"type\":null,\"dropdown_options\":null},\"16\":{\"type\":null,\"dropdown_options\":null},\"17\":{\"type\":null,\"dropdown_options\":null},\"18\":{\"type\":null,\"dropdown_options\":null},\"19\":{\"type\":null,\"dropdown_options\":null},\"20\":{\"type\":null,\"dropdown_options\":null}},\"location\":{\"custom_field_1\":null,\"custom_field_2\":null,\"custom_field_3\":null,\"custom_field_4\":null},\"user\":{\"custom_field_1\":null,\"custom_field_2\":null,\"custom_field_3\":null,\"custom_field_4\":null},\"purchase\":{\"custom_field_1\":null,\"custom_field_2\":null,\"custom_field_3\":null,\"custom_field_4\":null},\"purchase_shipping\":{\"custom_field_1\":null,\"custom_field_2\":null,\"custom_field_3\":null,\"custom_field_4\":null,\"custom_field_5\":null},\"sell\":{\"custom_field_1\":null,\"custom_field_2\":null,\"custom_field_3\":null,\"custom_field_4\":null},\"shipping\":{\"custom_field_1\":null,\"custom_field_2\":null,\"custom_field_3\":null,\"custom_field_4\":null,\"custom_field_5\":null},\"types_of_service\":{\"custom_field_1\":null,\"custom_field_2\":null,\"custom_field_3\":null,\"custom_field_4\":null,\"custom_field_5\":null,\"custom_field_6\":null}}','{\"default_credit_limit\":null,\"default_datatable_page_entries\":\"25\"}',1,'2024-10-16 23:43:09','2025-01-07 19:27:41'),(2,'Kashif Mehmood',1,'2024-10-16',NULL,NULL,NULL,NULL,NULL,NULL,NULL,NULL,NULL,25.00,2,'Asia/Kolkata',1,'fifo',NULL,'includes',NULL,NULL,0,'add_expiry','keep_selling',0,1,0,NULL,1.000,30,30,'{\"pos\":{\"express_checkout\":\"shift+e\",\"pay_n_ckeckout\":\"shift+p\",\"draft\":\"shift+d\",\"cancel\":\"shift+c\",\"edit_discount\":\"shift+i\",\"edit_order_tax\":\"shift+t\",\"add_payment_row\":\"shift+r\",\"finalize_payment\":\"shift+f\",\"recent_product_quantity\":\"f2\",\"add_new_product\":\"f4\"}}',NULL,NULL,NULL,'',1,1,1,1,1,0,NULL,0,0,0,0,1,NULL,1,0,'before','[\"purchases\",\"add_sale\",\"pos_sale\",\"stock_transfers\",\"stock_adjustment\",\"expenses\"]','m/d/Y','24',2,2,'{\"purchase\":\"PO\",\"stock_transfer\":\"ST\",\"stock_adjustment\":\"SA\",\"sell_return\":\"CN\",\"expense\":\"EP\",\"contacts\":\"CO\",\"purchase_payment\":\"PP\",\"sell_payment\":\"SP\",\"business_location\":\"BL\"}',NULL,NULL,NULL,0,NULL,1.0000,1.0000,NULL,1.0000,1.0000,NULL,NULL,NULL,'year',NULL,NULL,NULL,NULL,0,'2024-10-16 23:54:01','2024-12-31 13:09:01'),(3,'New business',101,NULL,NULL,NULL,NULL,NULL,NULL,NULL,NULL,NULL,NULL,25.00,3,'Asia/Kolkata',1,'fifo',NULL,'includes',NULL,NULL,0,'add_expiry','keep_selling',0,1,0,NULL,1.000,30,30,'{\"pos\":{\"express_checkout\":\"shift+e\",\"pay_n_ckeckout\":\"shift+p\",\"draft\":\"shift+d\",\"cancel\":\"shift+c\",\"edit_discount\":\"shift+i\",\"edit_order_tax\":\"shift+t\",\"add_payment_row\":\"shift+r\",\"finalize_payment\":\"shift+f\",\"recent_product_quantity\":\"f2\",\"add_new_product\":\"f4\"}}',NULL,NULL,NULL,'',1,1,1,1,1,0,NULL,0,0,0,0,1,NULL,1,0,'before','[\"purchases\",\"add_sale\",\"pos_sale\",\"stock_transfers\",\"stock_adjustment\",\"expenses\"]','m/d/Y','24',2,2,'{\"purchase\":\"PO\",\"stock_transfer\":\"ST\",\"stock_adjustment\":\"SA\",\"sell_return\":\"CN\",\"expense\":\"EP\",\"contacts\":\"CO\",\"purchase_payment\":\"PP\",\"sell_payment\":\"SP\",\"business_location\":\"BL\"}',NULL,1,NULL,0,NULL,1.0000,1.0000,NULL,1.0000,1.0000,NULL,NULL,NULL,'year',NULL,NULL,NULL,NULL,1,'2025-01-06 20:01:31','2025-01-06 20:01:31');

--
-- Table structure for table `business_locations`
--

CREATE TABLE `business_locations` (
  `id` int unsigned NOT NULL AUTO_INCREMENT,
  `business_id` int unsigned NOT NULL,
  `location_id` varchar(191) CHARACTER SET utf8mb4 COLLATE utf8mb4_unicode_ci DEFAULT NULL,
  `name` varchar(256) CHARACTER SET utf8mb4 COLLATE utf8mb4_unicode_ci NOT NULL,
  `landmark` text CHARACTER SET utf8mb4 COLLATE utf8mb4_unicode_ci,
  `country` varchar(100) CHARACTER SET utf8mb4 COLLATE utf8mb4_unicode_ci NOT NULL,
  `state` varchar(100) CHARACTER SET utf8mb4 COLLATE utf8mb4_unicode_ci NOT NULL,
  `city` varchar(100) CHARACTER SET utf8mb4 COLLATE utf8mb4_unicode_ci NOT NULL,
  `zip_code` char(7) CHARACTER SET utf8mb4 COLLATE utf8mb4_unicode_ci NOT NULL,
  `invoice_scheme_id` int unsigned NOT NULL,
  `sale_invoice_scheme_id` int DEFAULT NULL,
  `invoice_layout_id` int unsigned NOT NULL,
  `sale_invoice_layout_id` int DEFAULT NULL,
  `selling_price_group_id` int DEFAULT NULL,
  `print_receipt_on_invoice` tinyint(1) DEFAULT '1',
  `receipt_printer_type` enum('browser','printer') CHARACTER SET utf8mb4 COLLATE utf8mb4_unicode_ci NOT NULL DEFAULT 'browser',
  `printer_id` int DEFAULT NULL,
  `mobile` varchar(191) CHARACTER SET utf8mb4 COLLATE utf8mb4_unicode_ci DEFAULT NULL,
  `alternate_number` varchar(191) CHARACTER SET utf8mb4 COLLATE utf8mb4_unicode_ci DEFAULT NULL,
  `email` varchar(191) CHARACTER SET utf8mb4 COLLATE utf8mb4_unicode_ci DEFAULT NULL,
  `website` varchar(191) CHARACTER SET utf8mb4 COLLATE utf8mb4_unicode_ci DEFAULT NULL,
  `featured_products` text CHARACTER SET utf8mb4 COLLATE utf8mb4_unicode_ci,
  `is_active` tinyint(1) NOT NULL DEFAULT '1',
  `default_payment_accounts` text CHARACTER SET utf8mb4 COLLATE utf8mb4_unicode_ci,
  `custom_field1` varchar(191) CHARACTER SET utf8mb4 COLLATE utf8mb4_unicode_ci DEFAULT NULL,
  `custom_field2` varchar(191) CHARACTER SET utf8mb4 COLLATE utf8mb4_unicode_ci DEFAULT NULL,
  `custom_field3` varchar(191) CHARACTER SET utf8mb4 COLLATE utf8mb4_unicode_ci DEFAULT NULL,
  `custom_field4` varchar(191) CHARACTER SET utf8mb4 COLLATE utf8mb4_unicode_ci DEFAULT NULL,
  `accounting_default_map` text COLLATE utf8mb4_unicode_ci COMMENT 'Default transactions mapping of accounting module',
  `deleted_at` timestamp NULL DEFAULT NULL,
  `created_at` timestamp NULL DEFAULT NULL,
  `updated_at` timestamp NULL DEFAULT NULL,
  PRIMARY KEY (`id`),
  KEY `business_locations_business_id_index` (`business_id`),
  KEY `business_locations_invoice_scheme_id_foreign` (`invoice_scheme_id`),
  KEY `business_locations_invoice_layout_id_foreign` (`invoice_layout_id`),
  KEY `business_locations_sale_invoice_layout_id_index` (`sale_invoice_layout_id`),
  KEY `business_locations_selling_price_group_id_index` (`selling_price_group_id`),
  KEY `business_locations_receipt_printer_type_index` (`receipt_printer_type`),
  KEY `business_locations_printer_id_index` (`printer_id`),
  CONSTRAINT `business_locations_business_id_foreign` FOREIGN KEY (`business_id`) REFERENCES `business` (`id`) ON DELETE CASCADE,
  CONSTRAINT `business_locations_invoice_layout_id_foreign` FOREIGN KEY (`invoice_layout_id`) REFERENCES `invoice_layouts` (`id`) ON DELETE CASCADE,
  CONSTRAINT `business_locations_invoice_scheme_id_foreign` FOREIGN KEY (`invoice_scheme_id`) REFERENCES `invoice_schemes` (`id`) ON DELETE CASCADE
) ENGINE=InnoDB AUTO_INCREMENT=5 DEFAULT CHARSET=utf8mb4 COLLATE=utf8mb4_unicode_ci;

--
-- Dumping data for table `business_locations`
--

INSERT INTO `business_locations` VALUES (1,1,'BL0001','pulse','Karachi','Pakistan','punjab','faisalabad','380000',1,NULL,1,1,NULL,1,'browser',NULL,'03007749432','03007749432','','https://pulse.techbanq.net',NULL,1,'{\"cash\":{\"is_enabled\":1,\"account\":null},\"card\":{\"is_enabled\":1,\"account\":null},\"cheque\":{\"is_enabled\":1,\"account\":null},\"bank_transfer\":{\"is_enabled\":1,\"account\":null},\"other\":{\"is_enabled\":1,\"account\":null},\"custom_pay_1\":{\"is_enabled\":1,\"account\":null},\"custom_pay_2\":{\"is_enabled\":1,\"account\":null},\"custom_pay_3\":{\"is_enabled\":1,\"account\":null},\"custom_pay_4\":{\"is_enabled\":1,\"account\":null},\"custom_pay_5\":{\"is_enabled\":1,\"account\":null},\"custom_pay_6\":{\"is_enabled\":1,\"account\":null},\"custom_pay_7\":{\"is_enabled\":1,\"account\":null}}',NULL,NULL,NULL,NULL,NULL,NULL,'2024-10-16 23:43:09','2024-10-16 23:43:09'),(2,2,'BL0001','Kashif Mehmood','karachi','Pakistan','punjab','Faisalabad','0',2,NULL,2,2,NULL,1,'browser',NULL,'03007749150','','','',NULL,1,'{\"cash\":{\"is_enabled\":1,\"account\":null},\"card\":{\"is_enabled\":1,\"account\":null},\"cheque\":{\"is_enabled\":1,\"account\":null},\"bank_transfer\":{\"is_enabled\":1,\"account\":null},\"other\":{\"is_enabled\":1,\"account\":null},\"custom_pay_1\":{\"is_enabled\":1,\"account\":null},\"custom_pay_2\":{\"is_enabled\":1,\"account\":null},\"custom_pay_3\":{\"is_enabled\":1,\"account\":null},\"custom_pay_4\":{\"is_enabled\":1,\"account\":null},\"custom_pay_5\":{\"is_enabled\":1,\"account\":null},\"custom_pay_6\":{\"is_enabled\":1,\"account\":null},\"custom_pay_7\":{\"is_enabled\":1,\"account\":null}}',NULL,NULL,NULL,NULL,NULL,NULL,'2024-10-16 23:54:01','2024-10-16 23:54:01'),(3,1,'BL0002','test-br',NULL,'pk','pu','lhe','12345',1,1,1,1,0,1,'browser',NULL,NULL,NULL,NULL,NULL,NULL,1,'{\"cash\":{\"is_enabled\":\"1\"},\"card\":{\"is_enabled\":\"1\"},\"cheque\":{\"is_enabled\":\"1\"},\"bank_transfer\":{\"is_enabled\":\"1\"},\"other\":{\"is_enabled\":\"1\"},\"custom_pay_1\":{\"is_enabled\":\"1\"},\"custom_pay_2\":{\"is_enabled\":\"1\"},\"custom_pay_3\":{\"is_enabled\":\"1\"},\"custom_pay_4\":{\"is_enabled\":\"1\"},\"custom_pay_5\":{\"is_enabled\":\"1\"},\"custom_pay_6\":{\"is_enabled\":\"1\"},\"custom_pay_7\":{\"is_enabled\":\"1\"}}',NULL,NULL,NULL,NULL,NULL,NULL,'2024-12-25 03:18:28','2024-12-25 03:18:28'),(4,3,'BL0001','New business','Riyadh','Saudi Arabia','Riyadh','Riyadh','54000',3,NULL,3,3,NULL,1,'browser',NULL,'','','','',NULL,1,'{\"cash\":{\"is_enabled\":1,\"account\":null},\"card\":{\"is_enabled\":1,\"account\":null},\"cheque\":{\"is_enabled\":1,\"account\":null},\"bank_transfer\":{\"is_enabled\":1,\"account\":null},\"other\":{\"is_enabled\":1,\"account\":null},\"custom_pay_1\":{\"is_enabled\":1,\"account\":null},\"custom_pay_2\":{\"is_enabled\":1,\"account\":null},\"custom_pay_3\":{\"is_enabled\":1,\"account\":null},\"custom_pay_4\":{\"is_enabled\":1,\"account\":null},\"custom_pay_5\":{\"is_enabled\":1,\"account\":null},\"custom_pay_6\":{\"is_enabled\":1,\"account\":null},\"custom_pay_7\":{\"is_enabled\":1,\"account\":null}}',NULL,NULL,NULL,NULL,NULL,NULL,'2025-01-06 20:01:31','2025-01-06 20:01:31');

--
-- Table structure for table `cash_denominations`
--

CREATE TABLE `cash_denominations` (
  `id` bigint unsigned NOT NULL AUTO_INCREMENT,
  `business_id` int NOT NULL,
  `amount` decimal(22,4) NOT NULL,
  `total_count` int NOT NULL,
  `model_type` varchar(191) CHARACTER SET utf8mb4 COLLATE utf8mb4_unicode_ci NOT NULL,
  `model_id` bigint unsigned NOT NULL,
  `created_at` timestamp NULL DEFAULT NULL,
  `updated_at` timestamp NULL DEFAULT NULL,
  PRIMARY KEY (`id`),
  KEY `cash_denominations_model_type_model_id_index` (`model_type`,`model_id`)
) ENGINE=InnoDB DEFAULT CHARSET=utf8mb4 COLLATE=utf8mb4_unicode_ci;

--
-- Dumping data for table `cash_denominations`
--


--
-- Table structure for table `cash_register_transactions`
--

CREATE TABLE `cash_register_transactions` (
  `id` int unsigned NOT NULL AUTO_INCREMENT,
  `cash_register_id` int unsigned NOT NULL,
  `amount` decimal(22,4) NOT NULL DEFAULT '0.0000',
  `pay_method` varchar(191) CHARACTER SET utf8mb4 COLLATE utf8mb4_unicode_ci DEFAULT NULL,
  `type` enum('debit','credit') CHARACTER SET utf8mb4 COLLATE utf8mb4_unicode_ci NOT NULL,
  `transaction_type` varchar(191) CHARACTER SET utf8mb4 COLLATE utf8mb4_unicode_ci DEFAULT NULL,
  `transaction_id` int DEFAULT NULL,
  `created_at` timestamp NULL DEFAULT NULL,
  `updated_at` timestamp NULL DEFAULT NULL,
  PRIMARY KEY (`id`),
  KEY `cash_register_transactions_cash_register_id_foreign` (`cash_register_id`),
  KEY `cash_register_transactions_transaction_id_index` (`transaction_id`),
  KEY `cash_register_transactions_type_index` (`type`),
  KEY `cash_register_transactions_transaction_type_index` (`transaction_type`),
  CONSTRAINT `cash_register_transactions_cash_register_id_foreign` FOREIGN KEY (`cash_register_id`) REFERENCES `cash_registers` (`id`) ON DELETE CASCADE
) ENGINE=InnoDB AUTO_INCREMENT=4 DEFAULT CHARSET=utf8mb4 COLLATE=utf8mb4_unicode_ci;

--
-- Dumping data for table `cash_register_transactions`
--

INSERT INTO `cash_register_transactions` VALUES (1,1,1000.0000,'cash','credit','initial',NULL,'2024-12-20 01:22:46','2024-12-20 01:22:46'),(2,2,125.0000,'cash','credit','sell',1,'2025-01-13 15:20:40','2025-01-13 15:20:40'),(3,2,625.0000,'cash','credit','sell',3,'2025-01-13 19:37:54','2025-01-13 19:37:54');

--
-- Table structure for table `cash_registers`
--

CREATE TABLE `cash_registers` (
  `id` int unsigned NOT NULL AUTO_INCREMENT,
  `business_id` int unsigned NOT NULL,
  `location_id` int DEFAULT NULL,
  `user_id` int unsigned DEFAULT NULL,
  `status` enum('close','open') CHARACTER SET utf8mb4 COLLATE utf8mb4_unicode_ci NOT NULL DEFAULT 'open',
  `closed_at` datetime DEFAULT NULL,
  `closing_amount` decimal(22,4) NOT NULL DEFAULT '0.0000',
  `total_card_slips` int NOT NULL DEFAULT '0',
  `total_cheques` int NOT NULL DEFAULT '0',
  `denominations` text CHARACTER SET utf8mb4 COLLATE utf8mb4_unicode_ci,
  `closing_note` text CHARACTER SET utf8mb4 COLLATE utf8mb4_unicode_ci,
  `created_at` timestamp NULL DEFAULT NULL,
  `updated_at` timestamp NULL DEFAULT NULL,
  PRIMARY KEY (`id`),
  KEY `cash_registers_business_id_foreign` (`business_id`),
  KEY `cash_registers_user_id_foreign` (`user_id`),
  KEY `cash_registers_location_id_index` (`location_id`),
  CONSTRAINT `cash_registers_business_id_foreign` FOREIGN KEY (`business_id`) REFERENCES `business` (`id`) ON DELETE CASCADE,
  CONSTRAINT `cash_registers_user_id_foreign` FOREIGN KEY (`user_id`) REFERENCES `users` (`id`) ON DELETE CASCADE
) ENGINE=InnoDB AUTO_INCREMENT=3 DEFAULT CHARSET=utf8mb4 COLLATE=utf8mb4_unicode_ci;

--
-- Dumping data for table `cash_registers`
--

INSERT INTO `cash_registers` VALUES (1,2,2,2,'open',NULL,0.0000,0,0,NULL,NULL,'2024-12-20 01:22:00','2024-12-20 01:22:46'),(2,1,1,1,'open',NULL,0.0000,0,0,NULL,NULL,'2024-12-23 22:02:00','2024-12-23 22:02:19');

--
-- Table structure for table `categories`
--

CREATE TABLE `categories` (
  `id` int unsigned NOT NULL AUTO_INCREMENT,
  `name` varchar(191) CHARACTER SET utf8mb4 COLLATE utf8mb4_unicode_ci NOT NULL,
  `business_id` int unsigned NOT NULL,
  `short_code` varchar(191) CHARACTER SET utf8mb4 COLLATE utf8mb4_unicode_ci DEFAULT NULL,
  `parent_id` int NOT NULL,
  `created_by` int unsigned NOT NULL,
  `category_type` varchar(191) CHARACTER SET utf8mb4 COLLATE utf8mb4_unicode_ci DEFAULT NULL,
  `description` text CHARACTER SET utf8mb4 COLLATE utf8mb4_unicode_ci,
  `slug` varchar(191) CHARACTER SET utf8mb4 COLLATE utf8mb4_unicode_ci DEFAULT NULL,
  `deleted_at` timestamp NULL DEFAULT NULL,
  `created_at` timestamp NULL DEFAULT NULL,
  `updated_at` timestamp NULL DEFAULT NULL,
  PRIMARY KEY (`id`),
  KEY `categories_business_id_foreign` (`business_id`),
  KEY `categories_created_by_foreign` (`created_by`),
  KEY `categories_parent_id_index` (`parent_id`),
  CONSTRAINT `categories_business_id_foreign` FOREIGN KEY (`business_id`) REFERENCES `business` (`id`) ON DELETE CASCADE,
  CONSTRAINT `categories_created_by_foreign` FOREIGN KEY (`created_by`) REFERENCES `users` (`id`) ON DELETE CASCADE
) ENGINE=InnoDB DEFAULT CHARSET=utf8mb4 COLLATE=utf8mb4_unicode_ci;

--
-- Dumping data for table `categories`
--


--
-- Table structure for table `categorizables`
--

CREATE TABLE `categorizables` (
  `category_id` int NOT NULL,
  `categorizable_type` varchar(191) CHARACTER SET utf8mb4 COLLATE utf8mb4_unicode_ci NOT NULL,
  `categorizable_id` bigint unsigned NOT NULL,
  KEY `categorizables_categorizable_type_categorizable_id_index` (`categorizable_type`,`categorizable_id`)
) ENGINE=InnoDB DEFAULT CHARSET=utf8mb4 COLLATE=utf8mb4_unicode_ci;

--
-- Dumping data for table `categorizables`
--


--
-- Table structure for table `contacts`
--

CREATE TABLE `contacts` (
  `id` int unsigned NOT NULL AUTO_INCREMENT,
  `business_id` int unsigned NOT NULL,
  `type` varchar(191) CHARACTER SET utf8mb4 COLLATE utf8mb4_unicode_ci NOT NULL,
  `contact_type` varchar(191) CHARACTER SET utf8mb4 COLLATE utf8mb4_unicode_ci DEFAULT NULL,
  `supplier_business_name` varchar(191) CHARACTER SET utf8mb4 COLLATE utf8mb4_unicode_ci DEFAULT NULL,
  `name` varchar(191) CHARACTER SET utf8mb4 COLLATE utf8mb4_unicode_ci DEFAULT NULL,
  `prefix` varchar(191) CHARACTER SET utf8mb4 COLLATE utf8mb4_unicode_ci DEFAULT NULL,
  `first_name` varchar(191) CHARACTER SET utf8mb4 COLLATE utf8mb4_unicode_ci DEFAULT NULL,
  `middle_name` varchar(191) CHARACTER SET utf8mb4 COLLATE utf8mb4_unicode_ci DEFAULT NULL,
  `last_name` varchar(191) CHARACTER SET utf8mb4 COLLATE utf8mb4_unicode_ci DEFAULT NULL,
  `email` varchar(191) CHARACTER SET utf8mb4 COLLATE utf8mb4_unicode_ci DEFAULT NULL,
  `contact_id` varchar(191) CHARACTER SET utf8mb4 COLLATE utf8mb4_unicode_ci DEFAULT NULL,
  `contact_status` varchar(191) CHARACTER SET utf8mb4 COLLATE utf8mb4_unicode_ci NOT NULL DEFAULT 'active',
  `tax_number` varchar(191) CHARACTER SET utf8mb4 COLLATE utf8mb4_unicode_ci DEFAULT NULL,
  `city` varchar(191) CHARACTER SET utf8mb4 COLLATE utf8mb4_unicode_ci DEFAULT NULL,
  `state` varchar(191) CHARACTER SET utf8mb4 COLLATE utf8mb4_unicode_ci DEFAULT NULL,
  `country` varchar(191) CHARACTER SET utf8mb4 COLLATE utf8mb4_unicode_ci DEFAULT NULL,
  `address_line_1` text CHARACTER SET utf8mb4 COLLATE utf8mb4_unicode_ci,
  `address_line_2` text CHARACTER SET utf8mb4 COLLATE utf8mb4_unicode_ci,
  `zip_code` varchar(191) CHARACTER SET utf8mb4 COLLATE utf8mb4_unicode_ci DEFAULT NULL,
  `dob` date DEFAULT NULL,
  `mobile` varchar(191) CHARACTER SET utf8mb4 COLLATE utf8mb4_unicode_ci NOT NULL,
  `landline` varchar(191) CHARACTER SET utf8mb4 COLLATE utf8mb4_unicode_ci DEFAULT NULL,
  `alternate_number` varchar(191) CHARACTER SET utf8mb4 COLLATE utf8mb4_unicode_ci DEFAULT NULL,
  `pay_term_number` int DEFAULT NULL,
  `pay_term_type` enum('days','months') CHARACTER SET utf8mb4 COLLATE utf8mb4_unicode_ci DEFAULT NULL,
  `credit_limit` decimal(22,4) DEFAULT NULL,
  `created_by` int unsigned NOT NULL,
  `balance` decimal(22,4) NOT NULL DEFAULT '0.0000',
  `total_rp` int NOT NULL DEFAULT '0' COMMENT 'rp is the short form of reward points',
  `total_rp_used` int NOT NULL DEFAULT '0' COMMENT 'rp is the short form of reward points',
  `total_rp_expired` int NOT NULL DEFAULT '0' COMMENT 'rp is the short form of reward points',
  `is_default` tinyint(1) NOT NULL DEFAULT '0',
  `shipping_address` text CHARACTER SET utf8mb4 COLLATE utf8mb4_unicode_ci,
  `shipping_custom_field_details` longtext CHARACTER SET utf8mb4 COLLATE utf8mb4_unicode_ci,
  `is_export` tinyint(1) NOT NULL DEFAULT '0',
  `export_custom_field_1` varchar(191) CHARACTER SET utf8mb4 COLLATE utf8mb4_unicode_ci DEFAULT NULL,
  `export_custom_field_2` varchar(191) CHARACTER SET utf8mb4 COLLATE utf8mb4_unicode_ci DEFAULT NULL,
  `export_custom_field_3` varchar(191) CHARACTER SET utf8mb4 COLLATE utf8mb4_unicode_ci DEFAULT NULL,
  `export_custom_field_4` varchar(191) CHARACTER SET utf8mb4 COLLATE utf8mb4_unicode_ci DEFAULT NULL,
  `export_custom_field_5` varchar(191) CHARACTER SET utf8mb4 COLLATE utf8mb4_unicode_ci DEFAULT NULL,
  `export_custom_field_6` varchar(191) CHARACTER SET utf8mb4 COLLATE utf8mb4_unicode_ci DEFAULT NULL,
  `position` varchar(191) CHARACTER SET utf8mb4 COLLATE utf8mb4_unicode_ci DEFAULT NULL,
  `customer_group_id` int DEFAULT NULL,
  `custom_field1` varchar(191) CHARACTER SET utf8mb4 COLLATE utf8mb4_unicode_ci DEFAULT NULL,
  `custom_field2` varchar(191) CHARACTER SET utf8mb4 COLLATE utf8mb4_unicode_ci DEFAULT NULL,
  `custom_field3` varchar(191) CHARACTER SET utf8mb4 COLLATE utf8mb4_unicode_ci DEFAULT NULL,
  `custom_field4` varchar(191) CHARACTER SET utf8mb4 COLLATE utf8mb4_unicode_ci DEFAULT NULL,
  `custom_field5` varchar(191) CHARACTER SET utf8mb4 COLLATE utf8mb4_unicode_ci DEFAULT NULL,
  `custom_field6` varchar(191) CHARACTER SET utf8mb4 COLLATE utf8mb4_unicode_ci DEFAULT NULL,
  `custom_field7` varchar(191) CHARACTER SET utf8mb4 COLLATE utf8mb4_unicode_ci DEFAULT NULL,
  `custom_field8` varchar(191) CHARACTER SET utf8mb4 COLLATE utf8mb4_unicode_ci DEFAULT NULL,
  `custom_field9` varchar(191) CHARACTER SET utf8mb4 COLLATE utf8mb4_unicode_ci DEFAULT NULL,
  `custom_field10` varchar(191) CHARACTER SET utf8mb4 COLLATE utf8mb4_unicode_ci DEFAULT NULL,
  `deleted_at` timestamp NULL DEFAULT NULL,
  `created_at` timestamp NULL DEFAULT NULL,
  `updated_at` timestamp NULL DEFAULT NULL,
  PRIMARY KEY (`id`),
  KEY `contacts_business_id_foreign` (`business_id`),
  KEY `contacts_created_by_foreign` (`created_by`),
  KEY `contacts_type_index` (`type`),
  KEY `contacts_contact_status_index` (`contact_status`),
  CONSTRAINT `contacts_business_id_foreign` FOREIGN KEY (`business_id`) REFERENCES `business` (`id`) ON DELETE CASCADE,
  CONSTRAINT `contacts_created_by_foreign` FOREIGN KEY (`created_by`) REFERENCES `users` (`id`) ON DELETE CASCADE
) ENGINE=InnoDB AUTO_INCREMENT=4 DEFAULT CHARSET=utf8mb4 COLLATE=utf8mb4_unicode_ci;

--
-- Dumping data for table `contacts`
--

INSERT INTO `contacts` VALUES (1,1,'customer',NULL,NULL,'Walk-In Customer',NULL,NULL,NULL,NULL,NULL,'CO0001','active',NULL,NULL,NULL,NULL,NULL,NULL,NULL,NULL,'',NULL,NULL,NULL,NULL,0.0000,1,0.0000,0,0,0,1,NULL,NULL,0,NULL,NULL,NULL,NULL,NULL,NULL,NULL,NULL,NULL,NULL,NULL,NULL,NULL,NULL,NULL,NULL,NULL,NULL,NULL,'2024-10-16 23:43:09','2024-10-16 23:43:09'),(2,2,'customer',NULL,NULL,'Walk-In Customer',NULL,NULL,NULL,NULL,NULL,'CO0001','active',NULL,NULL,NULL,NULL,NULL,NULL,NULL,NULL,'',NULL,NULL,NULL,NULL,0.0000,2,0.0000,0,0,0,1,NULL,NULL,0,NULL,NULL,NULL,NULL,NULL,NULL,NULL,NULL,NULL,NULL,NULL,NULL,NULL,NULL,NULL,NULL,NULL,NULL,NULL,'2024-10-16 23:54:01','2024-10-16 23:54:01'),(3,3,'customer',NULL,NULL,'Walk-In Customer',NULL,NULL,NULL,NULL,NULL,'CO0001','active',NULL,NULL,NULL,NULL,NULL,NULL,NULL,NULL,'',NULL,NULL,NULL,NULL,0.0000,3,0.0000,0,0,0,1,NULL,NULL,0,NULL,NULL,NULL,NULL,NULL,NULL,NULL,NULL,NULL,NULL,NULL,NULL,NULL,NULL,NULL,NULL,NULL,NULL,NULL,'2025-01-06 20:01:31','2025-01-06 20:01:31');

--
-- Table structure for table `currencies`
--

CREATE TABLE `currencies` (
  `id` int unsigned NOT NULL AUTO_INCREMENT,
  `country` varchar(100) CHARACTER SET utf8mb4 COLLATE utf8mb4_unicode_ci NOT NULL,
  `currency` varchar(100) CHARACTER SET utf8mb4 COLLATE utf8mb4_unicode_ci NOT NULL,
  `code` varchar(25) CHARACTER SET utf8mb4 COLLATE utf8mb4_unicode_ci NOT NULL,
  `symbol` varchar(25) CHARACTER SET utf8mb4 COLLATE utf8mb4_unicode_ci NOT NULL,
  `thousand_separator` varchar(10) CHARACTER SET utf8mb4 COLLATE utf8mb4_unicode_ci NOT NULL,
  `decimal_separator` varchar(10) CHARACTER SET utf8mb4 COLLATE utf8mb4_unicode_ci NOT NULL,
  `created_at` timestamp NULL DEFAULT NULL,
  `updated_at` timestamp NULL DEFAULT NULL,
  PRIMARY KEY (`id`)
) ENGINE=InnoDB AUTO_INCREMENT=142 DEFAULT CHARSET=utf8mb4 COLLATE=utf8mb4_unicode_ci;

--
-- Dumping data for table `currencies`
--

INSERT INTO `currencies` VALUES (1,'Albania','Leke','ALL','Lek',',','.',NULL,NULL),(2,'America','Dollars','USD','$',',','.',NULL,NULL),(3,'Afghanistan','Afghanis','AF','؋',',','.',NULL,NULL),(4,'Argentina','Pesos','ARS','$',',','.',NULL,NULL),(5,'Aruba','Guilders','AWG','ƒ',',','.',NULL,NULL),(6,'Australia','Dollars','AUD','$',',','.',NULL,NULL),(7,'Azerbaijan','New Manats','AZ','ман',',','.',NULL,NULL),(8,'Bahamas','Dollars','BSD','$',',','.',NULL,NULL),(9,'Barbados','Dollars','BBD','$',',','.',NULL,NULL),(10,'Belarus','Rubles','BYR','p.',',','.',NULL,NULL),(11,'Belgium','Euro','EUR','€',',','.',NULL,NULL),(12,'Beliz','Dollars','BZD','BZ$',',','.',NULL,NULL),(13,'Bermuda','Dollars','BMD','$',',','.',NULL,NULL),(14,'Bolivia','Bolivianos','BOB','$b',',','.',NULL,NULL),(15,'Bosnia and Herzegovina','Convertible Marka','BAM','KM',',','.',NULL,NULL),(16,'Botswana','Pula\'s','BWP','P',',','.',NULL,NULL),(17,'Bulgaria','Leva','BG','лв',',','.',NULL,NULL),(18,'Brazil','Reais','BRL','R$',',','.',NULL,NULL),(19,'Britain [United Kingdom]','Pounds','GBP','£',',','.',NULL,NULL),(20,'Brunei Darussalam','Dollars','BND','$',',','.',NULL,NULL),(21,'Cambodia','Riels','KHR','៛',',','.',NULL,NULL),(22,'Canada','Dollars','CAD','$',',','.',NULL,NULL),(23,'Cayman Islands','Dollars','KYD','$',',','.',NULL,NULL),(24,'Chile','Pesos','CLP','$',',','.',NULL,NULL),(25,'China','Yuan Renminbi','CNY','¥',',','.',NULL,NULL),(26,'Colombia','Pesos','COP','$',',','.',NULL,NULL),(27,'Costa Rica','Colón','CRC','₡',',','.',NULL,NULL),(28,'Croatia','Kuna','HRK','kn',',','.',NULL,NULL),(29,'Cuba','Pesos','CUP','₱',',','.',NULL,NULL),(30,'Cyprus','Euro','EUR','€','.',',',NULL,NULL),(31,'Czech Republic','Koruny','CZK','Kč',',','.',NULL,NULL),(32,'Denmark','Kroner','DKK','kr',',','.',NULL,NULL),(33,'Dominican Republic','Pesos','DOP ','RD$',',','.',NULL,NULL),(34,'East Caribbean','Dollars','XCD','$',',','.',NULL,NULL),(35,'Egypt','Pounds','EGP','£',',','.',NULL,NULL),(36,'El Salvador','Colones','SVC','$',',','.',NULL,NULL),(37,'England [United Kingdom]','Pounds','GBP','£',',','.',NULL,NULL),(38,'Euro','Euro','EUR','€','.',',',NULL,NULL),(39,'Falkland Islands','Pounds','FKP','£',',','.',NULL,NULL),(40,'Fiji','Dollars','FJD','$',',','.',NULL,NULL),(41,'France','Euro','EUR','€','.',',',NULL,NULL),(42,'Ghana','Cedis','GHS','¢',',','.',NULL,NULL),(43,'Gibraltar','Pounds','GIP','£',',','.',NULL,NULL),(44,'Greece','Euro','EUR','€','.',',',NULL,NULL),(45,'Guatemala','Quetzales','GTQ','Q',',','.',NULL,NULL),(46,'Guernsey','Pounds','GGP','£',',','.',NULL,NULL),(47,'Guyana','Dollars','GYD','$',',','.',NULL,NULL),(48,'Holland [Netherlands]','Euro','EUR','€','.',',',NULL,NULL),(49,'Honduras','Lempiras','HNL','L',',','.',NULL,NULL),(50,'Hong Kong','Dollars','HKD','$',',','.',NULL,NULL),(51,'Hungary','Forint','HUF','Ft',',','.',NULL,NULL),(52,'Iceland','Kronur','ISK','kr',',','.',NULL,NULL),(53,'India','Rupees','INR','₹',',','.',NULL,NULL),(54,'Indonesia','Rupiahs','IDR','Rp',',','.',NULL,NULL),(55,'Iran','Rials','IRR','﷼',',','.',NULL,NULL),(56,'Ireland','Euro','EUR','€','.',',',NULL,NULL),(57,'Isle of Man','Pounds','IMP','£',',','.',NULL,NULL),(58,'Israel','New Shekels','ILS','₪',',','.',NULL,NULL),(59,'Italy','Euro','EUR','€','.',',',NULL,NULL),(60,'Jamaica','Dollars','JMD','J$',',','.',NULL,NULL),(61,'Japan','Yen','JPY','¥',',','.',NULL,NULL),(62,'Jersey','Pounds','JEP','£',',','.',NULL,NULL),(63,'Kazakhstan','Tenge','KZT','лв',',','.',NULL,NULL),(64,'Korea [North]','Won','KPW','₩',',','.',NULL,NULL),(65,'Korea [South]','Won','KRW','₩',',','.',NULL,NULL),(66,'Kyrgyzstan','Soms','KGS','лв',',','.',NULL,NULL),(67,'Laos','Kips','LAK','₭',',','.',NULL,NULL),(68,'Latvia','Lati','LVL','Ls',',','.',NULL,NULL),(69,'Lebanon','Pounds','LBP','£',',','.',NULL,NULL),(70,'Liberia','Dollars','LRD','$',',','.',NULL,NULL),(71,'Liechtenstein','Switzerland Francs','CHF','CHF',',','.',NULL,NULL),(72,'Lithuania','Litai','LTL','Lt',',','.',NULL,NULL),(73,'Luxembourg','Euro','EUR','€','.',',',NULL,NULL),(74,'Macedonia','Denars','MKD','ден',',','.',NULL,NULL),(75,'Malaysia','Ringgits','MYR','RM',',','.',NULL,NULL),(76,'Malta','Euro','EUR','€','.',',',NULL,NULL),(77,'Mauritius','Rupees','MUR','₨',',','.',NULL,NULL),(78,'Mexico','Pesos','MXN','$',',','.',NULL,NULL),(79,'Mongolia','Tugriks','MNT','₮',',','.',NULL,NULL),(80,'Mozambique','Meticais','MZ','MT',',','.',NULL,NULL),(81,'Namibia','Dollars','NAD','$',',','.',NULL,NULL),(82,'Nepal','Rupees','NPR','₨',',','.',NULL,NULL),(83,'Netherlands Antilles','Guilders','ANG','ƒ',',','.',NULL,NULL),(84,'Netherlands','Euro','EUR','€','.',',',NULL,NULL),(85,'New Zealand','Dollars','NZD','$',',','.',NULL,NULL),(86,'Nicaragua','Cordobas','NIO','C$',',','.',NULL,NULL),(87,'Nigeria','Nairas','NGN','₦',',','.',NULL,NULL),(88,'North Korea','Won','KPW','₩',',','.',NULL,NULL),(89,'Norway','Krone','NOK','kr',',','.',NULL,NULL),(90,'Oman','Rials','OMR','﷼',',','.',NULL,NULL),(91,'Pakistan','Rupees','PKR','₨',',','.',NULL,NULL),(92,'Panama','Balboa','PAB','B/.',',','.',NULL,NULL),(93,'Paraguay','Guarani','PYG','Gs',',','.',NULL,NULL),(94,'Peru','Nuevos Soles','PE','S/.',',','.',NULL,NULL),(95,'Philippines','Pesos','PHP','Php',',','.',NULL,NULL),(96,'Poland','Zlotych','PL','zł',',','.',NULL,NULL),(97,'Qatar','Rials','QAR','﷼',',','.',NULL,NULL),(98,'Romania','New Lei','RO','lei',',','.',NULL,NULL),(99,'Russia','Rubles','RUB','руб',',','.',NULL,NULL),(100,'Saint Helena','Pounds','SHP','£',',','.',NULL,NULL),(101,'Saudi Arabia','Riyals','SAR','﷼',',','.',NULL,NULL),(102,'Serbia','Dinars','RSD','Дин.',',','.',NULL,NULL),(103,'Seychelles','Rupees','SCR','₨',',','.',NULL,NULL),(104,'Singapore','Dollars','SGD','$',',','.',NULL,NULL),(105,'Slovenia','Euro','EUR','€','.',',',NULL,NULL),(106,'Solomon Islands','Dollars','SBD','$',',','.',NULL,NULL),(107,'Somalia','Shillings','SOS','S',',','.',NULL,NULL),(108,'South Africa','Rand','ZAR','R',',','.',NULL,NULL),(109,'South Korea','Won','KRW','₩',',','.',NULL,NULL),(110,'Spain','Euro','EUR','€','.',',',NULL,NULL),(111,'Sri Lanka','Rupees','LKR','₨',',','.',NULL,NULL),(112,'Sweden','Kronor','SEK','kr',',','.',NULL,NULL),(113,'Switzerland','Francs','CHF','CHF',',','.',NULL,NULL),(114,'Suriname','Dollars','SRD','$',',','.',NULL,NULL),(115,'Syria','Pounds','SYP','£',',','.',NULL,NULL),(116,'Taiwan','New Dollars','TWD','NT$',',','.',NULL,NULL),(117,'Thailand','Baht','THB','฿',',','.',NULL,NULL),(118,'Trinidad and Tobago','Dollars','TTD','TT$',',','.',NULL,NULL),(119,'Turkey','Lira','TRY','TL',',','.',NULL,NULL),(120,'Turkey','Liras','TRL','£',',','.',NULL,NULL),(121,'Tuvalu','Dollars','TVD','$',',','.',NULL,NULL),(122,'Ukraine','Hryvnia','UAH','₴',',','.',NULL,NULL),(123,'United Kingdom','Pounds','GBP','£',',','.',NULL,NULL),(124,'United States of America','Dollars','USD','$',',','.',NULL,NULL),(125,'Uruguay','Pesos','UYU','$U',',','.',NULL,NULL),(126,'Uzbekistan','Sums','UZS','лв',',','.',NULL,NULL),(127,'Vatican City','Euro','EUR','€','.',',',NULL,NULL),(128,'Venezuela','Bolivares Fuertes','VEF','Bs',',','.',NULL,NULL),(129,'Vietnam','Dong','VND','₫',',','.',NULL,NULL),(130,'Yemen','Rials','YER','﷼',',','.',NULL,NULL),(131,'Zimbabwe','Zimbabwe Dollars','ZWD','Z$',',','.',NULL,NULL),(132,'Iraq','Iraqi dinar','IQD','د.ع',',','.',NULL,NULL),(133,'Kenya','Kenyan shilling','KES','KSh',',','.',NULL,NULL),(134,'Bangladesh','Taka','BDT','৳',',','.',NULL,NULL),(135,'Algerie','Algerian dinar','DZD','د.ج',' ','.',NULL,NULL),(136,'United Arab Emirates','United Arab Emirates dirham','AED','د.إ',',','.',NULL,NULL),(137,'Uganda','Uganda shillings','UGX','USh',',','.',NULL,NULL),(138,'Tanzania','Tanzanian shilling','TZS','TSh',',','.',NULL,NULL),(139,'Angola','Kwanza','AOA','Kz',',','.',NULL,NULL),(140,'Kuwait','Kuwaiti dinar','KWD','KD',',','.',NULL,NULL),(141,'Bahrain','Bahraini dinar','BHD','BD',',','.',NULL,NULL);

--
-- Table structure for table `customer_groups`
--

CREATE TABLE `customer_groups` (
  `id` int unsigned NOT NULL AUTO_INCREMENT,
  `business_id` int unsigned NOT NULL,
  `name` varchar(191) CHARACTER SET utf8mb4 COLLATE utf8mb4_unicode_ci NOT NULL,
  `amount` double(5,2) NOT NULL,
  `price_calculation_type` varchar(191) CHARACTER SET utf8mb4 COLLATE utf8mb4_unicode_ci DEFAULT 'percentage',
  `selling_price_group_id` int DEFAULT NULL,
  `created_by` int unsigned NOT NULL,
  `created_at` timestamp NULL DEFAULT NULL,
  `updated_at` timestamp NULL DEFAULT NULL,
  PRIMARY KEY (`id`),
  KEY `customer_groups_business_id_foreign` (`business_id`),
  KEY `customer_groups_created_by_index` (`created_by`),
  KEY `customer_groups_price_calculation_type_index` (`price_calculation_type`),
  KEY `customer_groups_selling_price_group_id_index` (`selling_price_group_id`),
  CONSTRAINT `customer_groups_business_id_foreign` FOREIGN KEY (`business_id`) REFERENCES `business` (`id`) ON DELETE CASCADE
) ENGINE=InnoDB AUTO_INCREMENT=2 DEFAULT CHARSET=utf8mb4 COLLATE=utf8mb4_unicode_ci;

--
-- Dumping data for table `customer_groups`
--

INSERT INTO `customer_groups` VALUES (1,1,'ABC',10.00,'percentage',NULL,1,'2025-01-11 02:07:17','2025-01-11 02:07:17');

--
-- Table structure for table `dashboard_configurations`
--

CREATE TABLE `dashboard_configurations` (
  `id` int unsigned NOT NULL AUTO_INCREMENT,
  `business_id` int unsigned NOT NULL,
  `created_by` int NOT NULL,
  `name` varchar(191) CHARACTER SET utf8mb4 COLLATE utf8mb4_unicode_ci NOT NULL,
  `color` varchar(191) CHARACTER SET utf8mb4 COLLATE utf8mb4_unicode_ci NOT NULL,
  `configuration` text CHARACTER SET utf8mb4 COLLATE utf8mb4_unicode_ci,
  `created_at` timestamp NULL DEFAULT NULL,
  `updated_at` timestamp NULL DEFAULT NULL,
  PRIMARY KEY (`id`),
  KEY `dashboard_configurations_business_id_foreign` (`business_id`),
  CONSTRAINT `dashboard_configurations_business_id_foreign` FOREIGN KEY (`business_id`) REFERENCES `business` (`id`) ON DELETE CASCADE
) ENGINE=InnoDB DEFAULT CHARSET=utf8mb4 COLLATE=utf8mb4_unicode_ci;

--
-- Dumping data for table `dashboard_configurations`
--


--
-- Table structure for table `discount_variations`
--

CREATE TABLE `discount_variations` (
  `discount_id` int NOT NULL,
  `variation_id` int NOT NULL,
  KEY `discount_variations_discount_id_index` (`discount_id`),
  KEY `discount_variations_variation_id_index` (`variation_id`)
) ENGINE=InnoDB DEFAULT CHARSET=utf8mb4 COLLATE=utf8mb4_unicode_ci;

--
-- Dumping data for table `discount_variations`
--


--
-- Table structure for table `discounts`
--

CREATE TABLE `discounts` (
  `id` int unsigned NOT NULL AUTO_INCREMENT,
  `name` varchar(191) CHARACTER SET utf8mb4 COLLATE utf8mb4_unicode_ci NOT NULL,
  `business_id` int NOT NULL,
  `brand_id` int DEFAULT NULL,
  `category_id` int DEFAULT NULL,
  `location_id` int DEFAULT NULL,
  `priority` int DEFAULT NULL,
  `discount_type` varchar(191) CHARACTER SET utf8mb4 COLLATE utf8mb4_unicode_ci DEFAULT NULL,
  `discount_amount` decimal(22,4) NOT NULL DEFAULT '0.0000',
  `starts_at` datetime DEFAULT NULL,
  `ends_at` datetime DEFAULT NULL,
  `is_active` tinyint(1) NOT NULL DEFAULT '1',
  `spg` varchar(100) CHARACTER SET utf8mb4 COLLATE utf8mb4_unicode_ci DEFAULT NULL COMMENT 'Applicable in specified selling price group only. Use of applicable_in_spg column is discontinued',
  `applicable_in_cg` tinyint(1) DEFAULT '0',
  `created_at` timestamp NULL DEFAULT NULL,
  `updated_at` timestamp NULL DEFAULT NULL,
  PRIMARY KEY (`id`),
  KEY `discounts_business_id_index` (`business_id`),
  KEY `discounts_brand_id_index` (`brand_id`),
  KEY `discounts_category_id_index` (`category_id`),
  KEY `discounts_location_id_index` (`location_id`),
  KEY `discounts_priority_index` (`priority`),
  KEY `discounts_spg_index` (`spg`)
) ENGINE=InnoDB DEFAULT CHARSET=utf8mb4 COLLATE=utf8mb4_unicode_ci;

--
-- Dumping data for table `discounts`
--


--
-- Table structure for table `document_and_notes`
--

CREATE TABLE `document_and_notes` (
  `id` int unsigned NOT NULL AUTO_INCREMENT,
  `business_id` int NOT NULL,
  `notable_id` int NOT NULL,
  `notable_type` varchar(191) CHARACTER SET utf8mb4 COLLATE utf8mb4_unicode_ci NOT NULL,
  `heading` text CHARACTER SET utf8mb4 COLLATE utf8mb4_unicode_ci,
  `description` text CHARACTER SET utf8mb4 COLLATE utf8mb4_unicode_ci,
  `is_private` tinyint(1) NOT NULL DEFAULT '0',
  `created_by` int NOT NULL,
  `created_at` timestamp NULL DEFAULT NULL,
  `updated_at` timestamp NULL DEFAULT NULL,
  PRIMARY KEY (`id`),
  KEY `document_and_notes_business_id_index` (`business_id`),
  KEY `document_and_notes_notable_id_index` (`notable_id`),
  KEY `document_and_notes_created_by_index` (`created_by`)
) ENGINE=InnoDB DEFAULT CHARSET=utf8mb4 COLLATE=utf8mb4_unicode_ci;

--
-- Dumping data for table `document_and_notes`
--


--
-- Table structure for table `essentials_allowances_and_deductions`
--

CREATE TABLE `essentials_allowances_and_deductions` (
  `id` int unsigned NOT NULL AUTO_INCREMENT,
  `business_id` int NOT NULL,
  `description` varchar(191) CHARACTER SET utf8mb4 COLLATE utf8mb4_unicode_ci NOT NULL,
  `type` enum('allowance','deduction') CHARACTER SET utf8mb4 COLLATE utf8mb4_unicode_ci NOT NULL,
  `amount` decimal(22,4) NOT NULL,
  `amount_type` enum('fixed','percent') CHARACTER SET utf8mb4 COLLATE utf8mb4_unicode_ci NOT NULL,
  `applicable_date` date DEFAULT NULL,
  `created_at` timestamp NULL DEFAULT NULL,
  `updated_at` timestamp NULL DEFAULT NULL,
  PRIMARY KEY (`id`),
  KEY `essentials_allowances_and_deductions_business_id_index` (`business_id`)
) ENGINE=InnoDB DEFAULT CHARSET=utf8mb4 COLLATE=utf8mb4_unicode_ci;

--
-- Dumping data for table `essentials_allowances_and_deductions`
--


--
-- Table structure for table `essentials_attendances`
--

CREATE TABLE `essentials_attendances` (
  `id` int unsigned NOT NULL AUTO_INCREMENT,
  `user_id` int NOT NULL,
  `business_id` int NOT NULL,
  `clock_in_time` datetime DEFAULT NULL,
  `clock_out_time` datetime DEFAULT NULL,
  `essentials_shift_id` int DEFAULT NULL,
  `ip_address` varchar(191) CHARACTER SET utf8mb4 COLLATE utf8mb4_unicode_ci DEFAULT NULL,
  `clock_in_note` text CHARACTER SET utf8mb4 COLLATE utf8mb4_unicode_ci,
  `clock_out_note` text CHARACTER SET utf8mb4 COLLATE utf8mb4_unicode_ci,
  `clock_in_location` text CHARACTER SET utf8mb4 COLLATE utf8mb4_unicode_ci,
  `clock_out_location` text CHARACTER SET utf8mb4 COLLATE utf8mb4_unicode_ci,
  `created_at` timestamp NULL DEFAULT NULL,
  `updated_at` timestamp NULL DEFAULT NULL,
  PRIMARY KEY (`id`),
  KEY `essentials_attendances_user_id_index` (`user_id`),
  KEY `essentials_attendances_business_id_index` (`business_id`),
  KEY `essentials_attendances_essentials_shift_id_index` (`essentials_shift_id`)
) ENGINE=InnoDB DEFAULT CHARSET=utf8mb4 COLLATE=utf8mb4_unicode_ci;

--
-- Dumping data for table `essentials_attendances`
--


--
-- Table structure for table `essentials_document_shares`
--

CREATE TABLE `essentials_document_shares` (
  `id` int unsigned NOT NULL AUTO_INCREMENT,
  `document_id` int NOT NULL,
  `value_type` enum('user','role') CHARACTER SET utf8mb4 COLLATE utf8mb4_unicode_ci NOT NULL,
  `value` int NOT NULL,
  `created_at` timestamp NULL DEFAULT NULL,
  `updated_at` timestamp NULL DEFAULT NULL,
  PRIMARY KEY (`id`),
  KEY `essentials_document_shares_document_id_index` (`document_id`),
  KEY `essentials_document_shares_value_type_index` (`value_type`)
) ENGINE=InnoDB DEFAULT CHARSET=utf8mb4 COLLATE=utf8mb4_unicode_ci;

--
-- Dumping data for table `essentials_document_shares`
--


--
-- Table structure for table `essentials_documents`
--

CREATE TABLE `essentials_documents` (
  `id` int unsigned NOT NULL AUTO_INCREMENT,
  `business_id` int NOT NULL,
  `user_id` int NOT NULL,
  `type` varchar(191) CHARACTER SET utf8mb4 COLLATE utf8mb4_unicode_ci DEFAULT NULL,
  `name` varchar(191) CHARACTER SET utf8mb4 COLLATE utf8mb4_unicode_ci NOT NULL,
  `description` varchar(191) CHARACTER SET utf8mb4 COLLATE utf8mb4_unicode_ci DEFAULT NULL,
  `created_at` timestamp NULL DEFAULT NULL,
  `updated_at` timestamp NULL DEFAULT NULL,
  PRIMARY KEY (`id`)
) ENGINE=InnoDB DEFAULT CHARSET=utf8mb4 COLLATE=utf8mb4_unicode_ci;

--
-- Dumping data for table `essentials_documents`
--


--
-- Table structure for table `essentials_holidays`
--

CREATE TABLE `essentials_holidays` (
  `id` int unsigned NOT NULL AUTO_INCREMENT,
  `name` varchar(191) CHARACTER SET utf8mb4 COLLATE utf8mb4_unicode_ci DEFAULT NULL,
  `start_date` date NOT NULL,
  `end_date` date NOT NULL,
  `business_id` int NOT NULL,
  `location_id` int DEFAULT NULL,
  `note` text CHARACTER SET utf8mb4 COLLATE utf8mb4_unicode_ci,
  `created_at` timestamp NULL DEFAULT NULL,
  `updated_at` timestamp NULL DEFAULT NULL,
  PRIMARY KEY (`id`),
  KEY `essentials_holidays_business_id_index` (`business_id`),
  KEY `essentials_holidays_location_id_index` (`location_id`)
) ENGINE=InnoDB DEFAULT CHARSET=utf8mb4 COLLATE=utf8mb4_unicode_ci;

--
-- Dumping data for table `essentials_holidays`
--


--
-- Table structure for table `essentials_kb`
--

CREATE TABLE `essentials_kb` (
  `id` bigint unsigned NOT NULL AUTO_INCREMENT,
  `business_id` bigint unsigned NOT NULL,
  `title` varchar(191) CHARACTER SET utf8mb4 COLLATE utf8mb4_unicode_ci NOT NULL,
  `content` longtext CHARACTER SET utf8mb4 COLLATE utf8mb4_unicode_ci,
  `status` varchar(191) CHARACTER SET utf8mb4 COLLATE utf8mb4_unicode_ci NOT NULL,
  `kb_type` varchar(191) CHARACTER SET utf8mb4 COLLATE utf8mb4_unicode_ci NOT NULL,
  `parent_id` bigint unsigned DEFAULT NULL COMMENT 'id from essentials_kb table',
  `share_with` varchar(191) CHARACTER SET utf8mb4 COLLATE utf8mb4_unicode_ci DEFAULT NULL COMMENT 'public, private, only_with',
  `created_by` bigint unsigned NOT NULL,
  `created_at` timestamp NULL DEFAULT NULL,
  `updated_at` timestamp NULL DEFAULT NULL,
  PRIMARY KEY (`id`),
  KEY `essentials_kb_business_id_index` (`business_id`),
  KEY `essentials_kb_parent_id_index` (`parent_id`),
  KEY `essentials_kb_created_by_index` (`created_by`),
  CONSTRAINT `essentials_kb_parent_id_foreign` FOREIGN KEY (`parent_id`) REFERENCES `essentials_kb` (`id`) ON DELETE CASCADE
) ENGINE=InnoDB DEFAULT CHARSET=utf8mb4 COLLATE=utf8mb4_unicode_ci;

--
-- Dumping data for table `essentials_kb`
--


--
-- Table structure for table `essentials_kb_users`
--

CREATE TABLE `essentials_kb_users` (
  `id` bigint unsigned NOT NULL AUTO_INCREMENT,
  `kb_id` int NOT NULL,
  `user_id` int NOT NULL,
  PRIMARY KEY (`id`),
  KEY `essentials_kb_users_kb_id_index` (`kb_id`),
  KEY `essentials_kb_users_user_id_index` (`user_id`)
) ENGINE=InnoDB DEFAULT CHARSET=utf8mb4 COLLATE=utf8mb4_unicode_ci;

--
-- Dumping data for table `essentials_kb_users`
--


--
-- Table structure for table `essentials_leave_types`
--

CREATE TABLE `essentials_leave_types` (
  `id` int unsigned NOT NULL AUTO_INCREMENT,
  `leave_type` varchar(191) CHARACTER SET utf8mb4 COLLATE utf8mb4_unicode_ci NOT NULL,
  `max_leave_count` int DEFAULT NULL,
  `leave_count_interval` enum('month','year') CHARACTER SET utf8mb4 COLLATE utf8mb4_unicode_ci DEFAULT NULL,
  `business_id` int NOT NULL,
  `created_at` timestamp NULL DEFAULT NULL,
  `updated_at` timestamp NULL DEFAULT NULL,
  PRIMARY KEY (`id`),
  KEY `essentials_leave_types_business_id_index` (`business_id`)
) ENGINE=InnoDB DEFAULT CHARSET=utf8mb4 COLLATE=utf8mb4_unicode_ci;

--
-- Dumping data for table `essentials_leave_types`
--


--
-- Table structure for table `essentials_leaves`
--

CREATE TABLE `essentials_leaves` (
  `id` int unsigned NOT NULL AUTO_INCREMENT,
  `essentials_leave_type_id` int DEFAULT NULL,
  `business_id` int NOT NULL,
  `user_id` int NOT NULL,
  `start_date` date NOT NULL,
  `end_date` date NOT NULL,
  `ref_no` varchar(191) CHARACTER SET utf8mb4 COLLATE utf8mb4_unicode_ci DEFAULT NULL,
  `status` enum('pending','approved','cancelled') CHARACTER SET utf8mb4 COLLATE utf8mb4_unicode_ci DEFAULT NULL,
  `reason` text CHARACTER SET utf8mb4 COLLATE utf8mb4_unicode_ci,
  `status_note` text CHARACTER SET utf8mb4 COLLATE utf8mb4_unicode_ci,
  `created_at` timestamp NULL DEFAULT NULL,
  `updated_at` timestamp NULL DEFAULT NULL,
  PRIMARY KEY (`id`),
  KEY `essentials_leaves_essentials_leave_type_id_index` (`essentials_leave_type_id`),
  KEY `essentials_leaves_business_id_index` (`business_id`),
  KEY `essentials_leaves_user_id_index` (`user_id`)
) ENGINE=InnoDB DEFAULT CHARSET=utf8mb4 COLLATE=utf8mb4_unicode_ci;

--
-- Dumping data for table `essentials_leaves`
--


--
-- Table structure for table `essentials_messages`
--

CREATE TABLE `essentials_messages` (
  `id` int unsigned NOT NULL AUTO_INCREMENT,
  `business_id` int NOT NULL,
  `user_id` int NOT NULL,
  `message` text CHARACTER SET utf8mb4 COLLATE utf8mb4_unicode_ci NOT NULL,
  `location_id` int DEFAULT NULL,
  `created_at` timestamp NULL DEFAULT NULL,
  `updated_at` timestamp NULL DEFAULT NULL,
  PRIMARY KEY (`id`),
  KEY `essentials_messages_business_id_index` (`business_id`),
  KEY `essentials_messages_user_id_index` (`user_id`),
  KEY `essentials_messages_location_id_index` (`location_id`)
) ENGINE=InnoDB DEFAULT CHARSET=utf8mb4 COLLATE=utf8mb4_unicode_ci;

--
-- Dumping data for table `essentials_messages`
--


--
-- Table structure for table `essentials_payroll_group_transactions`
--

CREATE TABLE `essentials_payroll_group_transactions` (
  `payroll_group_id` bigint unsigned NOT NULL,
  `transaction_id` int NOT NULL,
  KEY `essentials_payroll_group_transactions_payroll_group_id_foreign` (`payroll_group_id`),
  CONSTRAINT `essentials_payroll_group_transactions_payroll_group_id_foreign` FOREIGN KEY (`payroll_group_id`) REFERENCES `essentials_payroll_groups` (`id`) ON DELETE CASCADE
) ENGINE=InnoDB DEFAULT CHARSET=utf8mb4 COLLATE=utf8mb4_unicode_ci;

--
-- Dumping data for table `essentials_payroll_group_transactions`
--


--
-- Table structure for table `essentials_payroll_groups`
--

CREATE TABLE `essentials_payroll_groups` (
  `id` bigint unsigned NOT NULL AUTO_INCREMENT,
  `business_id` int NOT NULL,
  `location_id` int DEFAULT NULL COMMENT 'payroll for work location',
  `name` varchar(191) CHARACTER SET utf8mb4 COLLATE utf8mb4_unicode_ci NOT NULL,
  `status` varchar(191) CHARACTER SET utf8mb4 COLLATE utf8mb4_unicode_ci NOT NULL,
  `payment_status` varchar(191) CHARACTER SET utf8mb4 COLLATE utf8mb4_unicode_ci NOT NULL DEFAULT 'due',
  `gross_total` decimal(22,4) NOT NULL DEFAULT '0.0000',
  `created_by` int NOT NULL,
  `created_at` timestamp NULL DEFAULT NULL,
  `updated_at` timestamp NULL DEFAULT NULL,
  PRIMARY KEY (`id`)
) ENGINE=InnoDB DEFAULT CHARSET=utf8mb4 COLLATE=utf8mb4_unicode_ci;

--
-- Dumping data for table `essentials_payroll_groups`
--


--
-- Table structure for table `essentials_reminders`
--

CREATE TABLE `essentials_reminders` (
  `id` int unsigned NOT NULL AUTO_INCREMENT,
  `business_id` int NOT NULL,
  `user_id` int NOT NULL,
  `name` varchar(191) CHARACTER SET utf8mb4 COLLATE utf8mb4_unicode_ci NOT NULL,
  `date` date NOT NULL,
  `time` time NOT NULL,
  `end_time` time DEFAULT NULL,
  `repeat` enum('one_time','every_day','every_week','every_month') CHARACTER SET utf8mb4 COLLATE utf8mb4_unicode_ci NOT NULL,
  `created_at` timestamp NULL DEFAULT NULL,
  `updated_at` timestamp NULL DEFAULT NULL,
  PRIMARY KEY (`id`),
  KEY `essentials_reminders_business_id_index` (`business_id`),
  KEY `essentials_reminders_user_id_index` (`user_id`)
) ENGINE=InnoDB DEFAULT CHARSET=utf8mb4 COLLATE=utf8mb4_unicode_ci;

--
-- Dumping data for table `essentials_reminders`
--


--
-- Table structure for table `essentials_shifts`
--

CREATE TABLE `essentials_shifts` (
  `id` int unsigned NOT NULL AUTO_INCREMENT,
  `name` varchar(191) CHARACTER SET utf8mb4 COLLATE utf8mb4_unicode_ci NOT NULL,
  `type` enum('fixed_shift','flexible_shift') CHARACTER SET utf8mb4 COLLATE utf8mb4_unicode_ci NOT NULL DEFAULT 'fixed_shift',
  `business_id` int NOT NULL,
  `start_time` time DEFAULT NULL,
  `end_time` time DEFAULT NULL,
  `is_allowed_auto_clockout` tinyint(1) NOT NULL DEFAULT '0',
  `auto_clockout_time` time DEFAULT NULL,
  `holidays` text CHARACTER SET utf8mb4 COLLATE utf8mb4_unicode_ci,
  `created_at` timestamp NULL DEFAULT NULL,
  `updated_at` timestamp NULL DEFAULT NULL,
  PRIMARY KEY (`id`),
  KEY `essentials_shifts_type_index` (`type`),
  KEY `essentials_shifts_business_id_index` (`business_id`)
) ENGINE=InnoDB DEFAULT CHARSET=utf8mb4 COLLATE=utf8mb4_unicode_ci;

--
-- Dumping data for table `essentials_shifts`
--


--
-- Table structure for table `essentials_to_dos`
--

CREATE TABLE `essentials_to_dos` (
  `id` int unsigned NOT NULL AUTO_INCREMENT,
  `business_id` int NOT NULL,
  `task` text CHARACTER SET utf8mb4 COLLATE utf8mb4_unicode_ci NOT NULL,
  `date` datetime DEFAULT NULL,
  `end_date` datetime DEFAULT NULL,
  `task_id` varchar(191) CHARACTER SET utf8mb4 COLLATE utf8mb4_unicode_ci DEFAULT NULL,
  `description` text CHARACTER SET utf8mb4 COLLATE utf8mb4_unicode_ci,
  `status` varchar(191) CHARACTER SET utf8mb4 COLLATE utf8mb4_unicode_ci DEFAULT NULL,
  `estimated_hours` varchar(191) CHARACTER SET utf8mb4 COLLATE utf8mb4_unicode_ci DEFAULT NULL,
  `priority` varchar(191) CHARACTER SET utf8mb4 COLLATE utf8mb4_unicode_ci DEFAULT NULL,
  `created_by` int DEFAULT NULL,
  `created_at` timestamp NULL DEFAULT NULL,
  `updated_at` timestamp NULL DEFAULT NULL,
  PRIMARY KEY (`id`),
  KEY `essentials_to_dos_status_index` (`status`),
  KEY `essentials_to_dos_priority_index` (`priority`),
  KEY `essentials_to_dos_created_by_index` (`created_by`),
  KEY `essentials_to_dos_business_id_index` (`business_id`),
  KEY `essentials_to_dos_task_id_index` (`task_id`)
) ENGINE=InnoDB DEFAULT CHARSET=utf8mb4 COLLATE=utf8mb4_unicode_ci;

--
-- Dumping data for table `essentials_to_dos`
--


--
-- Table structure for table `essentials_todo_comments`
--

CREATE TABLE `essentials_todo_comments` (
  `id` int unsigned NOT NULL AUTO_INCREMENT,
  `comment` text CHARACTER SET utf8mb4 COLLATE utf8mb4_unicode_ci NOT NULL,
  `task_id` int NOT NULL,
  `comment_by` int NOT NULL,
  `created_at` timestamp NULL DEFAULT NULL,
  `updated_at` timestamp NULL DEFAULT NULL,
  PRIMARY KEY (`id`),
  KEY `essentials_todo_comments_task_id_index` (`task_id`),
  KEY `essentials_todo_comments_comment_by_index` (`comment_by`)
) ENGINE=InnoDB DEFAULT CHARSET=utf8mb4 COLLATE=utf8mb4_unicode_ci;

--
-- Dumping data for table `essentials_todo_comments`
--


--
-- Table structure for table `essentials_todos_users`
--

CREATE TABLE `essentials_todos_users` (
  `todo_id` int NOT NULL,
  `user_id` int NOT NULL
) ENGINE=InnoDB DEFAULT CHARSET=utf8mb4 COLLATE=utf8mb4_unicode_ci;

--
-- Dumping data for table `essentials_todos_users`
--


--
-- Table structure for table `essentials_user_allowance_and_deductions`
--

CREATE TABLE `essentials_user_allowance_and_deductions` (
  `user_id` int NOT NULL,
  `allowance_deduction_id` int NOT NULL,
  KEY `essentials_user_allowance_and_deductions_user_id_index` (`user_id`),
  KEY `allow_deduct_index` (`allowance_deduction_id`)
) ENGINE=InnoDB DEFAULT CHARSET=utf8mb4 COLLATE=utf8mb4_unicode_ci;

--
-- Dumping data for table `essentials_user_allowance_and_deductions`
--


--
-- Table structure for table `essentials_user_sales_targets`
--

CREATE TABLE `essentials_user_sales_targets` (
  `id` bigint unsigned NOT NULL AUTO_INCREMENT,
  `user_id` int NOT NULL,
  `target_start` decimal(22,4) NOT NULL DEFAULT '0.0000',
  `target_end` decimal(22,4) NOT NULL DEFAULT '0.0000',
  `commission_percent` decimal(22,4) NOT NULL DEFAULT '0.0000',
  `created_at` timestamp NULL DEFAULT NULL,
  `updated_at` timestamp NULL DEFAULT NULL,
  PRIMARY KEY (`id`)
) ENGINE=InnoDB DEFAULT CHARSET=utf8mb4 COLLATE=utf8mb4_unicode_ci;

--
-- Dumping data for table `essentials_user_sales_targets`
--


--
-- Table structure for table `essentials_user_shifts`
--

CREATE TABLE `essentials_user_shifts` (
  `id` int unsigned NOT NULL AUTO_INCREMENT,
  `user_id` int NOT NULL,
  `essentials_shift_id` int NOT NULL,
  `start_date` date DEFAULT NULL,
  `end_date` date DEFAULT NULL,
  `created_at` timestamp NULL DEFAULT NULL,
  `updated_at` timestamp NULL DEFAULT NULL,
  PRIMARY KEY (`id`),
  KEY `essentials_user_shifts_user_id_index` (`user_id`),
  KEY `essentials_user_shifts_essentials_shift_id_index` (`essentials_shift_id`)
) ENGINE=InnoDB DEFAULT CHARSET=utf8mb4 COLLATE=utf8mb4_unicode_ci;

--
-- Dumping data for table `essentials_user_shifts`
--


--
-- Table structure for table `expense_categories`
--

CREATE TABLE `expense_categories` (
  `id` int unsigned NOT NULL AUTO_INCREMENT,
  `name` varchar(191) CHARACTER SET utf8mb4 COLLATE utf8mb4_unicode_ci NOT NULL,
  `business_id` int unsigned NOT NULL,
  `code` varchar(191) CHARACTER SET utf8mb4 COLLATE utf8mb4_unicode_ci DEFAULT NULL,
  `parent_id` int DEFAULT NULL,
  `deleted_at` timestamp NULL DEFAULT NULL,
  `created_at` timestamp NULL DEFAULT NULL,
  `updated_at` timestamp NULL DEFAULT NULL,
  PRIMARY KEY (`id`),
  KEY `expense_categories_business_id_foreign` (`business_id`),
  CONSTRAINT `expense_categories_business_id_foreign` FOREIGN KEY (`business_id`) REFERENCES `business` (`id`) ON DELETE CASCADE
) ENGINE=InnoDB DEFAULT CHARSET=utf8mb4 COLLATE=utf8mb4_unicode_ci;

--
-- Dumping data for table `expense_categories`
--


--
-- Table structure for table `group_sub_taxes`
--

CREATE TABLE `group_sub_taxes` (
  `group_tax_id` int unsigned NOT NULL,
  `tax_id` int unsigned NOT NULL,
  KEY `group_sub_taxes_group_tax_id_foreign` (`group_tax_id`),
  KEY `group_sub_taxes_tax_id_foreign` (`tax_id`),
  CONSTRAINT `group_sub_taxes_group_tax_id_foreign` FOREIGN KEY (`group_tax_id`) REFERENCES `tax_rates` (`id`) ON DELETE CASCADE,
  CONSTRAINT `group_sub_taxes_tax_id_foreign` FOREIGN KEY (`tax_id`) REFERENCES `tax_rates` (`id`) ON DELETE CASCADE
) ENGINE=InnoDB DEFAULT CHARSET=utf8mb4 COLLATE=utf8mb4_unicode_ci;

--
-- Dumping data for table `group_sub_taxes`
--


--
-- Table structure for table `invoice_layouts`
--

CREATE TABLE `invoice_layouts` (
  `id` int unsigned NOT NULL AUTO_INCREMENT,
  `name` varchar(191) CHARACTER SET utf8mb4 COLLATE utf8mb4_unicode_ci NOT NULL,
  `header_text` text CHARACTER SET utf8mb4 COLLATE utf8mb4_unicode_ci,
  `invoice_no_prefix` varchar(191) CHARACTER SET utf8mb4 COLLATE utf8mb4_unicode_ci DEFAULT NULL,
  `quotation_no_prefix` varchar(191) CHARACTER SET utf8mb4 COLLATE utf8mb4_unicode_ci DEFAULT NULL,
  `invoice_heading` varchar(191) CHARACTER SET utf8mb4 COLLATE utf8mb4_unicode_ci DEFAULT NULL,
  `sub_heading_line1` varchar(191) CHARACTER SET utf8mb4 COLLATE utf8mb4_unicode_ci DEFAULT NULL,
  `sub_heading_line2` varchar(191) CHARACTER SET utf8mb4 COLLATE utf8mb4_unicode_ci DEFAULT NULL,
  `sub_heading_line3` varchar(191) CHARACTER SET utf8mb4 COLLATE utf8mb4_unicode_ci DEFAULT NULL,
  `sub_heading_line4` varchar(191) CHARACTER SET utf8mb4 COLLATE utf8mb4_unicode_ci DEFAULT NULL,
  `sub_heading_line5` varchar(191) CHARACTER SET utf8mb4 COLLATE utf8mb4_unicode_ci DEFAULT NULL,
  `invoice_heading_not_paid` varchar(191) CHARACTER SET utf8mb4 COLLATE utf8mb4_unicode_ci DEFAULT NULL,
  `invoice_heading_paid` varchar(191) CHARACTER SET utf8mb4 COLLATE utf8mb4_unicode_ci DEFAULT NULL,
  `quotation_heading` varchar(191) CHARACTER SET utf8mb4 COLLATE utf8mb4_unicode_ci DEFAULT NULL,
  `sub_total_label` varchar(191) CHARACTER SET utf8mb4 COLLATE utf8mb4_unicode_ci DEFAULT NULL,
  `discount_label` varchar(191) CHARACTER SET utf8mb4 COLLATE utf8mb4_unicode_ci DEFAULT NULL,
  `tax_label` varchar(191) CHARACTER SET utf8mb4 COLLATE utf8mb4_unicode_ci DEFAULT NULL,
  `total_label` varchar(191) CHARACTER SET utf8mb4 COLLATE utf8mb4_unicode_ci DEFAULT NULL,
  `round_off_label` varchar(191) CHARACTER SET utf8mb4 COLLATE utf8mb4_unicode_ci DEFAULT NULL,
  `total_due_label` varchar(191) CHARACTER SET utf8mb4 COLLATE utf8mb4_unicode_ci DEFAULT NULL,
  `paid_label` varchar(191) CHARACTER SET utf8mb4 COLLATE utf8mb4_unicode_ci DEFAULT NULL,
  `show_client_id` tinyint(1) NOT NULL DEFAULT '0',
  `client_id_label` varchar(191) CHARACTER SET utf8mb4 COLLATE utf8mb4_unicode_ci DEFAULT NULL,
  `client_tax_label` varchar(191) CHARACTER SET utf8mb4 COLLATE utf8mb4_unicode_ci DEFAULT NULL,
  `date_label` varchar(191) CHARACTER SET utf8mb4 COLLATE utf8mb4_unicode_ci DEFAULT NULL,
  `date_time_format` varchar(191) CHARACTER SET utf8mb4 COLLATE utf8mb4_unicode_ci DEFAULT NULL,
  `show_time` tinyint(1) NOT NULL DEFAULT '1',
  `show_brand` tinyint(1) NOT NULL DEFAULT '0',
  `show_sku` tinyint(1) NOT NULL DEFAULT '1',
  `show_cat_code` tinyint(1) NOT NULL DEFAULT '1',
  `show_expiry` tinyint(1) NOT NULL DEFAULT '0',
  `show_lot` tinyint(1) NOT NULL DEFAULT '0',
  `show_image` tinyint(1) NOT NULL DEFAULT '0',
  `show_sale_description` tinyint(1) NOT NULL DEFAULT '0',
  `sales_person_label` varchar(191) CHARACTER SET utf8mb4 COLLATE utf8mb4_unicode_ci DEFAULT NULL,
  `show_sales_person` tinyint(1) NOT NULL DEFAULT '0',
  `table_product_label` varchar(191) CHARACTER SET utf8mb4 COLLATE utf8mb4_unicode_ci DEFAULT NULL,
  `table_qty_label` varchar(191) CHARACTER SET utf8mb4 COLLATE utf8mb4_unicode_ci DEFAULT NULL,
  `table_unit_price_label` varchar(191) CHARACTER SET utf8mb4 COLLATE utf8mb4_unicode_ci DEFAULT NULL,
  `table_subtotal_label` varchar(191) CHARACTER SET utf8mb4 COLLATE utf8mb4_unicode_ci DEFAULT NULL,
  `cat_code_label` varchar(191) CHARACTER SET utf8mb4 COLLATE utf8mb4_unicode_ci DEFAULT NULL,
  `logo` varchar(191) CHARACTER SET utf8mb4 COLLATE utf8mb4_unicode_ci DEFAULT NULL,
  `show_logo` tinyint(1) NOT NULL DEFAULT '0',
  `show_business_name` tinyint(1) NOT NULL DEFAULT '0',
  `show_location_name` tinyint(1) NOT NULL DEFAULT '1',
  `show_landmark` tinyint(1) NOT NULL DEFAULT '1',
  `show_city` tinyint(1) NOT NULL DEFAULT '1',
  `show_state` tinyint(1) NOT NULL DEFAULT '1',
  `show_zip_code` tinyint(1) NOT NULL DEFAULT '1',
  `show_country` tinyint(1) NOT NULL DEFAULT '1',
  `show_mobile_number` tinyint(1) NOT NULL DEFAULT '1',
  `show_alternate_number` tinyint(1) NOT NULL DEFAULT '0',
  `show_email` tinyint(1) NOT NULL DEFAULT '0',
  `show_tax_1` tinyint(1) NOT NULL DEFAULT '1',
  `show_tax_2` tinyint(1) NOT NULL DEFAULT '0',
  `show_barcode` tinyint(1) NOT NULL DEFAULT '0',
  `show_payments` tinyint(1) NOT NULL DEFAULT '0',
  `show_customer` tinyint(1) NOT NULL DEFAULT '0',
  `customer_label` varchar(191) CHARACTER SET utf8mb4 COLLATE utf8mb4_unicode_ci DEFAULT NULL,
  `commission_agent_label` varchar(191) CHARACTER SET utf8mb4 COLLATE utf8mb4_unicode_ci DEFAULT NULL,
  `show_commission_agent` tinyint(1) NOT NULL DEFAULT '0',
  `show_reward_point` tinyint(1) NOT NULL DEFAULT '0',
  `highlight_color` varchar(10) CHARACTER SET utf8mb4 COLLATE utf8mb4_unicode_ci DEFAULT NULL,
  `footer_text` text CHARACTER SET utf8mb4 COLLATE utf8mb4_unicode_ci,
  `module_info` text CHARACTER SET utf8mb4 COLLATE utf8mb4_unicode_ci,
  `common_settings` text CHARACTER SET utf8mb4 COLLATE utf8mb4_unicode_ci,
  `is_default` tinyint(1) NOT NULL DEFAULT '0',
  `business_id` int unsigned NOT NULL,
  `show_letter_head` tinyint(1) NOT NULL DEFAULT '0',
  `letter_head` varchar(191) CHARACTER SET utf8mb4 COLLATE utf8mb4_unicode_ci DEFAULT NULL,
  `show_qr_code` tinyint(1) NOT NULL DEFAULT '0',
  `qr_code_fields` text CHARACTER SET utf8mb4 COLLATE utf8mb4_unicode_ci,
  `design` varchar(190) CHARACTER SET utf8mb4 COLLATE utf8mb4_unicode_ci DEFAULT 'classic',
  `cn_heading` varchar(191) CHARACTER SET utf8mb4 COLLATE utf8mb4_unicode_ci DEFAULT NULL COMMENT 'cn = credit note',
  `cn_no_label` varchar(191) CHARACTER SET utf8mb4 COLLATE utf8mb4_unicode_ci DEFAULT NULL,
  `cn_amount_label` varchar(191) CHARACTER SET utf8mb4 COLLATE utf8mb4_unicode_ci DEFAULT NULL,
  `table_tax_headings` text CHARACTER SET utf8mb4 COLLATE utf8mb4_unicode_ci,
  `show_previous_bal` tinyint(1) NOT NULL DEFAULT '0',
  `prev_bal_label` varchar(191) CHARACTER SET utf8mb4 COLLATE utf8mb4_unicode_ci DEFAULT NULL,
  `change_return_label` varchar(191) CHARACTER SET utf8mb4 COLLATE utf8mb4_unicode_ci DEFAULT NULL,
  `product_custom_fields` text CHARACTER SET utf8mb4 COLLATE utf8mb4_unicode_ci,
  `contact_custom_fields` text CHARACTER SET utf8mb4 COLLATE utf8mb4_unicode_ci,
  `location_custom_fields` text CHARACTER SET utf8mb4 COLLATE utf8mb4_unicode_ci,
  `created_at` timestamp NULL DEFAULT NULL,
  `updated_at` timestamp NULL DEFAULT NULL,
  PRIMARY KEY (`id`),
  KEY `invoice_layouts_business_id_foreign` (`business_id`),
  CONSTRAINT `invoice_layouts_business_id_foreign` FOREIGN KEY (`business_id`) REFERENCES `business` (`id`) ON DELETE CASCADE
) ENGINE=InnoDB AUTO_INCREMENT=4 DEFAULT CHARSET=utf8mb4 COLLATE=utf8mb4_unicode_ci;

--
-- Dumping data for table `invoice_layouts`
--

INSERT INTO `invoice_layouts` VALUES (1,'Default',NULL,'Invoice No.',NULL,'Invoice',NULL,NULL,NULL,NULL,NULL,'','',NULL,'Subtotal','Discount','Tax','Total',NULL,'Total Due','Total Paid',0,NULL,NULL,'Date',NULL,1,0,1,1,0,0,0,0,NULL,0,'Product','Quantity','Unit Price','Subtotal',NULL,NULL,0,0,1,1,1,1,1,1,1,0,0,1,0,0,1,1,'Customer',NULL,0,0,'#000000','',NULL,NULL,1,1,0,NULL,0,NULL,'classic',NULL,NULL,NULL,NULL,0,NULL,NULL,NULL,NULL,NULL,'2024-10-16 23:43:09','2024-10-16 23:43:09'),(2,'Default',NULL,'Invoice No.',NULL,'Invoice',NULL,NULL,NULL,NULL,NULL,'','',NULL,'Subtotal','Discount','Tax','Total',NULL,'Total Due','Total Paid',0,NULL,NULL,'Date',NULL,1,0,1,1,0,0,0,0,NULL,0,'Product','Quantity','Unit Price','Subtotal',NULL,NULL,0,0,1,1,1,1,1,1,1,0,0,1,0,0,1,1,'Customer',NULL,0,0,'#000000','',NULL,NULL,1,2,0,NULL,0,NULL,'classic',NULL,NULL,NULL,NULL,0,NULL,NULL,NULL,NULL,NULL,'2024-10-16 23:54:01','2024-10-16 23:54:01'),(3,'Default',NULL,'Invoice No.',NULL,'Invoice',NULL,NULL,NULL,NULL,NULL,'','',NULL,'Subtotal','Discount','Tax','Total',NULL,'Total Due','Total Paid',0,NULL,NULL,'Date',NULL,1,0,1,1,0,0,0,0,NULL,0,'Product','Quantity','Unit Price','Subtotal',NULL,NULL,0,0,1,1,1,1,1,1,1,0,0,1,0,0,1,1,'Customer',NULL,0,0,'#000000','',NULL,NULL,1,3,0,NULL,0,NULL,'classic',NULL,NULL,NULL,NULL,0,NULL,NULL,NULL,NULL,NULL,'2025-01-06 20:01:31','2025-01-06 20:01:31');

--
-- Table structure for table `invoice_schemes`
--

CREATE TABLE `invoice_schemes` (
  `id` int unsigned NOT NULL AUTO_INCREMENT,
  `business_id` int unsigned NOT NULL,
  `name` varchar(191) CHARACTER SET utf8mb4 COLLATE utf8mb4_unicode_ci NOT NULL,
  `scheme_type` enum('blank','year') CHARACTER SET utf8mb4 COLLATE utf8mb4_unicode_ci NOT NULL,
  `number_type` varchar(100) CHARACTER SET utf8mb4 COLLATE utf8mb4_unicode_ci NOT NULL DEFAULT 'sequential',
  `prefix` varchar(191) CHARACTER SET utf8mb4 COLLATE utf8mb4_unicode_ci DEFAULT NULL,
  `start_number` int DEFAULT NULL,
  `invoice_count` int NOT NULL DEFAULT '0',
  `total_digits` int DEFAULT NULL,
  `is_default` tinyint(1) NOT NULL DEFAULT '0',
  `created_at` timestamp NULL DEFAULT NULL,
  `updated_at` timestamp NULL DEFAULT NULL,
  PRIMARY KEY (`id`),
  KEY `invoice_schemes_business_id_foreign` (`business_id`),
  KEY `invoice_schemes_scheme_type_index` (`scheme_type`),
  KEY `invoice_schemes_number_type_index` (`number_type`),
  CONSTRAINT `invoice_schemes_business_id_foreign` FOREIGN KEY (`business_id`) REFERENCES `business` (`id`) ON DELETE CASCADE
) ENGINE=InnoDB AUTO_INCREMENT=4 DEFAULT CHARSET=utf8mb4 COLLATE=utf8mb4_unicode_ci;

--
-- Dumping data for table `invoice_schemes`
--

INSERT INTO `invoice_schemes` VALUES (1,1,'Default','blank','sequential','',1,2,4,1,'2024-10-16 23:43:09','2025-01-13 19:37:54'),(2,2,'Default','blank','sequential','',1,0,4,1,'2024-10-16 23:54:01','2024-10-16 23:54:01'),(3,3,'Default','blank','sequential','',1,0,4,1,'2025-01-06 20:01:31','2025-01-06 20:01:31');

--
-- Table structure for table `media`
--

CREATE TABLE `media` (
  `id` int unsigned NOT NULL AUTO_INCREMENT,
  `business_id` int NOT NULL,
  `file_name` varchar(191) CHARACTER SET utf8mb4 COLLATE utf8mb4_unicode_ci NOT NULL,
  `description` text CHARACTER SET utf8mb4 COLLATE utf8mb4_unicode_ci,
  `uploaded_by` int DEFAULT NULL,
  `model_type` varchar(191) CHARACTER SET utf8mb4 COLLATE utf8mb4_unicode_ci NOT NULL,
  `model_media_type` varchar(191) CHARACTER SET utf8mb4 COLLATE utf8mb4_unicode_ci DEFAULT NULL,
  `model_id` bigint unsigned NOT NULL,
  `created_at` timestamp NULL DEFAULT NULL,
  `updated_at` timestamp NULL DEFAULT NULL,
  PRIMARY KEY (`id`),
  KEY `media_model_type_model_id_index` (`model_type`,`model_id`),
  KEY `media_business_id_index` (`business_id`),
  KEY `media_uploaded_by_index` (`uploaded_by`)
) ENGINE=InnoDB DEFAULT CHARSET=utf8mb4 COLLATE=utf8mb4_unicode_ci;

--
-- Dumping data for table `media`
--


--
-- Table structure for table `mfg_ingredient_groups`
--

CREATE TABLE `mfg_ingredient_groups` (
  `id` int unsigned NOT NULL AUTO_INCREMENT,
  `name` varchar(191) COLLATE utf8mb4_unicode_ci NOT NULL,
  `business_id` int NOT NULL,
  `description` text COLLATE utf8mb4_unicode_ci,
  `created_at` timestamp NULL DEFAULT NULL,
  `updated_at` timestamp NULL DEFAULT NULL,
  PRIMARY KEY (`id`)
) ENGINE=InnoDB DEFAULT CHARSET=utf8mb4 COLLATE=utf8mb4_unicode_ci;

--
-- Dumping data for table `mfg_ingredient_groups`
--


--
-- Table structure for table `mfg_recipe_ingredients`
--

CREATE TABLE `mfg_recipe_ingredients` (
  `id` int unsigned NOT NULL AUTO_INCREMENT,
  `mfg_recipe_id` int unsigned NOT NULL,
  `variation_id` int NOT NULL,
  `mfg_ingredient_group_id` int DEFAULT NULL,
  `quantity` decimal(22,4) NOT NULL DEFAULT '0.0000',
  `waste_percent` decimal(22,4) NOT NULL DEFAULT '0.0000',
  `sub_unit_id` int DEFAULT NULL,
  `sort_order` int DEFAULT NULL,
  `created_at` timestamp NULL DEFAULT NULL,
  `updated_at` timestamp NULL DEFAULT NULL,
  PRIMARY KEY (`id`),
  KEY `mfg_recipe_ingredients_mfg_recipe_id_index` (`mfg_recipe_id`),
  KEY `mfg_recipe_ingredients_variation_id_index` (`variation_id`),
  KEY `mfg_recipe_ingredients_sub_unit_id_index` (`sub_unit_id`),
  CONSTRAINT `mfg_recipe_ingredients_mfg_recipe_id_foreign` FOREIGN KEY (`mfg_recipe_id`) REFERENCES `mfg_recipes` (`id`) ON DELETE CASCADE
) ENGINE=InnoDB DEFAULT CHARSET=utf8mb4 COLLATE=utf8mb4_unicode_ci;

--
-- Dumping data for table `mfg_recipe_ingredients`
--


--
-- Table structure for table `mfg_recipes`
--

CREATE TABLE `mfg_recipes` (
  `id` int unsigned NOT NULL AUTO_INCREMENT,
  `product_id` int NOT NULL,
  `variation_id` int NOT NULL,
  `instructions` text COLLATE utf8mb4_unicode_ci,
  `waste_percent` decimal(10,2) NOT NULL DEFAULT '0.00',
  `ingredients_cost` decimal(22,4) NOT NULL DEFAULT '0.0000',
  `extra_cost` decimal(22,4) NOT NULL DEFAULT '0.0000',
  `production_cost_type` varchar(191) COLLATE utf8mb4_unicode_ci DEFAULT 'percentage',
  `total_quantity` decimal(22,4) NOT NULL DEFAULT '0.0000',
  `final_price` decimal(22,4) NOT NULL,
  `sub_unit_id` int DEFAULT NULL,
  `created_at` timestamp NULL DEFAULT NULL,
  `updated_at` timestamp NULL DEFAULT NULL,
  PRIMARY KEY (`id`),
  KEY `mfg_recipes_product_id_index` (`product_id`),
  KEY `mfg_recipes_variation_id_index` (`variation_id`)
) ENGINE=InnoDB DEFAULT CHARSET=utf8mb4 COLLATE=utf8mb4_unicode_ci;

--
-- Dumping data for table `mfg_recipes`
--


--
-- Table structure for table `migrations`
--

CREATE TABLE `migrations` (
  `id` int unsigned NOT NULL AUTO_INCREMENT,
  `migration` varchar(191) CHARACTER SET utf8mb4 COLLATE utf8mb4_unicode_ci NOT NULL,
  `batch` int NOT NULL,
  PRIMARY KEY (`id`)
) ENGINE=InnoDB AUTO_INCREMENT=372 DEFAULT CHARSET=utf8mb4 COLLATE=utf8mb4_unicode_ci;

--
-- Dumping data for table `migrations`
--

INSERT INTO `migrations` VALUES (1,'2014_10_12_000000_create_users_table',1),(2,'2014_10_12_100000_create_password_resets_table',1),(3,'2016_06_01_000001_create_oauth_auth_codes_table',1),(4,'2016_06_01_000002_create_oauth_access_tokens_table',1),(5,'2016_06_01_000003_create_oauth_refresh_tokens_table',1),(6,'2016_06_01_000004_create_oauth_clients_table',1),(7,'2016_06_01_000005_create_oauth_personal_access_clients_table',1),(8,'2017_07_05_071953_create_currencies_table',1),(9,'2017_07_05_073658_create_business_table',1),(10,'2017_07_22_075923_add_business_id_users_table',1),(11,'2017_07_23_113209_create_brands_table',1),(12,'2017_07_26_083429_create_permission_tables',1),(13,'2017_07_26_110000_create_tax_rates_table',1),(14,'2017_07_26_122313_create_units_table',1),(15,'2017_07_27_075706_create_contacts_table',1),(16,'2017_08_04_071038_create_categories_table',1),(17,'2017_08_08_115903_create_products_table',1),(18,'2017_08_09_061616_create_variation_templates_table',1),(19,'2017_08_09_061638_create_variation_value_templates_table',1),(20,'2017_08_10_061146_create_product_variations_table',1),(21,'2017_08_10_061216_create_variations_table',1),(22,'2017_08_19_054827_create_transactions_table',1),(23,'2017_08_31_073533_create_purchase_lines_table',1),(24,'2017_10_15_064638_create_transaction_payments_table',1),(25,'2017_10_31_065621_add_default_sales_tax_to_business_table',1),(26,'2017_11_20_051930_create_table_group_sub_taxes',1),(27,'2017_11_20_063603_create_transaction_sell_lines',1),(28,'2017_11_21_064540_create_barcodes_table',1),(29,'2017_11_23_181237_create_invoice_schemes_table',1),(30,'2017_12_25_122822_create_business_locations_table',1),(31,'2017_12_25_160253_add_location_id_to_transactions_table',1),(32,'2017_12_25_163227_create_variation_location_details_table',1),(33,'2018_01_04_115627_create_sessions_table',1),(34,'2018_01_05_112817_create_invoice_layouts_table',1),(35,'2018_01_06_112303_add_invoice_scheme_id_and_invoice_layout_id_to_business_locations',1),(36,'2018_01_08_104124_create_expense_categories_table',1),(37,'2018_01_08_123327_modify_transactions_table_for_expenses',1),(38,'2018_01_09_111005_modify_payment_status_in_transactions_table',1),(39,'2018_01_09_111109_add_paid_on_column_to_transaction_payments_table',1),(40,'2018_01_25_172439_add_printer_related_fields_to_business_locations_table',1),(41,'2018_01_27_184322_create_printers_table',1),(42,'2018_01_30_181442_create_cash_registers_table',1),(43,'2018_01_31_125836_create_cash_register_transactions_table',1),(44,'2018_02_07_173326_modify_business_table',1),(45,'2018_02_08_105425_add_enable_product_expiry_column_to_business_table',1),(46,'2018_02_08_111027_add_expiry_period_and_expiry_period_type_columns_to_products_table',1),(47,'2018_02_08_131118_add_mfg_date_and_exp_date_purchase_lines_table',1),(48,'2018_02_08_155348_add_exchange_rate_to_transactions_table',1),(49,'2018_02_09_124945_modify_transaction_payments_table_for_contact_payments',1),(50,'2018_02_12_113640_create_transaction_sell_lines_purchase_lines_table',1),(51,'2018_02_12_114605_add_quantity_sold_in_purchase_lines_table',1),(52,'2018_02_13_183323_alter_decimal_fields_size',1),(53,'2018_02_14_161928_add_transaction_edit_days_to_business_table',1),(54,'2018_02_15_161032_add_document_column_to_transactions_table',1),(55,'2018_02_17_124709_add_more_options_to_invoice_layouts',1),(56,'2018_02_19_111517_add_keyboard_shortcut_column_to_business_table',1),(57,'2018_02_19_121537_stock_adjustment_move_to_transaction_table',1),(58,'2018_02_20_165505_add_is_direct_sale_column_to_transactions_table',1),(59,'2018_02_21_105329_create_system_table',1),(60,'2018_02_23_100549_version_1_2',1),(61,'2018_02_23_125648_add_enable_editing_sp_from_purchase_column_to_business_table',1),(62,'2018_02_26_103612_add_sales_commission_agent_column_to_business_table',1),(63,'2018_02_26_130519_modify_users_table_for_sales_cmmsn_agnt',1),(64,'2018_02_26_134500_add_commission_agent_to_transactions_table',1),(65,'2018_02_27_121422_add_item_addition_method_to_business_table',1),(66,'2018_02_27_170232_modify_transactions_table_for_stock_transfer',1),(67,'2018_03_05_153510_add_enable_inline_tax_column_to_business_table',1),(68,'2018_03_06_210206_modify_product_barcode_types',1),(69,'2018_03_13_181541_add_expiry_type_to_business_table',1),(70,'2018_03_16_113446_product_expiry_setting_for_business',1),(71,'2018_03_19_113601_add_business_settings_options',1),(72,'2018_03_26_125334_add_pos_settings_to_business_table',1),(73,'2018_03_26_165350_create_customer_groups_table',1),(74,'2018_03_27_122720_customer_group_related_changes_in_tables',1),(75,'2018_03_29_110138_change_tax_field_to_nullable_in_business_table',1),(76,'2018_03_29_115502_add_changes_for_sr_number_in_products_and_sale_lines_table',1),(77,'2018_03_29_134340_add_inline_discount_fields_in_purchase_lines',1),(78,'2018_03_31_140921_update_transactions_table_exchange_rate',1),(79,'2018_04_03_103037_add_contact_id_to_contacts_table',1),(80,'2018_04_03_122709_add_changes_to_invoice_layouts_table',1),(81,'2018_04_09_135320_change_exchage_rate_size_in_business_table',1),(82,'2018_04_17_123122_add_lot_number_to_business',1),(83,'2018_04_17_160845_add_product_racks_table',1),(84,'2018_04_20_182015_create_res_tables_table',1),(85,'2018_04_24_105246_restaurant_fields_in_transaction_table',1),(86,'2018_04_24_114149_add_enabled_modules_business_table',1),(87,'2018_04_24_133704_add_modules_fields_in_invoice_layout_table',1),(88,'2018_04_27_132653_quotation_related_change',1),(89,'2018_05_02_104439_add_date_format_and_time_format_to_business',1),(90,'2018_05_02_111939_add_sell_return_to_transaction_payments',1),(91,'2018_05_14_114027_add_rows_positions_for_products',1),(92,'2018_05_14_125223_add_weight_to_products_table',1),(93,'2018_05_14_164754_add_opening_stock_permission',1),(94,'2018_05_15_134729_add_design_to_invoice_layouts',1),(95,'2018_05_16_183307_add_tax_fields_invoice_layout',1),(96,'2018_05_18_191956_add_sell_return_to_transaction_table',1),(97,'2018_05_21_131349_add_custom_fileds_to_contacts_table',1),(98,'2018_05_21_131607_invoice_layout_fields_for_sell_return',1),(99,'2018_05_21_131949_add_custom_fileds_and_website_to_business_locations_table',1),(100,'2018_05_22_123527_create_reference_counts_table',1),(101,'2018_05_22_154540_add_ref_no_prefixes_column_to_business_table',1),(102,'2018_05_24_132620_add_ref_no_column_to_transaction_payments_table',1),(103,'2018_05_24_161026_add_location_id_column_to_business_location_table',1),(104,'2018_05_25_180603_create_modifiers_related_table',1),(105,'2018_05_29_121714_add_purchase_line_id_to_stock_adjustment_line_table',1),(106,'2018_05_31_114645_add_res_order_status_column_to_transactions_table',1),(107,'2018_06_05_103530_rename_purchase_line_id_in_stock_adjustment_lines_table',1),(108,'2018_06_05_111905_modify_products_table_for_modifiers',1),(109,'2018_06_06_110524_add_parent_sell_line_id_column_to_transaction_sell_lines_table',1),(110,'2018_06_07_152443_add_is_service_staff_to_roles_table',1),(111,'2018_06_07_182258_add_image_field_to_products_table',1),(112,'2018_06_13_133705_create_bookings_table',1),(113,'2018_06_15_173636_add_email_column_to_contacts_table',1),(114,'2018_06_27_182835_add_superadmin_related_fields_business',1),(115,'2018_07_10_101913_add_custom_fields_to_products_table',1),(116,'2018_07_17_103434_add_sales_person_name_label_to_invoice_layouts_table',1),(117,'2018_07_17_163920_add_theme_skin_color_column_to_business_table',1),(118,'2018_07_24_160319_add_lot_no_line_id_to_transaction_sell_lines_table',1),(119,'2018_07_25_110004_add_show_expiry_and_show_lot_colums_to_invoice_layouts_table',1),(120,'2018_07_25_172004_add_discount_columns_to_transaction_sell_lines_table',1),(121,'2018_07_26_124720_change_design_column_type_in_invoice_layouts_table',1),(122,'2018_07_26_170424_add_unit_price_before_discount_column_to_transaction_sell_line_table',1),(123,'2018_07_28_103614_add_credit_limit_column_to_contacts_table',1),(124,'2018_08_08_110755_add_new_payment_methods_to_transaction_payments_table',1),(125,'2018_08_08_122225_modify_cash_register_transactions_table_for_new_payment_methods',1),(126,'2018_08_14_104036_add_opening_balance_type_to_transactions_table',1),(127,'2018_09_04_155900_create_accounts_table',1),(128,'2018_09_06_114438_create_selling_price_groups_table',1),(129,'2018_09_06_154057_create_variation_group_prices_table',1),(130,'2018_09_07_102413_add_permission_to_access_default_selling_price',1),(131,'2018_09_07_134858_add_selling_price_group_id_to_transactions_table',1),(132,'2018_09_10_112448_update_product_type_to_single_if_null_in_products_table',1),(133,'2018_09_10_152703_create_account_transactions_table',1),(134,'2018_09_10_173656_add_account_id_column_to_transaction_payments_table',1),(135,'2018_09_19_123914_create_notification_templates_table',1),(136,'2018_09_22_110504_add_sms_and_email_settings_columns_to_business_table',1),(137,'2018_09_24_134942_add_lot_no_line_id_to_stock_adjustment_lines_table',1),(138,'2018_09_26_105557_add_transaction_payments_for_existing_expenses',1),(139,'2018_09_27_111609_modify_transactions_table_for_purchase_return',1),(140,'2018_09_27_131154_add_quantity_returned_column_to_purchase_lines_table',1),(141,'2018_10_02_131401_add_return_quantity_column_to_transaction_sell_lines_table',1),(142,'2018_10_03_104918_add_qty_returned_column_to_transaction_sell_lines_purchase_lines_table',1),(143,'2018_10_03_185947_add_default_notification_templates_to_database',1),(144,'2018_10_09_153105_add_business_id_to_transaction_payments_table',1),(145,'2018_10_16_135229_create_permission_for_sells_and_purchase',1),(146,'2018_10_22_114441_add_columns_for_variable_product_modifications',1),(147,'2018_10_22_134428_modify_variable_product_data',1),(148,'2018_10_30_181558_add_table_tax_headings_to_invoice_layout',1),(149,'2018_10_31_122619_add_pay_terms_field_transactions_table',1),(150,'2018_10_31_161328_add_new_permissions_for_pos_screen',1),(151,'2018_10_31_174752_add_access_selected_contacts_only_to_users_table',1),(152,'2018_10_31_175627_add_user_contact_access',1),(153,'2018_10_31_180559_add_auto_send_sms_column_to_notification_templates_table',1),(154,'2018_11_02_171949_change_card_type_column_to_varchar_in_transaction_payments_table',1),(155,'2018_11_08_105621_add_role_permissions',1),(156,'2018_11_26_114135_add_is_suspend_column_to_transactions_table',1),(157,'2018_11_28_104410_modify_units_table_for_multi_unit',1),(158,'2018_11_28_170952_add_sub_unit_id_to_purchase_lines_and_sell_lines',1),(159,'2018_11_29_115918_add_primary_key_in_system_table',1),(160,'2018_12_03_185546_add_product_description_column_to_products_table',1),(161,'2018_12_06_114937_modify_system_table_and_users_table',1),(162,'2018_12_13_160007_add_custom_fields_display_options_to_invoice_layouts_table',1),(163,'2018_12_14_103307_modify_system_table',1),(164,'2018_12_18_133837_add_prev_balance_due_columns_to_invoice_layouts_table',1),(165,'2018_12_18_170656_add_invoice_token_column_to_transaction_table',1),(166,'2018_12_20_133639_add_date_time_format_column_to_invoice_layouts_table',1),(167,'2018_12_21_120659_add_recurring_invoice_fields_to_transactions_table',1),(168,'2018_12_24_154933_create_notifications_table',1),(169,'2019_01_08_112015_add_document_column_to_transaction_payments_table',1),(170,'2019_01_10_124645_add_account_permission',1),(171,'2019_01_16_125825_add_subscription_no_column_to_transactions_table',1),(172,'2019_01_28_111647_add_order_addresses_column_to_transactions_table',1),(173,'2019_02_13_173821_add_is_inactive_column_to_products_table',1),(174,'2019_02_19_103118_create_discounts_table',1),(175,'2019_02_21_120324_add_discount_id_column_to_transaction_sell_lines_table',1),(176,'2019_02_21_134324_add_permission_for_discount',1),(177,'2019_03_04_170832_add_service_staff_columns_to_transaction_sell_lines_table',1),(178,'2019_03_09_102425_add_sub_type_column_to_transactions_table',1),(179,'2019_03_09_124457_add_indexing_transaction_sell_lines_purchase_lines_table',1),(180,'2019_03_12_120336_create_activity_log_table',1),(181,'2019_03_15_132925_create_media_table',1),(182,'2019_05_08_130339_add_indexing_to_parent_id_in_transaction_payments_table',1),(183,'2019_05_10_132311_add_missing_column_indexing',1),(184,'2019_05_14_091812_add_show_image_column_to_invoice_layouts_table',1),(185,'2019_05_25_104922_add_view_purchase_price_permission',1),(186,'2019_06_17_103515_add_profile_informations_columns_to_users_table',1),(187,'2019_06_18_135524_add_permission_to_view_own_sales_only',1),(188,'2019_06_19_112058_add_database_changes_for_reward_points',1),(189,'2019_06_28_133732_change_type_column_to_string_in_transactions_table',1),(190,'2019_07_13_111420_add_is_created_from_api_column_to_transactions_table',1),(191,'2019_07_15_165136_add_fields_for_combo_product',1),(192,'2019_07_19_103446_add_mfg_quantity_used_column_to_purchase_lines_table',1),(193,'2019_07_22_152649_add_not_for_selling_in_product_table',1),(194,'2019_07_29_185351_add_show_reward_point_column_to_invoice_layouts_table',1),(195,'2019_08_08_162302_add_sub_units_related_fields',1),(196,'2019_08_26_133419_update_price_fields_decimal_point',1),(197,'2019_09_02_160054_remove_location_permissions_from_roles',1),(198,'2019_09_03_185259_add_permission_for_pos_screen',1),(199,'2019_09_04_163141_add_location_id_to_cash_registers_table',1),(200,'2019_09_04_184008_create_types_of_services_table',1),(201,'2019_09_06_131445_add_types_of_service_fields_to_transactions_table',1),(202,'2019_09_09_134810_add_default_selling_price_group_id_column_to_business_locations_table',1),(203,'2019_09_12_105616_create_product_locations_table',1),(204,'2019_09_17_122522_add_custom_labels_column_to_business_table',1),(205,'2019_09_18_164319_add_shipping_fields_to_transactions_table',1),(206,'2019_09_19_170927_close_all_active_registers',1),(207,'2019_09_23_161906_add_media_description_cloumn_to_media_table',1),(208,'2019_10_18_155633_create_account_types_table',1),(209,'2019_10_22_163335_add_common_settings_column_to_business_table',1),(210,'2019_10_29_132521_add_update_purchase_status_permission',1),(211,'2019_11_09_110522_add_indexing_to_lot_number',1),(212,'2019_11_19_170824_add_is_active_column_to_business_locations_table',1),(213,'2019_11_21_162913_change_quantity_field_types_to_decimal',1),(214,'2019_11_25_160340_modify_categories_table_for_polymerphic_relationship',1),(215,'2019_12_02_105025_create_warranties_table',1),(216,'2019_12_03_180342_add_common_settings_field_to_invoice_layouts_table',1),(217,'2019_12_05_183955_add_more_fields_to_users_table',1),(218,'2019_12_06_174904_add_change_return_label_column_to_invoice_layouts_table',1),(219,'2019_12_11_121307_add_draft_and_quotation_list_permissions',1),(220,'2019_12_12_180126_copy_expense_total_to_total_before_tax',1),(221,'2019_12_19_181412_make_alert_quantity_field_nullable_on_products_table',1),(222,'2019_12_25_173413_create_dashboard_configurations_table',1),(223,'2020_01_08_133506_create_document_and_notes_table',1),(224,'2020_01_09_113252_add_cc_bcc_column_to_notification_templates_table',1),(225,'2020_01_16_174818_add_round_off_amount_field_to_transactions_table',1),(226,'2020_01_28_162345_add_weighing_scale_settings_in_business_settings_table',1),(227,'2020_02_18_172447_add_import_fields_to_transactions_table',1),(228,'2020_03_13_135844_add_is_active_column_to_selling_price_groups_table',1),(229,'2020_03_16_115449_add_contact_status_field_to_contacts_table',1),(230,'2020_03_26_124736_add_allow_login_column_in_users_table',1),(231,'2020_04_13_154150_add_feature_products_column_to_business_loactions',1),(232,'2020_04_15_151802_add_user_type_to_users_table',1),(233,'2020_04_22_153905_add_subscription_repeat_on_column_to_transactions_table',1),(234,'2020_04_28_111436_add_shipping_address_to_contacts_table',1),(235,'2020_06_01_094654_add_max_sale_discount_column_to_users_table',1),(236,'2020_06_12_162245_modify_contacts_table',1),(237,'2020_06_22_103104_change_recur_interval_default_to_one',1),(238,'2020_07_09_174621_add_balance_field_to_contacts_table',1),(239,'2020_07_23_104933_change_status_column_to_varchar_in_transaction_table',1),(240,'2020_09_07_171059_change_completed_stock_transfer_status_to_final',1),(241,'2020_09_21_123224_modify_booking_status_column_in_bookings_table',1),(242,'2020_09_22_121639_create_discount_variations_table',1),(243,'2020_10_05_121550_modify_business_location_table_for_invoice_layout',1),(244,'2020_10_16_175726_set_status_as_received_for_opening_stock',1),(245,'2020_10_23_170823_add_for_group_tax_column_to_tax_rates_table',1),(246,'2020_11_04_130940_add_more_custom_fields_to_contacts_table',1),(247,'2020_11_10_152841_add_cash_register_permissions',1),(248,'2020_11_17_164041_modify_type_column_to_varchar_in_contacts_table',1),(249,'2020_12_18_181447_add_shipping_custom_fields_to_transactions_table',1),(250,'2020_12_22_164303_add_sub_status_column_to_transactions_table',1),(251,'2020_12_24_153050_add_custom_fields_to_transactions_table',1),(252,'2020_12_28_105403_add_whatsapp_text_column_to_notification_templates_table',1),(253,'2020_12_29_165925_add_model_document_type_to_media_table',1),(254,'2021_02_08_175632_add_contact_number_fields_to_users_table',1),(255,'2021_02_11_172217_add_indexing_for_multiple_columns',1),(256,'2021_02_23_122043_add_more_columns_to_customer_groups_table',1),(257,'2021_02_24_175551_add_print_invoice_permission_to_all_roles',1),(258,'2021_03_03_162021_add_purchase_order_columns_to_purchase_lines_and_transactions_table',1),(259,'2021_03_11_120229_add_sales_order_columns',1),(260,'2021_03_16_120705_add_business_id_to_activity_log_table',1),(261,'2021_03_16_153427_add_code_columns_to_business_table',1),(262,'2021_03_18_173308_add_account_details_column_to_accounts_table',1),(263,'2021_03_18_183119_add_prefer_payment_account_columns_to_transactions_table',1),(264,'2021_03_22_120810_add_more_types_of_service_custom_fields',1),(265,'2021_03_24_183132_add_shipping_export_custom_field_details_to_contacts_table',1),(266,'2021_03_25_170715_add_export_custom_fields_info_to_transactions_table',1),(267,'2021_04_15_063449_add_denominations_column_to_cash_registers_table',1),(268,'2021_05_22_083426_add_indexing_to_account_transactions_table',1),(269,'2021_07_08_065808_add_additional_expense_columns_to_transaction_table',1),(270,'2021_07_13_082918_add_qr_code_columns_to_invoice_layouts_table',1),(271,'2021_07_21_061615_add_fields_to_show_commission_agent_in_invoice_layout',1),(272,'2021_08_13_105549_add_crm_contact_id_to_users_table',1),(273,'2021_08_25_114932_add_payment_link_fields_to_transaction_payments_table',1),(274,'2021_09_01_063110_add_spg_column_to_discounts_table',1),(275,'2021_09_03_061528_modify_cash_register_transactions_table',1),(276,'2021_10_05_061658_add_source_column_to_transactions_table',1),(277,'2021_12_16_121851_add_parent_id_column_to_expense_categories_table',1),(278,'2022_04_14_075120_add_payment_type_column_to_transaction_payments_table',1),(279,'2022_04_21_083327_create_cash_denominations_table',1),(280,'2022_05_10_055307_add_delivery_date_column_to_transactions_table',1),(281,'2022_06_13_123135_add_currency_precision_and_quantity_precision_fields_to_business_table',1),(282,'2022_06_28_133342_add_secondary_unit_columns_to_products_sell_line_purchase_lines_tables',1),(283,'2022_07_13_114307_create_purchase_requisition_related_columns',1),(284,'2022_08_25_132707_add_service_staff_timer_fields_to_products_and_users_table',1),(285,'2023_01_28_114255_add_letter_head_column_to_invoice_layouts_table',1),(286,'2023_02_11_161510_add_event_column_to_activity_log_table',1),(287,'2023_02_11_161511_add_batch_uuid_column_to_activity_log_table',1),(288,'2023_03_02_170312_add_provider_to_oauth_clients_table',1),(289,'2023_03_21_122731_add_sale_invoice_scheme_id_business_table',1),(290,'2023_03_21_170446_add_number_type_to_invoice_scheme',1),(291,'2023_04_17_155216_add_custom_fields_to_products',1),(292,'2023_04_28_130247_add_price_type_to_group_price_table',1),(293,'2023_06_21_033923_add_delivery_person_in_transactions',1),(294,'2023_09_13_153555_add_service_staff_pin_columns_in_users',1),(295,'2023_09_15_154404_add_is_kitchen_order_in_transactions',1),(296,'2023_12_06_152840_add_contact_type_in_contacts',1),(297,'2018_06_27_185405_create_packages_table',2),(298,'2018_06_28_182803_create_subscriptions_table',2),(299,'2018_07_17_182021_add_rows_to_system_table',2),(300,'2018_07_19_131721_add_options_to_packages_table',2),(301,'2018_08_17_155534_add_min_termination_alert_days',2),(302,'2018_08_28_105945_add_business_based_username_settings_to_system_table',2),(303,'2018_08_30_105906_add_superadmin_communicator_logs_table',2),(304,'2018_11_02_130636_add_custom_permissions_to_packages_table',2),(305,'2018_11_05_161848_add_more_fields_to_packages_table',2),(306,'2018_12_10_124621_modify_system_table_values_null_default',2),(307,'2019_05_10_135434_add_missing_database_column_indexes',2),(308,'2019_08_16_115300_create_superadmin_frontend_pages_table',2),(309,'2023_06_10_132121_create_coupons_table',2),(310,'2023_06_16_141928_add_column_in_subscriptions',2),(311,'2023_06_29_183442_add_mark_package_as_popular',2),(312,'2023_07_04_151432_add_column_business',2),(313,'2023_07_13_191306_add_businesses_column_in_coupons',2),(314,'2018_10_01_151252_create_documents_table',3),(315,'2018_10_02_151803_create_document_shares_table',3),(316,'2018_10_09_134558_create_reminders_table',3),(317,'2018_11_16_170756_create_to_dos_table',3),(318,'2019_02_22_120329_essentials_messages',3),(319,'2019_02_22_161513_add_message_permissions',3),(320,'2019_03_29_164339_add_essentials_version_to_system_table',3),(321,'2019_05_17_153306_create_essentials_leave_types_table',3),(322,'2019_05_17_175921_create_essentials_leaves_table',3),(323,'2019_05_21_154517_add_essentials_settings_columns_to_business_table',3),(324,'2019_05_21_181653_create_table_essentials_attendance',3),(325,'2019_05_30_110049_create_essentials_payrolls_table',3),(326,'2019_06_04_105723_create_essentials_holidays_table',3),(327,'2019_06_28_134217_add_payroll_columns_to_transactions_table',3),(328,'2019_08_26_103520_add_approve_leave_permission',3),(329,'2019_08_27_103724_create_essentials_allowance_and_deduction_table',3),(330,'2019_08_27_105236_create_essentials_user_allowances_and_deductions',3),(331,'2019_09_20_115906_add_more_columns_to_essentials_to_dos_table',3),(332,'2019_09_23_120439_create_essentials_todo_comments_table',3),(333,'2019_12_05_170724_add_hrm_columns_to_users_table',3),(334,'2019_12_09_105809_add_allowance_and_deductions_permission',3),(335,'2020_03_28_152838_create_essentials_shift_table',3),(336,'2020_03_30_162029_create_user_shifts_table',3),(337,'2020_03_31_134558_add_shift_id_to_attendance_table',3),(338,'2020_11_05_105157_modify_todos_date_column_type',3),(339,'2020_11_11_174852_add_end_time_column_to_essentials_reminders_table',3),(340,'2020_11_26_170527_create_essentials_kb_table',3),(341,'2020_11_30_112615_create_essentials_kb_users_table',3),(342,'2021_02_12_185514_add_clock_in_location_to_essentials_attendances_table',3),(343,'2021_02_16_190203_add_essentials_module_indexing',3),(344,'2021_02_27_133448_add_columns_to_users_table',3),(345,'2021_03_04_174857_create_payroll_groups_table',3),(346,'2021_03_04_175025_create_payroll_group_transactions_table',3),(347,'2021_03_09_123914_add_auto_clockout_to_essentials_shifts',3),(348,'2021_06_17_121451_add_location_id_to_table',3),(349,'2021_09_28_091541_create_essentials_user_sales_targets_table',3),(350,'2019_07_15_114211_add_manufacturing_module_version_to_system_table',4),(351,'2019_07_15_114403_create_mfg_recipes_table',4),(352,'2019_07_18_180217_add_production_columns_to_transactions_table',4),(353,'2019_07_26_110753_add_manufacturing_settings_column_to_business_table',4),(354,'2019_07_26_170450_add_manufacturing_permissions',4),(355,'2019_08_08_110035_create_mfg_recipe_ingredients_table',4),(356,'2019_08_08_172837_add_recipe_add_edit_permissions',4),(357,'2019_08_12_114610_add_ingredient_waste_percent_columns',4),(358,'2019_11_05_115136_create_ingredient_groups_table',4),(359,'2020_02_22_120303_add_column_to_mfg_recipe_ingredients_table',4),(360,'2020_08_19_103831_add_production_cost_type_to_recipe_and_transaction_table',4),(361,'2021_02_16_190302_add_manufacturing_module_indexing',4),(362,'2021_04_07_154331_add_mfg_ingredient_group_id_to_transaction_sell_lines_table',4),(363,'2020_08_18_123107_add_connector_module_version_to_system_table',5),(364,'2022_10_31_115725_create_accounting_account_types_table',6),(365,'2022_11_01_104108_create_accounting_accounts_table',6),(366,'2022_11_10_135427_create_accounts_transactions_table',6),(367,'2022_11_14_171948_create_accounting_acc_trans_mapping',6),(368,'2022_12_02_133536_create_accounting_budgets_table',6),(369,'2022_12_19_124743_add_accounting_settings_column_to_business_table',6),(370,'2022_12_26_182821_AddAccountingModuleVersionToSystemTable',6),(371,'2023_05_25_131005_add_default_map_transactions_fields',6);

--
-- Table structure for table `model_has_permissions`
--

CREATE TABLE `model_has_permissions` (
  `permission_id` int unsigned NOT NULL,
  `model_type` varchar(191) CHARACTER SET utf8mb4 COLLATE utf8mb4_unicode_ci NOT NULL,
  `model_id` bigint unsigned NOT NULL,
  PRIMARY KEY (`permission_id`,`model_id`,`model_type`),
  KEY `model_has_permissions_model_type_model_id_index` (`model_type`,`model_id`),
  CONSTRAINT `model_has_permissions_permission_id_foreign` FOREIGN KEY (`permission_id`) REFERENCES `permissions` (`id`) ON DELETE CASCADE
) ENGINE=InnoDB DEFAULT CHARSET=utf8mb4 COLLATE=utf8mb4_unicode_ci;

--
-- Dumping data for table `model_has_permissions`
--


--
-- Table structure for table `model_has_roles`
--

CREATE TABLE `model_has_roles` (
  `role_id` int unsigned NOT NULL,
  `model_type` varchar(191) CHARACTER SET utf8mb4 COLLATE utf8mb4_unicode_ci NOT NULL,
  `model_id` bigint unsigned NOT NULL,
  PRIMARY KEY (`role_id`,`model_id`,`model_type`),
  KEY `model_has_roles_model_type_model_id_index` (`model_type`,`model_id`),
  CONSTRAINT `model_has_roles_role_id_foreign` FOREIGN KEY (`role_id`) REFERENCES `roles` (`id`) ON DELETE CASCADE
) ENGINE=InnoDB DEFAULT CHARSET=utf8mb4 COLLATE=utf8mb4_unicode_ci;

--
-- Dumping data for table `model_has_roles`
--

INSERT INTO `model_has_roles` VALUES (1,'App\\User',1),(3,'App\\User',2),(5,'App\\User',3);

--
-- Table structure for table `notification_templates`
--

CREATE TABLE `notification_templates` (
  `id` int unsigned NOT NULL AUTO_INCREMENT,
  `business_id` int NOT NULL,
  `template_for` varchar(191) CHARACTER SET utf8mb4 COLLATE utf8mb4_unicode_ci NOT NULL,
  `email_body` text CHARACTER SET utf8mb4 COLLATE utf8mb4_unicode_ci,
  `sms_body` text CHARACTER SET utf8mb4 COLLATE utf8mb4_unicode_ci,
  `whatsapp_text` text CHARACTER SET utf8mb4 COLLATE utf8mb4_unicode_ci,
  `subject` varchar(191) CHARACTER SET utf8mb4 COLLATE utf8mb4_unicode_ci DEFAULT NULL,
  `cc` varchar(191) CHARACTER SET utf8mb4 COLLATE utf8mb4_unicode_ci DEFAULT NULL,
  `bcc` varchar(191) CHARACTER SET utf8mb4 COLLATE utf8mb4_unicode_ci DEFAULT NULL,
  `auto_send` tinyint(1) NOT NULL DEFAULT '0',
  `auto_send_sms` tinyint(1) NOT NULL DEFAULT '0',
  `auto_send_wa_notif` tinyint(1) NOT NULL DEFAULT '0',
  `created_at` timestamp NULL DEFAULT NULL,
  `updated_at` timestamp NULL DEFAULT NULL,
  PRIMARY KEY (`id`)
) ENGINE=InnoDB AUTO_INCREMENT=31 DEFAULT CHARSET=utf8mb4 COLLATE=utf8mb4_unicode_ci;

--
-- Dumping data for table `notification_templates`
--

INSERT INTO `notification_templates` VALUES (1,1,'new_sale','<p>Dear {contact_name},</p>\n\n                    <p>Your invoice number is {invoice_number}<br />\n                    Total amount: {total_amount}<br />\n                    Paid amount: {received_amount}</p>\n\n                    <p>Thank you for shopping with us.</p>\n\n                    <p>{business_logo}</p>\n\n                    <p>&nbsp;</p>','Dear {contact_name}, Thank you for shopping with us. {business_name}',NULL,'Thank you from {business_name}',NULL,NULL,0,0,0,'2024-10-16 23:43:09','2024-10-16 23:43:09'),(2,1,'payment_received','<p>Dear {contact_name},</p>\n\n                <p>We have received a payment of {received_amount}</p>\n\n                <p>{business_logo}</p>','Dear {contact_name}, We have received a payment of {received_amount}. {business_name}',NULL,'Payment Received, from {business_name}',NULL,NULL,0,0,0,'2024-10-16 23:43:09','2024-10-16 23:43:09'),(3,1,'payment_reminder','<p>Dear {contact_name},</p>\n\n                    <p>This is to remind you that you have pending payment of {due_amount}. Kindly pay it as soon as possible.</p>\n\n                    <p>{business_logo}</p>','Dear {contact_name}, You have pending payment of {due_amount}. Kindly pay it as soon as possible. {business_name}',NULL,'Payment Reminder, from {business_name}',NULL,NULL,0,0,0,'2024-10-16 23:43:09','2024-10-16 23:43:09'),(4,1,'new_booking','<p>Dear {contact_name},</p>\n\n                    <p>Your booking is confirmed</p>\n\n                    <p>Date: {start_time} to {end_time}</p>\n\n                    <p>Table: {table}</p>\n\n                    <p>Location: {location}</p>\n\n                    <p>{business_logo}</p>','Dear {contact_name}, Your booking is confirmed. Date: {start_time} to {end_time}, Table: {table}, Location: {location}',NULL,'Booking Confirmed - {business_name}',NULL,NULL,0,0,0,'2024-10-16 23:43:09','2024-10-16 23:43:09'),(5,1,'new_order','<p>Dear {contact_name},</p>\n\n                    <p>We have a new order with reference number {order_ref_number}. Kindly process the products as soon as possible.</p>\n\n                    <p>{business_name}<br />\n                    {business_logo}</p>','Dear {contact_name}, We have a new order with reference number {order_ref_number}. Kindly process the products as soon as possible. {business_name}',NULL,'New Order, from {business_name}',NULL,NULL,0,0,0,'2024-10-16 23:43:09','2024-10-16 23:43:09'),(6,1,'payment_paid','<p>Dear {contact_name},</p>\n\n                    <p>We have paid amount {paid_amount} again invoice number {order_ref_number}.<br />\n                    Kindly note it down.</p>\n\n                    <p>{business_name}<br />\n                    {business_logo}</p>','We have paid amount {paid_amount} again invoice number {order_ref_number}.\n                    Kindly note it down. {business_name}',NULL,'Payment Paid, from {business_name}',NULL,NULL,0,0,0,'2024-10-16 23:43:09','2024-10-16 23:43:09'),(7,1,'items_received','<p>Dear {contact_name},</p>\n\n                    <p>We have received all items from invoice reference number {order_ref_number}. Thank you for processing it.</p>\n\n                    <p>{business_name}<br />\n                    {business_logo}</p>','We have received all items from invoice reference number {order_ref_number}. Thank you for processing it. {business_name}',NULL,'Items received, from {business_name}',NULL,NULL,0,0,0,'2024-10-16 23:43:09','2024-10-16 23:43:09'),(8,1,'items_pending','<p>Dear {contact_name},<br />\n                    This is to remind you that we have not yet received some items from invoice reference number {order_ref_number}. Please process it as soon as possible.</p>\n\n                    <p>{business_name}<br />\n                    {business_logo}</p>','This is to remind you that we have not yet received some items from invoice reference number {order_ref_number} . Please process it as soon as possible.{business_name}',NULL,'Items Pending, from {business_name}',NULL,NULL,0,0,0,'2024-10-16 23:43:09','2024-10-16 23:43:09'),(9,1,'new_quotation','<p>Dear {contact_name},</p>\n\n                    <p>Your quotation number is {invoice_number}<br />\n                    Total amount: {total_amount}</p>\n\n                    <p>Thank you for shopping with us.</p>\n\n                    <p>{business_logo}</p>\n\n                    <p>&nbsp;</p>','Dear {contact_name}, Thank you for shopping with us. {business_name}',NULL,'Thank you from {business_name}',NULL,NULL,0,0,0,'2024-10-16 23:43:09','2024-10-16 23:43:09'),(10,1,'purchase_order','<p>Dear {contact_name},</p>\n\n                    <p>We have a new purchase order with reference number {order_ref_number}. The respective invoice is attached here with.</p>\n\n                    <p>{business_logo}</p>','We have a new purchase order with reference number {order_ref_number}. {business_name}',NULL,'New Purchase Order, from {business_name}',NULL,NULL,0,0,0,'2024-10-16 23:43:09','2024-10-16 23:43:09'),(11,2,'new_sale','<p>Dear {contact_name},</p>\n\n                    <p>Your invoice number is {invoice_number}<br />\n                    Total amount: {total_amount}<br />\n                    Paid amount: {received_amount}</p>\n\n                    <p>Thank you for shopping with us.</p>\n\n                    <p>{business_logo}</p>\n\n                    <p>&nbsp;</p>','Dear {contact_name}, Thank you for shopping with us. {business_name}',NULL,'Thank you from {business_name}',NULL,NULL,0,0,0,'2024-10-16 23:54:01','2024-10-16 23:54:01'),(12,2,'payment_received','<p>Dear {contact_name},</p>\n\n                <p>We have received a payment of {received_amount}</p>\n\n                <p>{business_logo}</p>','Dear {contact_name}, We have received a payment of {received_amount}. {business_name}',NULL,'Payment Received, from {business_name}',NULL,NULL,0,0,0,'2024-10-16 23:54:01','2024-10-16 23:54:01'),(13,2,'payment_reminder','<p>Dear {contact_name},</p>\n\n                    <p>This is to remind you that you have pending payment of {due_amount}. Kindly pay it as soon as possible.</p>\n\n                    <p>{business_logo}</p>','Dear {contact_name}, You have pending payment of {due_amount}. Kindly pay it as soon as possible. {business_name}',NULL,'Payment Reminder, from {business_name}',NULL,NULL,0,0,0,'2024-10-16 23:54:01','2024-10-16 23:54:01'),(14,2,'new_booking','<p>Dear {contact_name},</p>\n\n                    <p>Your booking is confirmed</p>\n\n                    <p>Date: {start_time} to {end_time}</p>\n\n                    <p>Table: {table}</p>\n\n                    <p>Location: {location}</p>\n\n                    <p>{business_logo}</p>','Dear {contact_name}, Your booking is confirmed. Date: {start_time} to {end_time}, Table: {table}, Location: {location}',NULL,'Booking Confirmed - {business_name}',NULL,NULL,0,0,0,'2024-10-16 23:54:01','2024-10-16 23:54:01'),(15,2,'new_order','<p>Dear {contact_name},</p>\n\n                    <p>We have a new order with reference number {order_ref_number}. Kindly process the products as soon as possible.</p>\n\n                    <p>{business_name}<br />\n                    {business_logo}</p>','Dear {contact_name}, We have a new order with reference number {order_ref_number}. Kindly process the products as soon as possible. {business_name}',NULL,'New Order, from {business_name}',NULL,NULL,0,0,0,'2024-10-16 23:54:01','2024-10-16 23:54:01'),(16,2,'payment_paid','<p>Dear {contact_name},</p>\n\n                    <p>We have paid amount {paid_amount} again invoice number {order_ref_number}.<br />\n                    Kindly note it down.</p>\n\n                    <p>{business_name}<br />\n                    {business_logo}</p>','We have paid amount {paid_amount} again invoice number {order_ref_number}.\n                    Kindly note it down. {business_name}',NULL,'Payment Paid, from {business_name}',NULL,NULL,0,0,0,'2024-10-16 23:54:01','2024-10-16 23:54:01'),(17,2,'items_received','<p>Dear {contact_name},</p>\n\n                    <p>We have received all items from invoice reference number {order_ref_number}. Thank you for processing it.</p>\n\n                    <p>{business_name}<br />\n                    {business_logo}</p>','We have received all items from invoice reference number {order_ref_number}. Thank you for processing it. {business_name}',NULL,'Items received, from {business_name}',NULL,NULL,0,0,0,'2024-10-16 23:54:01','2024-10-16 23:54:01'),(18,2,'items_pending','<p>Dear {contact_name},<br />\n                    This is to remind you that we have not yet received some items from invoice reference number {order_ref_number}. Please process it as soon as possible.</p>\n\n                    <p>{business_name}<br />\n                    {business_logo}</p>','This is to remind you that we have not yet received some items from invoice reference number {order_ref_number} . Please process it as soon as possible.{business_name}',NULL,'Items Pending, from {business_name}',NULL,NULL,0,0,0,'2024-10-16 23:54:01','2024-10-16 23:54:01'),(19,2,'new_quotation','<p>Dear {contact_name},</p>\n\n                    <p>Your quotation number is {invoice_number}<br />\n                    Total amount: {total_amount}</p>\n\n                    <p>Thank you for shopping with us.</p>\n\n                    <p>{business_logo}</p>\n\n                    <p>&nbsp;</p>','Dear {contact_name}, Thank you for shopping with us. {business_name}',NULL,'Thank you from {business_name}',NULL,NULL,0,0,0,'2024-10-16 23:54:01','2024-10-16 23:54:01'),(20,2,'purchase_order','<p>Dear {contact_name},</p>\n\n                    <p>We have a new purchase order with reference number {order_ref_number}. The respective invoice is attached here with.</p>\n\n                    <p>{business_logo}</p>','We have a new purchase order with reference number {order_ref_number}. {business_name}',NULL,'New Purchase Order, from {business_name}',NULL,NULL,0,0,0,'2024-10-16 23:54:01','2024-10-16 23:54:01'),(21,3,'new_sale','<p>Dear {contact_name},</p>\n\n                    <p>Your invoice number is {invoice_number}<br />\n                    Total amount: {total_amount}<br />\n                    Paid amount: {received_amount}</p>\n\n                    <p>Thank you for shopping with us.</p>\n\n                    <p>{business_logo}</p>\n\n                    <p>&nbsp;</p>','Dear {contact_name}, Thank you for shopping with us. {business_name}',NULL,'Thank you from {business_name}',NULL,NULL,0,0,0,'2025-01-06 20:01:31','2025-01-06 20:01:31'),(22,3,'payment_received','<p>Dear {contact_name},</p>\n\n                <p>We have received a payment of {received_amount}</p>\n\n                <p>{business_logo}</p>','Dear {contact_name}, We have received a payment of {received_amount}. {business_name}',NULL,'Payment Received, from {business_name}',NULL,NULL,0,0,0,'2025-01-06 20:01:31','2025-01-06 20:01:31'),(23,3,'payment_reminder','<p>Dear {contact_name},</p>\n\n                    <p>This is to remind you that you have pending payment of {due_amount}. Kindly pay it as soon as possible.</p>\n\n                    <p>{business_logo}</p>','Dear {contact_name}, You have pending payment of {due_amount}. Kindly pay it as soon as possible. {business_name}',NULL,'Payment Reminder, from {business_name}',NULL,NULL,0,0,0,'2025-01-06 20:01:31','2025-01-06 20:01:31'),(24,3,'new_booking','<p>Dear {contact_name},</p>\n\n                    <p>Your booking is confirmed</p>\n\n                    <p>Date: {start_time} to {end_time}</p>\n\n                    <p>Table: {table}</p>\n\n                    <p>Location: {location}</p>\n\n                    <p>{business_logo}</p>','Dear {contact_name}, Your booking is confirmed. Date: {start_time} to {end_time}, Table: {table}, Location: {location}',NULL,'Booking Confirmed - {business_name}',NULL,NULL,0,0,0,'2025-01-06 20:01:31','2025-01-06 20:01:31'),(25,3,'new_order','<p>Dear {contact_name},</p>\n\n                    <p>We have a new order with reference number {order_ref_number}. Kindly process the products as soon as possible.</p>\n\n                    <p>{business_name}<br />\n                    {business_logo}</p>','Dear {contact_name}, We have a new order with reference number {order_ref_number}. Kindly process the products as soon as possible. {business_name}',NULL,'New Order, from {business_name}',NULL,NULL,0,0,0,'2025-01-06 20:01:31','2025-01-06 20:01:31'),(26,3,'payment_paid','<p>Dear {contact_name},</p>\n\n                    <p>We have paid amount {paid_amount} again invoice number {order_ref_number}.<br />\n                    Kindly note it down.</p>\n\n                    <p>{business_name}<br />\n                    {business_logo}</p>','We have paid amount {paid_amount} again invoice number {order_ref_number}.\n                    Kindly note it down. {business_name}',NULL,'Payment Paid, from {business_name}',NULL,NULL,0,0,0,'2025-01-06 20:01:31','2025-01-06 20:01:31'),(27,3,'items_received','<p>Dear {contact_name},</p>\n\n                    <p>We have received all items from invoice reference number {order_ref_number}. Thank you for processing it.</p>\n\n                    <p>{business_name}<br />\n                    {business_logo}</p>','We have received all items from invoice reference number {order_ref_number}. Thank you for processing it. {business_name}',NULL,'Items received, from {business_name}',NULL,NULL,0,0,0,'2025-01-06 20:01:31','2025-01-06 20:01:31'),(28,3,'items_pending','<p>Dear {contact_name},<br />\n                    This is to remind you that we have not yet received some items from invoice reference number {order_ref_number}. Please process it as soon as possible.</p>\n\n                    <p>{business_name}<br />\n                    {business_logo}</p>','This is to remind you that we have not yet received some items from invoice reference number {order_ref_number} . Please process it as soon as possible.{business_name}',NULL,'Items Pending, from {business_name}',NULL,NULL,0,0,0,'2025-01-06 20:01:31','2025-01-06 20:01:31'),(29,3,'new_quotation','<p>Dear {contact_name},</p>\n\n                    <p>Your quotation number is {invoice_number}<br />\n                    Total amount: {total_amount}</p>\n\n                    <p>Thank you for shopping with us.</p>\n\n                    <p>{business_logo}</p>\n\n                    <p>&nbsp;</p>','Dear {contact_name}, Thank you for shopping with us. {business_name}',NULL,'Thank you from {business_name}',NULL,NULL,0,0,0,'2025-01-06 20:01:31','2025-01-06 20:01:31'),(30,3,'purchase_order','<p>Dear {contact_name},</p>\n\n                    <p>We have a new purchase order with reference number {order_ref_number}. The respective invoice is attached here with.</p>\n\n                    <p>{business_logo}</p>','We have a new purchase order with reference number {order_ref_number}. {business_name}',NULL,'New Purchase Order, from {business_name}',NULL,NULL,0,0,0,'2025-01-06 20:01:31','2025-01-06 20:01:31');

--
-- Table structure for table `notifications`
--

CREATE TABLE `notifications` (
  `id` char(36) CHARACTER SET utf8mb4 COLLATE utf8mb4_unicode_ci NOT NULL,
  `type` varchar(191) CHARACTER SET utf8mb4 COLLATE utf8mb4_unicode_ci NOT NULL,
  `notifiable_type` varchar(191) CHARACTER SET utf8mb4 COLLATE utf8mb4_unicode_ci NOT NULL,
  `notifiable_id` bigint unsigned NOT NULL,
  `data` text CHARACTER SET utf8mb4 COLLATE utf8mb4_unicode_ci NOT NULL,
  `read_at` timestamp NULL DEFAULT NULL,
  `created_at` timestamp NULL DEFAULT NULL,
  `updated_at` timestamp NULL DEFAULT NULL,
  PRIMARY KEY (`id`),
  KEY `notifications_notifiable_type_notifiable_id_index` (`notifiable_type`,`notifiable_id`)
) ENGINE=InnoDB DEFAULT CHARSET=utf8mb4 COLLATE=utf8mb4_unicode_ci;

--
-- Dumping data for table `notifications`
--


--
-- Table structure for table `oauth_auth_codes`
--

CREATE TABLE `oauth_auth_codes` (
  `id` varchar(100) CHARACTER SET utf8mb4 COLLATE utf8mb4_unicode_ci NOT NULL,
  `user_id` bigint NOT NULL,
  `client_id` int unsigned NOT NULL,
  `scopes` text CHARACTER SET utf8mb4 COLLATE utf8mb4_unicode_ci,
  `revoked` tinyint(1) NOT NULL,
  `expires_at` datetime DEFAULT NULL,
  PRIMARY KEY (`id`)
) ENGINE=InnoDB DEFAULT CHARSET=utf8mb4 COLLATE=utf8mb4_unicode_ci;

--
-- Dumping data for table `oauth_auth_codes`
--


--
-- Table structure for table `oauth_personal_access_clients`
--

CREATE TABLE `oauth_personal_access_clients` (
  `id` int unsigned NOT NULL AUTO_INCREMENT,
  `client_id` int unsigned NOT NULL,
  `created_at` timestamp NULL DEFAULT NULL,
  `updated_at` timestamp NULL DEFAULT NULL,
  PRIMARY KEY (`id`),
  KEY `oauth_personal_access_clients_client_id_index` (`client_id`)
) ENGINE=InnoDB AUTO_INCREMENT=2 DEFAULT CHARSET=utf8mb4 COLLATE=utf8mb4_unicode_ci;

--
-- Dumping data for table `oauth_personal_access_clients`
--

INSERT INTO `oauth_personal_access_clients` VALUES (1,1,'2025-01-06 18:29:17','2025-01-06 18:29:17');

--
-- Table structure for table `packages`
--

CREATE TABLE `packages` (
  `id` int unsigned NOT NULL AUTO_INCREMENT,
  `name` varchar(191) CHARACTER SET utf8mb4 COLLATE utf8mb4_unicode_ci NOT NULL,
  `description` text CHARACTER SET utf8mb4 COLLATE utf8mb4_unicode_ci NOT NULL,
  `location_count` int NOT NULL COMMENT 'No. of Business Locations, 0 = infinite option.',
  `user_count` int NOT NULL,
  `product_count` int NOT NULL,
  `bookings` tinyint(1) NOT NULL DEFAULT '0' COMMENT 'Enable/Disable bookings',
  `kitchen` tinyint(1) NOT NULL DEFAULT '0' COMMENT 'Enable/Disable kitchen',
  `order_screen` tinyint(1) NOT NULL DEFAULT '0' COMMENT 'Enable/Disable order_screen',
  `tables` tinyint(1) NOT NULL DEFAULT '0' COMMENT 'Enable/Disable tables',
  `invoice_count` int NOT NULL,
  `interval` enum('days','months','years') CHARACTER SET utf8mb4 COLLATE utf8mb4_unicode_ci NOT NULL,
  `interval_count` int NOT NULL,
  `trial_days` int NOT NULL,
  `price` decimal(22,4) NOT NULL,
  `custom_permissions` longtext CHARACTER SET utf8mb4 COLLATE utf8mb4_unicode_ci NOT NULL,
  `created_by` int NOT NULL,
  `sort_order` int NOT NULL DEFAULT '0',
  `is_active` tinyint(1) NOT NULL,
  `mark_package_as_popular` tinyint(1) NOT NULL,
  `businesses` longtext CHARACTER SET utf8mb4 COLLATE utf8mb4_unicode_ci,
  `is_private` tinyint(1) NOT NULL DEFAULT '0',
  `is_one_time` tinyint(1) NOT NULL DEFAULT '0',
  `enable_custom_link` tinyint(1) NOT NULL DEFAULT '0',
  `custom_link` varchar(191) CHARACTER SET utf8mb4 COLLATE utf8mb4_unicode_ci DEFAULT NULL,
  `custom_link_text` varchar(191) CHARACTER SET utf8mb4 COLLATE utf8mb4_unicode_ci DEFAULT NULL,
  `deleted_at` timestamp NULL DEFAULT NULL,
  `created_at` timestamp NULL DEFAULT NULL,
  `updated_at` timestamp NULL DEFAULT NULL,
  PRIMARY KEY (`id`)
) ENGINE=InnoDB AUTO_INCREMENT=3 DEFAULT CHARSET=utf8mb4 COLLATE=utf8mb4_unicode_ci;

--
-- Dumping data for table `packages`
--

INSERT INTO `packages` VALUES (1,'Pulse','Pulse',0,0,0,0,0,0,0,0,'years',1,30,0.0000,'{\"essentials_module\":\"1\"}',1,1,1,0,NULL,0,0,0,'','',NULL,'2024-10-17 10:36:08','2024-10-17 10:36:08'),(2,'hello','hello package',0,10,0,0,0,0,0,0,'months',1,30,100.0000,'{\"accounting_module\":\"1\",\"connector_module\":\"1\",\"essentials_module\":\"1\",\"manufacturing_module\":\"1\"}',1,1,1,1,NULL,0,0,0,'','',NULL,'2025-01-06 20:02:49','2025-01-06 20:02:49');

--
-- Table structure for table `permissions`
--

CREATE TABLE `permissions` (
  `id` int unsigned NOT NULL AUTO_INCREMENT,
  `name` varchar(191) CHARACTER SET utf8mb4 COLLATE utf8mb4_unicode_ci NOT NULL,
  `guard_name` varchar(191) CHARACTER SET utf8mb4 COLLATE utf8mb4_unicode_ci NOT NULL,
  `created_at` timestamp NULL DEFAULT NULL,
  `updated_at` timestamp NULL DEFAULT NULL,
  PRIMARY KEY (`id`)
) ENGINE=InnoDB AUTO_INCREMENT=97 DEFAULT CHARSET=utf8mb4 COLLATE=utf8mb4_unicode_ci;

--
-- Dumping data for table `permissions`
--

INSERT INTO `permissions` VALUES (1,'profit_loss_report.view','web','2024-10-16 23:40:53',NULL),(2,'direct_sell.access','web','2024-10-16 23:40:53',NULL),(3,'product.opening_stock','web','2024-10-16 23:40:56','2024-10-16 23:40:56'),(4,'crud_all_bookings','web','2024-10-16 23:40:57','2024-10-16 23:40:57'),(5,'crud_own_bookings','web','2024-10-16 23:40:57','2024-10-16 23:40:57'),(6,'access_default_selling_price','web','2024-10-16 23:40:59','2024-10-16 23:40:59'),(7,'purchase.payments','web','2024-10-16 23:41:00','2024-10-16 23:41:00'),(8,'sell.payments','web','2024-10-16 23:41:00','2024-10-16 23:41:00'),(9,'edit_product_price_from_sale_screen','web','2024-10-16 23:41:00','2024-10-16 23:41:00'),(10,'edit_product_discount_from_sale_screen','web','2024-10-16 23:41:00','2024-10-16 23:41:00'),(11,'roles.view','web','2024-10-16 23:41:00','2024-10-16 23:41:00'),(12,'roles.create','web','2024-10-16 23:41:00','2024-10-16 23:41:00'),(13,'roles.update','web','2024-10-16 23:41:00','2024-10-16 23:41:00'),(14,'roles.delete','web','2024-10-16 23:41:00','2024-10-16 23:41:00'),(15,'account.access','web','2024-10-16 23:41:01','2024-10-16 23:41:01'),(16,'discount.access','web','2024-10-16 23:41:01','2024-10-16 23:41:01'),(17,'view_purchase_price','web','2024-10-16 23:41:02','2024-10-16 23:41:02'),(18,'view_own_sell_only','web','2024-10-16 23:41:02','2024-10-16 23:41:02'),(19,'edit_product_discount_from_pos_screen','web','2024-10-16 23:41:04','2024-10-16 23:41:04'),(20,'edit_product_price_from_pos_screen','web','2024-10-16 23:41:04','2024-10-16 23:41:04'),(21,'access_shipping','web','2024-10-16 23:41:04','2024-10-16 23:41:04'),(22,'purchase.update_status','web','2024-10-16 23:41:04','2024-10-16 23:41:04'),(23,'list_drafts','web','2024-10-16 23:41:05','2024-10-16 23:41:05'),(24,'list_quotations','web','2024-10-16 23:41:05','2024-10-16 23:41:05'),(25,'view_cash_register','web','2024-10-16 23:41:08','2024-10-16 23:41:08'),(26,'close_cash_register','web','2024-10-16 23:41:08','2024-10-16 23:41:08'),(27,'print_invoice','web','2024-10-16 23:41:11','2024-10-16 23:41:11'),(28,'user.view','web','2024-10-16 23:41:14',NULL),(29,'user.create','web','2024-10-16 23:41:14',NULL),(30,'user.update','web','2024-10-16 23:41:14',NULL),(31,'user.delete','web','2024-10-16 23:41:14',NULL),(32,'supplier.view','web','2024-10-16 23:41:14',NULL),(33,'supplier.create','web','2024-10-16 23:41:14',NULL),(34,'supplier.update','web','2024-10-16 23:41:14',NULL),(35,'supplier.delete','web','2024-10-16 23:41:14',NULL),(36,'customer.view','web','2024-10-16 23:41:14',NULL),(37,'customer.create','web','2024-10-16 23:41:14',NULL),(38,'customer.update','web','2024-10-16 23:41:14',NULL),(39,'customer.delete','web','2024-10-16 23:41:14',NULL),(40,'product.view','web','2024-10-16 23:41:14',NULL),(41,'product.create','web','2024-10-16 23:41:14',NULL),(42,'product.update','web','2024-10-16 23:41:14',NULL),(43,'product.delete','web','2024-10-16 23:41:14',NULL),(44,'purchase.view','web','2024-10-16 23:41:14',NULL),(45,'purchase.create','web','2024-10-16 23:41:14',NULL),(46,'purchase.update','web','2024-10-16 23:41:14',NULL),(47,'purchase.delete','web','2024-10-16 23:41:14',NULL),(48,'sell.view','web','2024-10-16 23:41:14',NULL),(49,'sell.create','web','2024-10-16 23:41:14',NULL),(50,'sell.update','web','2024-10-16 23:41:14',NULL),(51,'sell.delete','web','2024-10-16 23:41:14',NULL),(52,'purchase_n_sell_report.view','web','2024-10-16 23:41:14',NULL),(53,'contacts_report.view','web','2024-10-16 23:41:14',NULL),(54,'stock_report.view','web','2024-10-16 23:41:14',NULL),(55,'tax_report.view','web','2024-10-16 23:41:14',NULL),(56,'trending_product_report.view','web','2024-10-16 23:41:14',NULL),(57,'register_report.view','web','2024-10-16 23:41:14',NULL),(58,'sales_representative.view','web','2024-10-16 23:41:14',NULL),(59,'expense_report.view','web','2024-10-16 23:41:14',NULL),(60,'business_settings.access','web','2024-10-16 23:41:14',NULL),(61,'barcode_settings.access','web','2024-10-16 23:41:14',NULL),(62,'invoice_settings.access','web','2024-10-16 23:41:14',NULL),(63,'brand.view','web','2024-10-16 23:41:14',NULL),(64,'brand.create','web','2024-10-16 23:41:14',NULL),(65,'brand.update','web','2024-10-16 23:41:14',NULL),(66,'brand.delete','web','2024-10-16 23:41:14',NULL),(67,'tax_rate.view','web','2024-10-16 23:41:14',NULL),(68,'tax_rate.create','web','2024-10-16 23:41:14',NULL),(69,'tax_rate.update','web','2024-10-16 23:41:14',NULL),(70,'tax_rate.delete','web','2024-10-16 23:41:14',NULL),(71,'unit.view','web','2024-10-16 23:41:14',NULL),(72,'unit.create','web','2024-10-16 23:41:14',NULL),(73,'unit.update','web','2024-10-16 23:41:14',NULL),(74,'unit.delete','web','2024-10-16 23:41:14',NULL),(75,'category.view','web','2024-10-16 23:41:14',NULL),(76,'category.create','web','2024-10-16 23:41:14',NULL),(77,'category.update','web','2024-10-16 23:41:14',NULL),(78,'category.delete','web','2024-10-16 23:41:14',NULL),(79,'expense.access','web','2024-10-16 23:41:14',NULL),(80,'access_all_locations','web','2024-10-16 23:41:14',NULL),(81,'dashboard.data','web','2024-10-16 23:41:14',NULL),(82,'location.1','web','2024-10-16 23:43:09','2024-10-16 23:43:09'),(83,'essentials.create_message','web','2024-10-16 23:49:13','2024-10-16 23:49:13'),(84,'essentials.view_message','web','2024-10-16 23:49:13','2024-10-16 23:49:13'),(85,'essentials.approve_leave','web','2024-10-16 23:49:14','2024-10-16 23:49:14'),(86,'essentials.assign_todos','web','2024-10-16 23:49:14','2024-10-16 23:49:14'),(87,'essentials.add_allowance_and_deduction','web','2024-10-16 23:49:15','2024-10-16 23:49:15'),(88,'location.2','web','2024-10-16 23:54:01','2024-10-16 23:54:01'),(89,'location.3','web','2024-12-25 03:18:28','2024-12-25 03:18:28'),(90,'manufacturing.access_recipe','web','2025-01-06 18:20:30','2025-01-06 18:20:30'),(91,'manufacturing.access_production','web','2025-01-06 18:20:30','2025-01-06 18:20:30'),(92,'manufacturing.add_recipe','web','2025-01-06 18:20:31','2025-01-06 18:20:31'),(93,'manufacturing.edit_recipe','web','2025-01-06 18:20:31','2025-01-06 18:20:31'),(94,'location.4','web','2025-01-06 20:01:31','2025-01-06 20:01:31'),(95,'selling_price_group.1','web','2025-01-11 02:09:24','2025-01-11 02:09:24'),(96,'selling_price_group.2','web','2025-01-13 15:16:49','2025-01-13 15:16:49');

--
-- Table structure for table `printers`
--

CREATE TABLE `printers` (
  `id` int unsigned NOT NULL AUTO_INCREMENT,
  `business_id` int unsigned NOT NULL,
  `name` varchar(191) CHARACTER SET utf8mb4 COLLATE utf8mb4_unicode_ci NOT NULL,
  `connection_type` enum('network','windows','linux') CHARACTER SET utf8mb4 COLLATE utf8mb4_unicode_ci NOT NULL,
  `capability_profile` enum('default','simple','SP2000','TEP-200M','P822D') CHARACTER SET utf8mb4 COLLATE utf8mb4_unicode_ci NOT NULL DEFAULT 'default',
  `char_per_line` varchar(191) CHARACTER SET utf8mb4 COLLATE utf8mb4_unicode_ci DEFAULT NULL,
  `ip_address` varchar(191) CHARACTER SET utf8mb4 COLLATE utf8mb4_unicode_ci DEFAULT NULL,
  `port` varchar(191) CHARACTER SET utf8mb4 COLLATE utf8mb4_unicode_ci DEFAULT NULL,
  `path` varchar(191) CHARACTER SET utf8mb4 COLLATE utf8mb4_unicode_ci DEFAULT NULL,
  `created_by` int unsigned NOT NULL,
  `created_at` timestamp NULL DEFAULT NULL,
  `updated_at` timestamp NULL DEFAULT NULL,
  PRIMARY KEY (`id`),
  KEY `printers_business_id_foreign` (`business_id`),
  CONSTRAINT `printers_business_id_foreign` FOREIGN KEY (`business_id`) REFERENCES `business` (`id`) ON DELETE CASCADE
) ENGINE=InnoDB DEFAULT CHARSET=utf8mb4 COLLATE=utf8mb4_unicode_ci;

--
-- Dumping data for table `printers`
--


--
-- Table structure for table `product_locations`
--

CREATE TABLE `product_locations` (
  `product_id` int NOT NULL,
  `location_id` int NOT NULL,
  KEY `product_locations_product_id_index` (`product_id`),
  KEY `product_locations_location_id_index` (`location_id`)
) ENGINE=InnoDB DEFAULT CHARSET=utf8mb4 COLLATE=utf8mb4_unicode_ci;

--
-- Dumping data for table `product_locations`
--

INSERT INTO `product_locations` VALUES (3,1),(3,3),(1,1),(1,3);

--
-- Table structure for table `product_racks`
--

CREATE TABLE `product_racks` (
  `id` int unsigned NOT NULL AUTO_INCREMENT,
  `business_id` int unsigned NOT NULL,
  `location_id` int unsigned NOT NULL,
  `product_id` int unsigned NOT NULL,
  `rack` varchar(191) CHARACTER SET utf8mb4 COLLATE utf8mb4_unicode_ci DEFAULT NULL,
  `row` varchar(191) CHARACTER SET utf8mb4 COLLATE utf8mb4_unicode_ci DEFAULT NULL,
  `position` varchar(191) CHARACTER SET utf8mb4 COLLATE utf8mb4_unicode_ci DEFAULT NULL,
  `created_at` timestamp NULL DEFAULT NULL,
  `updated_at` timestamp NULL DEFAULT NULL,
  PRIMARY KEY (`id`),
  KEY `product_racks_business_id_index` (`business_id`),
  KEY `product_racks_location_id_index` (`location_id`),
  KEY `product_racks_product_id_index` (`product_id`)
) ENGINE=InnoDB DEFAULT CHARSET=utf8mb4 COLLATE=utf8mb4_unicode_ci;

--
-- Dumping data for table `product_racks`
--


--
-- Table structure for table `product_variations`
--

CREATE TABLE `product_variations` (
  `id` int unsigned NOT NULL AUTO_INCREMENT,
  `variation_template_id` int DEFAULT NULL,
  `name` varchar(191) CHARACTER SET utf8mb4 COLLATE utf8mb4_unicode_ci NOT NULL,
  `product_id` int unsigned NOT NULL,
  `is_dummy` tinyint(1) NOT NULL DEFAULT '1',
  `created_at` timestamp NULL DEFAULT NULL,
  `updated_at` timestamp NULL DEFAULT NULL,
  PRIMARY KEY (`id`),
  KEY `product_variations_name_index` (`name`),
  KEY `product_variations_product_id_index` (`product_id`),
  CONSTRAINT `product_variations_product_id_foreign` FOREIGN KEY (`product_id`) REFERENCES `products` (`id`) ON DELETE CASCADE
) ENGINE=InnoDB AUTO_INCREMENT=4 DEFAULT CHARSET=utf8mb4 COLLATE=utf8mb4_unicode_ci;

--
-- Dumping data for table `product_variations`
--

INSERT INTO `product_variations` VALUES (1,NULL,'DUMMY',1,1,'2025-01-11 02:10:24','2025-01-11 02:10:24'),(2,NULL,'DUMMY',2,1,'2025-01-11 02:10:57','2025-01-11 02:10:57'),(3,NULL,'DUMMY',3,1,'2025-01-13 15:10:02','2025-01-13 15:10:02');

--
-- Table structure for table `products`
--

CREATE TABLE `products` (
  `id` int unsigned NOT NULL AUTO_INCREMENT,
  `name` varchar(191) CHARACTER SET utf8mb4 COLLATE utf8mb4_unicode_ci NOT NULL,
  `business_id` int unsigned NOT NULL,
  `type` enum('single','variable','modifier','combo') CHARACTER SET utf8mb4 COLLATE utf8mb4_unicode_ci DEFAULT NULL,
  `unit_id` int unsigned DEFAULT NULL,
  `secondary_unit_id` int DEFAULT NULL,
  `sub_unit_ids` text CHARACTER SET utf8mb4 COLLATE utf8mb4_unicode_ci,
  `brand_id` int unsigned DEFAULT NULL,
  `category_id` int unsigned DEFAULT NULL,
  `sub_category_id` int unsigned DEFAULT NULL,
  `tax` int unsigned DEFAULT NULL,
  `tax_type` enum('inclusive','exclusive') CHARACTER SET utf8mb4 COLLATE utf8mb4_unicode_ci NOT NULL,
  `enable_stock` tinyint(1) NOT NULL DEFAULT '0',
  `alert_quantity` decimal(22,4) DEFAULT NULL,
  `sku` varchar(191) CHARACTER SET utf8mb4 COLLATE utf8mb4_unicode_ci NOT NULL,
  `barcode_type` enum('C39','C128','EAN13','EAN8','UPCA','UPCE') CHARACTER SET utf8mb4 COLLATE utf8mb4_unicode_ci DEFAULT 'C128',
  `expiry_period` decimal(4,2) DEFAULT NULL,
  `expiry_period_type` enum('days','months') CHARACTER SET utf8mb4 COLLATE utf8mb4_unicode_ci DEFAULT NULL,
  `enable_sr_no` tinyint(1) NOT NULL DEFAULT '0',
  `weight` varchar(191) CHARACTER SET utf8mb4 COLLATE utf8mb4_unicode_ci DEFAULT NULL,
  `product_custom_field1` varchar(191) CHARACTER SET utf8mb4 COLLATE utf8mb4_unicode_ci DEFAULT NULL,
  `product_custom_field2` varchar(191) CHARACTER SET utf8mb4 COLLATE utf8mb4_unicode_ci DEFAULT NULL,
  `product_custom_field3` varchar(191) CHARACTER SET utf8mb4 COLLATE utf8mb4_unicode_ci DEFAULT NULL,
  `product_custom_field4` varchar(191) CHARACTER SET utf8mb4 COLLATE utf8mb4_unicode_ci DEFAULT NULL,
  `product_custom_field5` varchar(191) CHARACTER SET utf8mb4 COLLATE utf8mb4_unicode_ci DEFAULT NULL,
  `product_custom_field6` varchar(191) CHARACTER SET utf8mb4 COLLATE utf8mb4_unicode_ci DEFAULT NULL,
  `product_custom_field7` varchar(191) CHARACTER SET utf8mb4 COLLATE utf8mb4_unicode_ci DEFAULT NULL,
  `product_custom_field8` varchar(191) CHARACTER SET utf8mb4 COLLATE utf8mb4_unicode_ci DEFAULT NULL,
  `product_custom_field9` varchar(191) CHARACTER SET utf8mb4 COLLATE utf8mb4_unicode_ci DEFAULT NULL,
  `product_custom_field10` varchar(191) CHARACTER SET utf8mb4 COLLATE utf8mb4_unicode_ci DEFAULT NULL,
  `product_custom_field11` varchar(191) CHARACTER SET utf8mb4 COLLATE utf8mb4_unicode_ci DEFAULT NULL,
  `product_custom_field12` varchar(191) CHARACTER SET utf8mb4 COLLATE utf8mb4_unicode_ci DEFAULT NULL,
  `product_custom_field13` varchar(191) CHARACTER SET utf8mb4 COLLATE utf8mb4_unicode_ci DEFAULT NULL,
  `product_custom_field14` varchar(191) CHARACTER SET utf8mb4 COLLATE utf8mb4_unicode_ci DEFAULT NULL,
  `product_custom_field15` varchar(191) CHARACTER SET utf8mb4 COLLATE utf8mb4_unicode_ci DEFAULT NULL,
  `product_custom_field16` varchar(191) CHARACTER SET utf8mb4 COLLATE utf8mb4_unicode_ci DEFAULT NULL,
  `product_custom_field17` varchar(191) CHARACTER SET utf8mb4 COLLATE utf8mb4_unicode_ci DEFAULT NULL,
  `product_custom_field18` varchar(191) CHARACTER SET utf8mb4 COLLATE utf8mb4_unicode_ci DEFAULT NULL,
  `product_custom_field19` varchar(191) CHARACTER SET utf8mb4 COLLATE utf8mb4_unicode_ci DEFAULT NULL,
  `product_custom_field20` varchar(191) CHARACTER SET utf8mb4 COLLATE utf8mb4_unicode_ci DEFAULT NULL,
  `image` varchar(191) CHARACTER SET utf8mb4 COLLATE utf8mb4_unicode_ci DEFAULT NULL,
  `product_description` text CHARACTER SET utf8mb4 COLLATE utf8mb4_unicode_ci,
  `created_by` int unsigned NOT NULL,
  `preparation_time_in_minutes` int DEFAULT NULL,
  `warranty_id` int DEFAULT NULL,
  `is_inactive` tinyint(1) NOT NULL DEFAULT '0',
  `not_for_selling` tinyint(1) NOT NULL DEFAULT '0',
  `created_at` timestamp NULL DEFAULT NULL,
  `updated_at` timestamp NULL DEFAULT NULL,
  PRIMARY KEY (`id`),
  KEY `products_brand_id_foreign` (`brand_id`),
  KEY `products_category_id_foreign` (`category_id`),
  KEY `products_sub_category_id_foreign` (`sub_category_id`),
  KEY `products_tax_foreign` (`tax`),
  KEY `products_name_index` (`name`),
  KEY `products_business_id_index` (`business_id`),
  KEY `products_unit_id_index` (`unit_id`),
  KEY `products_created_by_index` (`created_by`),
  KEY `products_warranty_id_index` (`warranty_id`),
  KEY `products_type_index` (`type`),
  KEY `products_tax_type_index` (`tax_type`),
  KEY `products_barcode_type_index` (`barcode_type`),
  KEY `products_secondary_unit_id_index` (`secondary_unit_id`),
  CONSTRAINT `products_brand_id_foreign` FOREIGN KEY (`brand_id`) REFERENCES `brands` (`id`) ON DELETE CASCADE,
  CONSTRAINT `products_business_id_foreign` FOREIGN KEY (`business_id`) REFERENCES `business` (`id`) ON DELETE CASCADE,
  CONSTRAINT `products_category_id_foreign` FOREIGN KEY (`category_id`) REFERENCES `categories` (`id`) ON DELETE CASCADE,
  CONSTRAINT `products_created_by_foreign` FOREIGN KEY (`created_by`) REFERENCES `users` (`id`) ON DELETE CASCADE,
  CONSTRAINT `products_sub_category_id_foreign` FOREIGN KEY (`sub_category_id`) REFERENCES `categories` (`id`) ON DELETE CASCADE,
  CONSTRAINT `products_tax_foreign` FOREIGN KEY (`tax`) REFERENCES `tax_rates` (`id`),
  CONSTRAINT `products_unit_id_foreign` FOREIGN KEY (`unit_id`) REFERENCES `units` (`id`) ON DELETE CASCADE
) ENGINE=InnoDB AUTO_INCREMENT=4 DEFAULT CHARSET=utf8mb4 COLLATE=utf8mb4_unicode_ci;

--
-- Dumping data for table `products`
--

INSERT INTO `products` VALUES (1,'Product 1',1,'single',1,NULL,NULL,NULL,NULL,NULL,NULL,'exclusive',0,0.0000,'0001','C128',NULL,NULL,0,NULL,'','','','','','','','','','','','','','','','','','','','',NULL,NULL,1,NULL,NULL,0,0,'2025-01-11 02:10:24','2025-01-13 15:11:12'),(2,'Product 1 (copy)',1,'single',1,NULL,NULL,NULL,NULL,NULL,NULL,'exclusive',1,NULL,'0002','C128',NULL,NULL,0,NULL,NULL,NULL,NULL,NULL,NULL,NULL,NULL,NULL,NULL,NULL,NULL,NULL,NULL,NULL,NULL,NULL,NULL,NULL,NULL,NULL,NULL,NULL,1,NULL,NULL,0,0,'2025-01-11 02:10:57','2025-01-11 02:10:57'),(3,'ABC 1',1,'single',1,NULL,NULL,1,NULL,NULL,1,'exclusive',0,0.0000,'0003','C128',NULL,NULL,0,NULL,'','','','','','','','','','','','','','','','','','','','',NULL,NULL,1,NULL,NULL,0,0,'2025-01-13 15:10:02','2025-01-13 15:19:45');

--
-- Table structure for table `purchase_lines`
--

CREATE TABLE `purchase_lines` (
  `id` int unsigned NOT NULL AUTO_INCREMENT,
  `transaction_id` int unsigned NOT NULL,
  `product_id` int unsigned NOT NULL,
  `variation_id` int unsigned NOT NULL,
  `quantity` decimal(22,4) NOT NULL DEFAULT '0.0000',
  `secondary_unit_quantity` decimal(22,4) NOT NULL DEFAULT '0.0000',
  `pp_without_discount` decimal(22,4) NOT NULL DEFAULT '0.0000' COMMENT 'Purchase price before inline discounts',
  `discount_percent` decimal(5,2) NOT NULL DEFAULT '0.00' COMMENT 'Inline discount percentage',
  `purchase_price` decimal(22,4) NOT NULL,
  `purchase_price_inc_tax` decimal(22,4) NOT NULL DEFAULT '0.0000',
  `item_tax` decimal(22,4) NOT NULL COMMENT 'Tax for one quantity',
  `tax_id` int unsigned DEFAULT NULL,
  `purchase_requisition_line_id` int DEFAULT NULL,
  `purchase_order_line_id` int DEFAULT NULL,
  `quantity_sold` decimal(22,4) NOT NULL DEFAULT '0.0000' COMMENT 'Quanity sold from this purchase line',
  `quantity_adjusted` decimal(22,4) NOT NULL DEFAULT '0.0000' COMMENT 'Quanity adjusted in stock adjustment from this purchase line',
  `quantity_returned` decimal(22,4) NOT NULL DEFAULT '0.0000',
  `po_quantity_purchased` decimal(22,4) NOT NULL DEFAULT '0.0000',
  `mfg_quantity_used` decimal(22,4) NOT NULL DEFAULT '0.0000',
  `mfg_date` date DEFAULT NULL,
  `exp_date` date DEFAULT NULL,
  `lot_number` varchar(191) CHARACTER SET utf8mb4 COLLATE utf8mb4_unicode_ci DEFAULT NULL,
  `sub_unit_id` int DEFAULT NULL,
  `created_at` timestamp NULL DEFAULT NULL,
  `updated_at` timestamp NULL DEFAULT NULL,
  PRIMARY KEY (`id`),
  KEY `purchase_lines_transaction_id_foreign` (`transaction_id`),
  KEY `purchase_lines_product_id_foreign` (`product_id`),
  KEY `purchase_lines_variation_id_foreign` (`variation_id`),
  KEY `purchase_lines_tax_id_foreign` (`tax_id`),
  KEY `purchase_lines_sub_unit_id_index` (`sub_unit_id`),
  KEY `purchase_lines_lot_number_index` (`lot_number`),
  CONSTRAINT `purchase_lines_product_id_foreign` FOREIGN KEY (`product_id`) REFERENCES `products` (`id`) ON DELETE CASCADE,
  CONSTRAINT `purchase_lines_tax_id_foreign` FOREIGN KEY (`tax_id`) REFERENCES `tax_rates` (`id`) ON DELETE CASCADE,
  CONSTRAINT `purchase_lines_transaction_id_foreign` FOREIGN KEY (`transaction_id`) REFERENCES `transactions` (`id`) ON DELETE CASCADE,
  CONSTRAINT `purchase_lines_variation_id_foreign` FOREIGN KEY (`variation_id`) REFERENCES `variations` (`id`) ON DELETE CASCADE
) ENGINE=InnoDB DEFAULT CHARSET=utf8mb4 COLLATE=utf8mb4_unicode_ci;

--
-- Dumping data for table `purchase_lines`
--


--
-- Table structure for table `reference_counts`
--

CREATE TABLE `reference_counts` (
  `id` int unsigned NOT NULL AUTO_INCREMENT,
  `ref_type` varchar(191) CHARACTER SET utf8mb4 COLLATE utf8mb4_unicode_ci NOT NULL,
  `ref_count` int NOT NULL,
  `business_id` int NOT NULL,
  `created_at` timestamp NULL DEFAULT NULL,
  `updated_at` timestamp NULL DEFAULT NULL,
  PRIMARY KEY (`id`),
  KEY `reference_counts_business_id_index` (`business_id`)
) ENGINE=InnoDB AUTO_INCREMENT=9 DEFAULT CHARSET=utf8mb4 COLLATE=utf8mb4_unicode_ci;

--
-- Dumping data for table `reference_counts`
--

INSERT INTO `reference_counts` VALUES (1,'contacts',1,1,'2024-10-16 23:43:09','2024-10-16 23:43:09'),(2,'business_location',2,1,'2024-10-16 23:43:09','2024-12-25 03:18:28'),(3,'contacts',1,2,'2024-10-16 23:54:01','2024-10-16 23:54:01'),(4,'business_location',1,2,'2024-10-16 23:54:01','2024-10-16 23:54:01'),(5,'contacts',1,3,'2025-01-06 20:01:31','2025-01-06 20:01:31'),(6,'business_location',1,3,'2025-01-06 20:01:31','2025-01-06 20:01:31'),(7,'sell_payment',2,1,'2025-01-13 15:20:40','2025-01-13 19:37:54'),(8,'draft',1,1,'2025-01-13 19:35:36','2025-01-13 19:35:36');

--
-- Table structure for table `res_product_modifier_sets`
--

CREATE TABLE `res_product_modifier_sets` (
  `modifier_set_id` int unsigned NOT NULL,
  `product_id` int unsigned NOT NULL COMMENT 'Table use to store the modifier sets applicable for a product',
  KEY `res_product_modifier_sets_modifier_set_id_foreign` (`modifier_set_id`),
  CONSTRAINT `res_product_modifier_sets_modifier_set_id_foreign` FOREIGN KEY (`modifier_set_id`) REFERENCES `products` (`id`) ON DELETE CASCADE
) ENGINE=InnoDB DEFAULT CHARSET=utf8mb4 COLLATE=utf8mb4_unicode_ci;

--
-- Dumping data for table `res_product_modifier_sets`
--


--
-- Table structure for table `res_tables`
--

CREATE TABLE `res_tables` (
  `id` int unsigned NOT NULL AUTO_INCREMENT,
  `business_id` int unsigned NOT NULL,
  `location_id` int unsigned NOT NULL,
  `name` varchar(191) CHARACTER SET utf8mb4 COLLATE utf8mb4_unicode_ci NOT NULL,
  `description` text CHARACTER SET utf8mb4 COLLATE utf8mb4_unicode_ci,
  `created_by` int unsigned NOT NULL,
  `deleted_at` timestamp NULL DEFAULT NULL,
  `created_at` timestamp NULL DEFAULT NULL,
  `updated_at` timestamp NULL DEFAULT NULL,
  PRIMARY KEY (`id`),
  KEY `res_tables_business_id_foreign` (`business_id`),
  CONSTRAINT `res_tables_business_id_foreign` FOREIGN KEY (`business_id`) REFERENCES `business` (`id`) ON DELETE CASCADE
) ENGINE=InnoDB AUTO_INCREMENT=2 DEFAULT CHARSET=utf8mb4 COLLATE=utf8mb4_unicode_ci;

--
-- Dumping data for table `res_tables`
--

INSERT INTO `res_tables` VALUES (1,1,1,'Groud Floor 12',NULL,1,NULL,'2025-01-13 19:42:52','2025-01-13 19:42:52');

--
-- Table structure for table `role_has_permissions`
--

CREATE TABLE `role_has_permissions` (
  `permission_id` int unsigned NOT NULL,
  `role_id` int unsigned NOT NULL,
  PRIMARY KEY (`permission_id`,`role_id`),
  KEY `role_has_permissions_role_id_foreign` (`role_id`),
  CONSTRAINT `role_has_permissions_permission_id_foreign` FOREIGN KEY (`permission_id`) REFERENCES `permissions` (`id`) ON DELETE CASCADE,
  CONSTRAINT `role_has_permissions_role_id_foreign` FOREIGN KEY (`role_id`) REFERENCES `roles` (`id`) ON DELETE CASCADE
) ENGINE=InnoDB DEFAULT CHARSET=utf8mb4 COLLATE=utf8mb4_unicode_ci;

--
-- Dumping data for table `role_has_permissions`
--

INSERT INTO `role_has_permissions` VALUES (25,2),(26,2),(48,2),(49,2),(50,2),(51,2),(80,2),(25,4),(26,4),(48,4),(49,4),(50,4),(51,4),(80,4),(25,6),(26,6),(48,6),(49,6),(50,6),(51,6),(80,6);

--
-- Table structure for table `roles`
--

CREATE TABLE `roles` (
  `id` int unsigned NOT NULL AUTO_INCREMENT,
  `name` varchar(191) CHARACTER SET utf8mb4 COLLATE utf8mb4_unicode_ci NOT NULL,
  `guard_name` varchar(191) CHARACTER SET utf8mb4 COLLATE utf8mb4_unicode_ci NOT NULL,
  `business_id` int unsigned NOT NULL,
  `is_default` tinyint(1) NOT NULL DEFAULT '0',
  `is_service_staff` tinyint(1) NOT NULL DEFAULT '0',
  `created_at` timestamp NULL DEFAULT NULL,
  `updated_at` timestamp NULL DEFAULT NULL,
  PRIMARY KEY (`id`),
  KEY `roles_business_id_foreign` (`business_id`),
  CONSTRAINT `roles_business_id_foreign` FOREIGN KEY (`business_id`) REFERENCES `business` (`id`) ON DELETE CASCADE
) ENGINE=InnoDB AUTO_INCREMENT=7 DEFAULT CHARSET=utf8mb4 COLLATE=utf8mb4_unicode_ci;

--
-- Dumping data for table `roles`
--

INSERT INTO `roles` VALUES (1,'Admin#1','web',1,1,0,'2024-10-16 23:43:09','2024-10-16 23:43:09'),(2,'Cashier#1','web',1,0,0,'2024-10-16 23:43:09','2024-10-16 23:43:09'),(3,'Admin#2','web',2,1,0,'2024-10-16 23:54:01','2024-10-16 23:54:01'),(4,'Cashier#2','web',2,0,0,'2024-10-16 23:54:01','2024-10-16 23:54:01'),(5,'Admin#3','web',3,1,0,'2025-01-06 20:01:31','2025-01-06 20:01:31'),(6,'Cashier#3','web',3,0,0,'2025-01-06 20:01:31','2025-01-06 20:01:31');

--
-- Table structure for table `sell_line_warranties`
--

CREATE TABLE `sell_line_warranties` (
  `sell_line_id` int NOT NULL,
  `warranty_id` int NOT NULL
) ENGINE=InnoDB DEFAULT CHARSET=utf8mb4 COLLATE=utf8mb4_unicode_ci;

--
-- Dumping data for table `sell_line_warranties`
--


--
-- Table structure for table `selling_price_groups`
--

CREATE TABLE `selling_price_groups` (
  `id` int unsigned NOT NULL AUTO_INCREMENT,
  `name` varchar(191) CHARACTER SET utf8mb4 COLLATE utf8mb4_unicode_ci NOT NULL,
  `description` text CHARACTER SET utf8mb4 COLLATE utf8mb4_unicode_ci,
  `business_id` int unsigned NOT NULL,
  `is_active` tinyint(1) NOT NULL DEFAULT '1',
  `deleted_at` timestamp NULL DEFAULT NULL,
  `created_at` timestamp NULL DEFAULT NULL,
  `updated_at` timestamp NULL DEFAULT NULL,
  PRIMARY KEY (`id`),
  KEY `selling_price_groups_business_id_foreign` (`business_id`),
  CONSTRAINT `selling_price_groups_business_id_foreign` FOREIGN KEY (`business_id`) REFERENCES `business` (`id`) ON DELETE CASCADE
) ENGINE=InnoDB AUTO_INCREMENT=3 DEFAULT CHARSET=utf8mb4 COLLATE=utf8mb4_unicode_ci;

--
-- Dumping data for table `selling_price_groups`
--

INSERT INTO `selling_price_groups` VALUES (1,'Group - 1 Hunger Station',NULL,1,1,NULL,'2025-01-11 02:09:24','2025-01-11 02:09:24'),(2,'foodpanda','15% extra on the price',1,1,NULL,'2025-01-13 15:16:49','2025-01-13 15:17:03');

--
-- Table structure for table `sessions`
--

CREATE TABLE `sessions` (
  `id` varchar(191) CHARACTER SET utf8mb4 COLLATE utf8mb4_unicode_ci NOT NULL,
  `user_id` int unsigned DEFAULT NULL,
  `ip_address` varchar(45) CHARACTER SET utf8mb4 COLLATE utf8mb4_unicode_ci DEFAULT NULL,
  `user_agent` text CHARACTER SET utf8mb4 COLLATE utf8mb4_unicode_ci,
  `payload` text CHARACTER SET utf8mb4 COLLATE utf8mb4_unicode_ci NOT NULL,
  `last_activity` int NOT NULL,
  UNIQUE KEY `sessions_id_unique` (`id`)
) ENGINE=InnoDB DEFAULT CHARSET=utf8mb4 COLLATE=utf8mb4_unicode_ci;

--
-- Dumping data for table `sessions`
--


--
-- Table structure for table `stock_adjustment_lines`
--

CREATE TABLE `stock_adjustment_lines` (
  `id` int unsigned NOT NULL AUTO_INCREMENT,
  `transaction_id` int unsigned NOT NULL,
  `product_id` int unsigned NOT NULL,
  `variation_id` int unsigned NOT NULL,
  `quantity` decimal(22,4) NOT NULL,
  `secondary_unit_quantity` decimal(22,4) NOT NULL DEFAULT '0.0000',
  `unit_price` decimal(22,4) DEFAULT NULL COMMENT 'Last purchase unit price',
  `removed_purchase_line` int DEFAULT NULL,
  `lot_no_line_id` int DEFAULT NULL,
  `created_at` timestamp NULL DEFAULT NULL,
  `updated_at` timestamp NULL DEFAULT NULL,
  PRIMARY KEY (`id`),
  KEY `stock_adjustment_lines_product_id_foreign` (`product_id`),
  KEY `stock_adjustment_lines_variation_id_foreign` (`variation_id`),
  KEY `stock_adjustment_lines_transaction_id_index` (`transaction_id`),
  KEY `stock_adjustment_lines_lot_no_line_id_index` (`lot_no_line_id`),
  CONSTRAINT `stock_adjustment_lines_product_id_foreign` FOREIGN KEY (`product_id`) REFERENCES `products` (`id`) ON DELETE CASCADE,
  CONSTRAINT `stock_adjustment_lines_transaction_id_foreign` FOREIGN KEY (`transaction_id`) REFERENCES `transactions` (`id`) ON DELETE CASCADE,
  CONSTRAINT `stock_adjustment_lines_variation_id_foreign` FOREIGN KEY (`variation_id`) REFERENCES `variations` (`id`) ON DELETE CASCADE
) ENGINE=InnoDB DEFAULT CHARSET=utf8mb4 COLLATE=utf8mb4_unicode_ci;

--
-- Dumping data for table `stock_adjustment_lines`
--


--
-- Table structure for table `stock_adjustments_temp`
--

CREATE TABLE `stock_adjustments_temp` (
  `id` int DEFAULT NULL
) ENGINE=InnoDB DEFAULT CHARSET=utf8mb4 COLLATE=utf8mb4_0900_ai_ci;

--
-- Dumping data for table `stock_adjustments_temp`
--


--
-- Table structure for table `subscriptions`
--

CREATE TABLE `subscriptions` (
  `id` int unsigned NOT NULL AUTO_INCREMENT,
  `business_id` int unsigned NOT NULL,
  `package_id` int unsigned NOT NULL,
  `start_date` date DEFAULT NULL,
  `trial_end_date` date DEFAULT NULL,
  `end_date` date DEFAULT NULL,
  `package_price` decimal(22,4) NOT NULL,
  `original_price` decimal(22,4) DEFAULT NULL,
  `coupon_code` varchar(191) CHARACTER SET utf8mb4 COLLATE utf8mb4_unicode_ci DEFAULT NULL,
  `package_details` longtext CHARACTER SET utf8mb4 COLLATE utf8mb4_unicode_ci NOT NULL,
  `created_id` int unsigned NOT NULL,
  `paid_via` varchar(191) CHARACTER SET utf8mb4 COLLATE utf8mb4_unicode_ci DEFAULT NULL,
  `payment_transaction_id` varchar(191) CHARACTER SET utf8mb4 COLLATE utf8mb4_unicode_ci DEFAULT NULL,
  `status` enum('approved','waiting','declined') CHARACTER SET utf8mb4 COLLATE utf8mb4_unicode_ci NOT NULL DEFAULT 'waiting',
  `deleted_at` timestamp NULL DEFAULT NULL,
  `created_at` timestamp NULL DEFAULT NULL,
  `updated_at` timestamp NULL DEFAULT NULL,
  PRIMARY KEY (`id`),
  KEY `subscriptions_business_id_foreign` (`business_id`),
  KEY `subscriptions_package_id_index` (`package_id`),
  KEY `subscriptions_created_id_index` (`created_id`),
  CONSTRAINT `subscriptions_business_id_foreign` FOREIGN KEY (`business_id`) REFERENCES `business` (`id`) ON DELETE CASCADE
) ENGINE=InnoDB AUTO_INCREMENT=4 DEFAULT CHARSET=utf8mb4 COLLATE=utf8mb4_unicode_ci;

--
-- Dumping data for table `subscriptions`
--

INSERT INTO `subscriptions` VALUES (1,1,1,'2024-10-17','2025-11-16','2025-10-17',0.0000,0.0000,NULL,'{\"location_count\":0,\"user_count\":0,\"product_count\":0,\"invoice_count\":0,\"name\":\"Pulse\",\"essentials_module\":\"1\"}',1,NULL,'FREE','approved',NULL,'2024-10-17 10:36:18','2024-10-17 10:36:18'),(2,2,1,'2024-10-17','2025-11-16','2025-10-17',0.0000,0.0000,NULL,'{\"location_count\":0,\"user_count\":0,\"product_count\":0,\"invoice_count\":0,\"name\":\"Pulse\",\"essentials_module\":\"1\"}',2,NULL,'FREE','approved',NULL,'2024-10-17 10:36:55','2024-10-17 10:36:55'),(3,3,2,'2025-01-06','2025-03-08','2025-02-06',0.0000,100.0000,'100','{\"location_count\":0,\"user_count\":10,\"product_count\":0,\"invoice_count\":0,\"name\":\"hello\",\"accounting_module\":\"1\",\"connector_module\":\"1\",\"essentials_module\":\"1\",\"manufacturing_module\":\"1\"}',3,NULL,'FREE','approved',NULL,'2025-01-06 20:04:59','2025-01-06 20:04:59');

--
-- Table structure for table `superadmin_communicator_logs`
--

CREATE TABLE `superadmin_communicator_logs` (
  `id` int unsigned NOT NULL AUTO_INCREMENT,
  `business_ids` text CHARACTER SET utf8mb4 COLLATE utf8mb4_unicode_ci,
  `subject` varchar(191) CHARACTER SET utf8mb4 COLLATE utf8mb4_unicode_ci DEFAULT NULL,
  `message` text CHARACTER SET utf8mb4 COLLATE utf8mb4_unicode_ci,
  `created_at` timestamp NULL DEFAULT NULL,
  `updated_at` timestamp NULL DEFAULT NULL,
  PRIMARY KEY (`id`)
) ENGINE=InnoDB DEFAULT CHARSET=utf8mb4 COLLATE=utf8mb4_unicode_ci;

--
-- Dumping data for table `superadmin_communicator_logs`
--


--
-- Table structure for table `superadmin_coupons`
--

CREATE TABLE `superadmin_coupons` (
  `id` bigint unsigned NOT NULL AUTO_INCREMENT,
  `coupon_code` varchar(191) CHARACTER SET utf8mb4 COLLATE utf8mb4_unicode_ci NOT NULL,
  `discount_type` varchar(191) CHARACTER SET utf8mb4 COLLATE utf8mb4_unicode_ci NOT NULL,
  `discount` decimal(8,2) NOT NULL,
  `expiry_date` date DEFAULT NULL,
  `applied_on_packages` varchar(191) CHARACTER SET utf8mb4 COLLATE utf8mb4_unicode_ci DEFAULT NULL,
  `applied_on_business` varchar(191) CHARACTER SET utf8mb4 COLLATE utf8mb4_unicode_ci DEFAULT NULL,
  `is_active` tinyint(1) NOT NULL,
  `created_at` timestamp NULL DEFAULT NULL,
  `updated_at` timestamp NULL DEFAULT NULL,
  PRIMARY KEY (`id`)
) ENGINE=InnoDB AUTO_INCREMENT=2 DEFAULT CHARSET=utf8mb4 COLLATE=utf8mb4_unicode_ci;

--
-- Dumping data for table `superadmin_coupons`
--

INSERT INTO `superadmin_coupons` VALUES (1,'100','percentage',100.00,NULL,'[\"2\"]','[\"3\"]',1,'2025-01-06 20:04:27','2025-01-06 20:04:27');

--
-- Table structure for table `superadmin_frontend_pages`
--

CREATE TABLE `superadmin_frontend_pages` (
  `id` int unsigned NOT NULL AUTO_INCREMENT,
  `title` varchar(191) CHARACTER SET utf8mb4 COLLATE utf8mb4_unicode_ci DEFAULT NULL,
  `slug` varchar(191) CHARACTER SET utf8mb4 COLLATE utf8mb4_unicode_ci NOT NULL,
  `content` longtext CHARACTER SET utf8mb4 COLLATE utf8mb4_unicode_ci NOT NULL,
  `is_shown` tinyint(1) NOT NULL,
  `menu_order` int DEFAULT '0',
  `created_at` timestamp NULL DEFAULT NULL,
  `updated_at` timestamp NULL DEFAULT NULL,
  PRIMARY KEY (`id`)
) ENGINE=InnoDB DEFAULT CHARSET=utf8mb4 COLLATE=utf8mb4_unicode_ci;

--
-- Dumping data for table `superadmin_frontend_pages`
--


--
-- Table structure for table `tax_rates`
--

CREATE TABLE `tax_rates` (
  `id` int unsigned NOT NULL AUTO_INCREMENT,
  `business_id` int unsigned NOT NULL,
  `name` varchar(191) CHARACTER SET utf8mb4 COLLATE utf8mb4_unicode_ci NOT NULL,
  `amount` double(22,4) NOT NULL,
  `is_tax_group` tinyint(1) NOT NULL DEFAULT '0',
  `for_tax_group` tinyint(1) NOT NULL DEFAULT '0',
  `created_by` int unsigned NOT NULL,
  `deleted_at` timestamp NULL DEFAULT NULL,
  `created_at` timestamp NULL DEFAULT NULL,
  `updated_at` timestamp NULL DEFAULT NULL,
  PRIMARY KEY (`id`),
  KEY `tax_rates_business_id_foreign` (`business_id`),
  KEY `tax_rates_created_by_foreign` (`created_by`),
  CONSTRAINT `tax_rates_business_id_foreign` FOREIGN KEY (`business_id`) REFERENCES `business` (`id`) ON DELETE CASCADE,
  CONSTRAINT `tax_rates_created_by_foreign` FOREIGN KEY (`created_by`) REFERENCES `users` (`id`) ON DELETE CASCADE
) ENGINE=InnoDB AUTO_INCREMENT=2 DEFAULT CHARSET=utf8mb4 COLLATE=utf8mb4_unicode_ci;

--
-- Dumping data for table `tax_rates`
--

INSERT INTO `tax_rates` VALUES (1,1,'GST',15.0000,0,0,1,NULL,'2025-01-13 15:15:20','2025-01-13 15:15:20');

--
-- Table structure for table `transaction_sell_lines`
--

CREATE TABLE `transaction_sell_lines` (
  `id` int unsigned NOT NULL AUTO_INCREMENT,
  `transaction_id` int unsigned NOT NULL,
  `product_id` int unsigned NOT NULL,
  `variation_id` int unsigned NOT NULL,
  `quantity` decimal(22,4) NOT NULL DEFAULT '0.0000',
  `mfg_waste_percent` decimal(22,4) NOT NULL DEFAULT '0.0000',
  `mfg_ingredient_group_id` int DEFAULT NULL,
  `secondary_unit_quantity` decimal(22,4) NOT NULL DEFAULT '0.0000',
  `quantity_returned` decimal(20,4) NOT NULL DEFAULT '0.0000',
  `unit_price_before_discount` decimal(22,4) NOT NULL DEFAULT '0.0000',
  `unit_price` decimal(22,4) DEFAULT NULL COMMENT 'Sell price excluding tax',
  `line_discount_type` enum('fixed','percentage') CHARACTER SET utf8mb4 COLLATE utf8mb4_unicode_ci DEFAULT NULL,
  `line_discount_amount` decimal(22,4) NOT NULL DEFAULT '0.0000',
  `unit_price_inc_tax` decimal(22,4) DEFAULT NULL COMMENT 'Sell price including tax',
  `item_tax` decimal(22,4) NOT NULL COMMENT 'Tax for one quantity',
  `tax_id` int unsigned DEFAULT NULL,
  `discount_id` int DEFAULT NULL,
  `lot_no_line_id` int DEFAULT NULL,
  `sell_line_note` text CHARACTER SET utf8mb4 COLLATE utf8mb4_unicode_ci,
  `so_line_id` int DEFAULT NULL,
  `so_quantity_invoiced` decimal(22,4) NOT NULL DEFAULT '0.0000',
  `res_service_staff_id` int DEFAULT NULL,
  `res_line_order_status` varchar(191) CHARACTER SET utf8mb4 COLLATE utf8mb4_unicode_ci DEFAULT NULL,
  `parent_sell_line_id` int DEFAULT NULL,
  `children_type` varchar(191) CHARACTER SET utf8mb4 COLLATE utf8mb4_unicode_ci NOT NULL DEFAULT '' COMMENT 'Type of children for the parent, like modifier or combo',
  `sub_unit_id` int DEFAULT NULL,
  `created_at` timestamp NULL DEFAULT NULL,
  `updated_at` timestamp NULL DEFAULT NULL,
  PRIMARY KEY (`id`),
  KEY `transaction_sell_lines_transaction_id_foreign` (`transaction_id`),
  KEY `transaction_sell_lines_product_id_foreign` (`product_id`),
  KEY `transaction_sell_lines_variation_id_foreign` (`variation_id`),
  KEY `transaction_sell_lines_tax_id_foreign` (`tax_id`),
  KEY `transaction_sell_lines_children_type_index` (`children_type`),
  KEY `transaction_sell_lines_parent_sell_line_id_index` (`parent_sell_line_id`),
  KEY `transaction_sell_lines_line_discount_type_index` (`line_discount_type`),
  KEY `transaction_sell_lines_discount_id_index` (`discount_id`),
  KEY `transaction_sell_lines_lot_no_line_id_index` (`lot_no_line_id`),
  KEY `transaction_sell_lines_sub_unit_id_index` (`sub_unit_id`),
  CONSTRAINT `transaction_sell_lines_product_id_foreign` FOREIGN KEY (`product_id`) REFERENCES `products` (`id`) ON DELETE CASCADE,
  CONSTRAINT `transaction_sell_lines_tax_id_foreign` FOREIGN KEY (`tax_id`) REFERENCES `tax_rates` (`id`) ON DELETE CASCADE,
  CONSTRAINT `transaction_sell_lines_transaction_id_foreign` FOREIGN KEY (`transaction_id`) REFERENCES `transactions` (`id`) ON DELETE CASCADE,
  CONSTRAINT `transaction_sell_lines_variation_id_foreign` FOREIGN KEY (`variation_id`) REFERENCES `variations` (`id`) ON DELETE CASCADE
) ENGINE=InnoDB AUTO_INCREMENT=5 DEFAULT CHARSET=utf8mb4 COLLATE=utf8mb4_unicode_ci;

--
-- Dumping data for table `transaction_sell_lines`
--

INSERT INTO `transaction_sell_lines` VALUES (1,1,3,3,1.0000,0.0000,NULL,0.0000,0.0000,125.0000,125.0000,'fixed',0.0000,125.0000,0.0000,NULL,NULL,NULL,'',NULL,0.0000,NULL,NULL,NULL,'',NULL,'2025-01-13 15:20:40','2025-01-13 19:37:01'),(2,2,3,3,3.0000,0.0000,NULL,0.0000,0.0000,143.7500,143.7500,'fixed',0.0000,143.7500,0.0000,NULL,NULL,NULL,'',NULL,0.0000,NULL,NULL,NULL,'',NULL,'2025-01-13 19:35:36','2025-01-13 19:35:36'),(3,2,1,1,1.0000,0.0000,NULL,0.0000,0.0000,125.0000,125.0000,'fixed',0.0000,125.0000,0.0000,NULL,NULL,NULL,'',NULL,0.0000,NULL,NULL,NULL,'',NULL,'2025-01-13 19:35:36','2025-01-13 19:35:36'),(4,3,3,3,5.0000,0.0000,NULL,0.0000,0.0000,125.0000,125.0000,'fixed',0.0000,125.0000,0.0000,NULL,NULL,NULL,'',NULL,0.0000,NULL,NULL,NULL,'',NULL,'2025-01-13 19:37:54','2025-01-13 19:37:54');

--
-- Table structure for table `transaction_sell_lines_purchase_lines`
--

CREATE TABLE `transaction_sell_lines_purchase_lines` (
  `id` int unsigned NOT NULL AUTO_INCREMENT,
  `sell_line_id` int unsigned DEFAULT NULL COMMENT 'id from transaction_sell_lines',
  `stock_adjustment_line_id` int unsigned DEFAULT NULL COMMENT 'id from stock_adjustment_lines',
  `purchase_line_id` int unsigned NOT NULL COMMENT 'id from purchase_lines',
  `quantity` decimal(22,4) NOT NULL,
  `qty_returned` decimal(22,4) NOT NULL DEFAULT '0.0000',
  `created_at` timestamp NULL DEFAULT NULL,
  `updated_at` timestamp NULL DEFAULT NULL,
  PRIMARY KEY (`id`),
  KEY `sell_line_id` (`sell_line_id`),
  KEY `stock_adjustment_line_id` (`stock_adjustment_line_id`),
  KEY `purchase_line_id` (`purchase_line_id`)
) ENGINE=InnoDB DEFAULT CHARSET=utf8mb4 COLLATE=utf8mb4_unicode_ci;

--
-- Dumping data for table `transaction_sell_lines_purchase_lines`
--


--
-- Table structure for table `types_of_services`
--

CREATE TABLE `types_of_services` (
  `id` int unsigned NOT NULL AUTO_INCREMENT,
  `name` varchar(191) CHARACTER SET utf8mb4 COLLATE utf8mb4_unicode_ci NOT NULL,
  `description` text CHARACTER SET utf8mb4 COLLATE utf8mb4_unicode_ci,
  `business_id` int NOT NULL,
  `location_price_group` text CHARACTER SET utf8mb4 COLLATE utf8mb4_unicode_ci,
  `packing_charge` decimal(22,4) DEFAULT NULL,
  `packing_charge_type` enum('fixed','percent') CHARACTER SET utf8mb4 COLLATE utf8mb4_unicode_ci DEFAULT NULL,
  `enable_custom_fields` tinyint(1) NOT NULL DEFAULT '0',
  `created_at` timestamp NULL DEFAULT NULL,
  `updated_at` timestamp NULL DEFAULT NULL,
  PRIMARY KEY (`id`),
  KEY `types_of_services_business_id_index` (`business_id`)
) ENGINE=InnoDB AUTO_INCREMENT=4 DEFAULT CHARSET=utf8mb4 COLLATE=utf8mb4_unicode_ci;

--
-- Dumping data for table `types_of_services`
--

INSERT INTO `types_of_services` VALUES (1,'Delivery',NULL,1,'{\"1\":\"0\",\"3\":\"0\"}',0.0000,'fixed',0,'2025-01-11 01:45:55','2025-01-11 01:46:51'),(2,'Dine In',NULL,1,'{\"1\":\"0\",\"3\":\"0\"}',0.0000,'fixed',0,'2025-01-11 01:46:05','2025-01-11 01:46:05'),(3,'Carhop',NULL,1,'{\"1\":\"0\",\"3\":\"0\"}',0.0000,'fixed',0,'2025-01-11 01:46:13','2025-01-11 01:46:13');

--
-- Table structure for table `units`
--

CREATE TABLE `units` (
  `id` int unsigned NOT NULL AUTO_INCREMENT,
  `business_id` int unsigned NOT NULL,
  `actual_name` varchar(191) CHARACTER SET utf8mb4 COLLATE utf8mb4_unicode_ci NOT NULL,
  `short_name` varchar(191) CHARACTER SET utf8mb4 COLLATE utf8mb4_unicode_ci NOT NULL,
  `allow_decimal` tinyint(1) NOT NULL,
  `base_unit_id` int DEFAULT NULL,
  `base_unit_multiplier` decimal(20,4) DEFAULT NULL,
  `created_by` int unsigned NOT NULL,
  `deleted_at` timestamp NULL DEFAULT NULL,
  `created_at` timestamp NULL DEFAULT NULL,
  `updated_at` timestamp NULL DEFAULT NULL,
  PRIMARY KEY (`id`),
  KEY `units_business_id_foreign` (`business_id`),
  KEY `units_created_by_foreign` (`created_by`),
  KEY `units_base_unit_id_index` (`base_unit_id`),
  CONSTRAINT `units_business_id_foreign` FOREIGN KEY (`business_id`) REFERENCES `business` (`id`) ON DELETE CASCADE,
  CONSTRAINT `units_created_by_foreign` FOREIGN KEY (`created_by`) REFERENCES `users` (`id`) ON DELETE CASCADE
) ENGINE=InnoDB AUTO_INCREMENT=4 DEFAULT CHARSET=utf8mb4 COLLATE=utf8mb4_unicode_ci;

--
-- Dumping data for table `units`
--

INSERT INTO `units` VALUES (1,1,'Pieces','Pc(s)',0,NULL,NULL,1,NULL,'2024-10-16 23:43:09','2024-10-16 23:43:09'),(2,2,'Pieces','Pc(s)',0,NULL,NULL,2,NULL,'2024-10-16 23:54:01','2024-10-16 23:54:01'),(3,3,'Pieces','Pc(s)',0,NULL,NULL,3,NULL,'2025-01-06 20:01:31','2025-01-06 20:01:31');

--
-- Table structure for table `user_contact_access`
--

CREATE TABLE `user_contact_access` (
  `id` int unsigned NOT NULL AUTO_INCREMENT,
  `user_id` int NOT NULL,
  `contact_id` int NOT NULL,
  PRIMARY KEY (`id`),
  KEY `user_contact_access_user_id_index` (`user_id`),
  KEY `user_contact_access_contact_id_index` (`contact_id`)
) ENGINE=InnoDB DEFAULT CHARSET=utf8mb4 COLLATE=utf8mb4_unicode_ci;

--
-- Dumping data for table `user_contact_access`
--


--
-- Table structure for table `variation_group_prices`
--

CREATE TABLE `variation_group_prices` (
  `id` int unsigned NOT NULL AUTO_INCREMENT,
  `variation_id` int unsigned NOT NULL,
  `price_group_id` int unsigned NOT NULL,
  `price_inc_tax` decimal(22,4) NOT NULL,
  `price_type` varchar(191) CHARACTER SET utf8mb4 COLLATE utf8mb4_unicode_ci NOT NULL DEFAULT 'fixed',
  `created_at` timestamp NULL DEFAULT NULL,
  `updated_at` timestamp NULL DEFAULT NULL,
  PRIMARY KEY (`id`),
  KEY `variation_group_prices_variation_id_foreign` (`variation_id`),
  KEY `variation_group_prices_price_group_id_foreign` (`price_group_id`),
  CONSTRAINT `variation_group_prices_price_group_id_foreign` FOREIGN KEY (`price_group_id`) REFERENCES `selling_price_groups` (`id`) ON DELETE CASCADE,
  CONSTRAINT `variation_group_prices_variation_id_foreign` FOREIGN KEY (`variation_id`) REFERENCES `variations` (`id`) ON DELETE CASCADE
) ENGINE=InnoDB AUTO_INCREMENT=4 DEFAULT CHARSET=utf8mb4 COLLATE=utf8mb4_unicode_ci;

--
-- Dumping data for table `variation_group_prices`
--

INSERT INTO `variation_group_prices` VALUES (1,1,1,10.0000,'percentage','2025-01-11 02:10:39','2025-01-11 02:10:39'),(2,3,1,0.0000,'fixed','2025-01-13 15:18:10','2025-01-13 15:19:45'),(3,3,2,115.0000,'percentage','2025-01-13 15:18:10','2025-01-13 15:19:45');

--
-- Table structure for table `variation_location_details`
--

CREATE TABLE `variation_location_details` (
  `id` int unsigned NOT NULL AUTO_INCREMENT,
  `product_id` int unsigned NOT NULL,
  `product_variation_id` int unsigned NOT NULL COMMENT 'id from product_variations table',
  `variation_id` int unsigned NOT NULL,
  `location_id` int unsigned NOT NULL,
  `qty_available` decimal(22,4) NOT NULL DEFAULT '0.0000',
  `created_at` timestamp NULL DEFAULT NULL,
  `updated_at` timestamp NULL DEFAULT NULL,
  PRIMARY KEY (`id`),
  KEY `variation_location_details_location_id_foreign` (`location_id`),
  KEY `variation_location_details_product_id_index` (`product_id`),
  KEY `variation_location_details_product_variation_id_index` (`product_variation_id`),
  KEY `variation_location_details_variation_id_index` (`variation_id`),
  CONSTRAINT `variation_location_details_location_id_foreign` FOREIGN KEY (`location_id`) REFERENCES `business_locations` (`id`),
  CONSTRAINT `variation_location_details_variation_id_foreign` FOREIGN KEY (`variation_id`) REFERENCES `variations` (`id`)
) ENGINE=InnoDB DEFAULT CHARSET=utf8mb4 COLLATE=utf8mb4_unicode_ci;

--
-- Dumping data for table `variation_location_details`
--


--
-- Table structure for table `variation_templates`
--

CREATE TABLE `variation_templates` (
  `id` int unsigned NOT NULL AUTO_INCREMENT,
  `name` varchar(191) CHARACTER SET utf8mb4 COLLATE utf8mb4_unicode_ci NOT NULL,
  `business_id` int unsigned NOT NULL,
  `created_at` timestamp NULL DEFAULT NULL,
  `updated_at` timestamp NULL DEFAULT NULL,
  PRIMARY KEY (`id`),
  KEY `variation_templates_business_id_foreign` (`business_id`),
  CONSTRAINT `variation_templates_business_id_foreign` FOREIGN KEY (`business_id`) REFERENCES `business` (`id`) ON DELETE CASCADE
) ENGINE=InnoDB DEFAULT CHARSET=utf8mb4 COLLATE=utf8mb4_unicode_ci;

--
-- Dumping data for table `variation_templates`
--


--
-- Table structure for table `variation_value_templates`
--

CREATE TABLE `variation_value_templates` (
  `id` int unsigned NOT NULL AUTO_INCREMENT,
  `name` varchar(191) CHARACTER SET utf8mb4 COLLATE utf8mb4_unicode_ci NOT NULL,
  `variation_template_id` int unsigned NOT NULL,
  `created_at` timestamp NULL DEFAULT NULL,
  `updated_at` timestamp NULL DEFAULT NULL,
  PRIMARY KEY (`id`),
  KEY `variation_value_templates_name_index` (`name`),
  KEY `variation_value_templates_variation_template_id_index` (`variation_template_id`),
  CONSTRAINT `variation_value_templates_variation_template_id_foreign` FOREIGN KEY (`variation_template_id`) REFERENCES `variation_templates` (`id`) ON DELETE CASCADE
) ENGINE=InnoDB DEFAULT CHARSET=utf8mb4 COLLATE=utf8mb4_unicode_ci;

--
-- Dumping data for table `variation_value_templates`
--


--
-- Table structure for table `variations`
--

CREATE TABLE `variations` (
  `id` int unsigned NOT NULL AUTO_INCREMENT,
  `name` varchar(191) CHARACTER SET utf8mb4 COLLATE utf8mb4_unicode_ci NOT NULL,
  `product_id` int unsigned NOT NULL,
  `sub_sku` varchar(191) CHARACTER SET utf8mb4 COLLATE utf8mb4_unicode_ci DEFAULT NULL,
  `product_variation_id` int unsigned NOT NULL,
  `variation_value_id` int DEFAULT NULL,
  `default_purchase_price` decimal(22,4) DEFAULT NULL,
  `dpp_inc_tax` decimal(22,4) NOT NULL DEFAULT '0.0000',
  `profit_percent` decimal(22,4) NOT NULL DEFAULT '0.0000',
  `default_sell_price` decimal(22,4) DEFAULT NULL,
  `sell_price_inc_tax` decimal(22,4) DEFAULT NULL COMMENT 'Sell price including tax',
  `created_at` timestamp NULL DEFAULT NULL,
  `updated_at` timestamp NULL DEFAULT NULL,
  `deleted_at` timestamp NULL DEFAULT NULL,
  `combo_variations` text CHARACTER SET utf8mb4 COLLATE utf8mb4_unicode_ci COMMENT 'Contains the combo variation details',
  PRIMARY KEY (`id`),
  KEY `variations_product_id_foreign` (`product_id`),
  KEY `variations_product_variation_id_foreign` (`product_variation_id`),
  KEY `variations_name_index` (`name`),
  KEY `variations_sub_sku_index` (`sub_sku`),
  KEY `variations_variation_value_id_index` (`variation_value_id`),
  CONSTRAINT `variations_product_id_foreign` FOREIGN KEY (`product_id`) REFERENCES `products` (`id`) ON DELETE CASCADE,
  CONSTRAINT `variations_product_variation_id_foreign` FOREIGN KEY (`product_variation_id`) REFERENCES `product_variations` (`id`) ON DELETE CASCADE
) ENGINE=InnoDB AUTO_INCREMENT=4 DEFAULT CHARSET=utf8mb4 COLLATE=utf8mb4_unicode_ci;

--
-- Dumping data for table `variations`
--

INSERT INTO `variations` VALUES (1,'DUMMY',1,'0001',1,NULL,100.0000,100.0000,25.0000,125.0000,125.0000,'2025-01-11 02:10:24','2025-01-13 15:11:12',NULL,'[]'),(2,'DUMMY',2,'0002',2,NULL,100.0000,100.0000,25.0000,125.0000,125.0000,'2025-01-11 02:10:57','2025-01-11 02:10:57',NULL,'[]'),(3,'DUMMY',3,'0003',3,NULL,100.0000,115.0000,25.0000,125.0000,143.7500,'2025-01-13 15:10:02','2025-01-13 15:19:03',NULL,'[]');

--
-- Table structure for table `warranties`
--

CREATE TABLE `warranties` (
  `id` int unsigned NOT NULL AUTO_INCREMENT,
  `name` varchar(191) CHARACTER SET utf8mb4 COLLATE utf8mb4_unicode_ci NOT NULL,
  `business_id` int NOT NULL,
  `description` text CHARACTER SET utf8mb4 COLLATE utf8mb4_unicode_ci,
  `duration` int NOT NULL,
  `duration_type` enum('days','months','years') CHARACTER SET utf8mb4 COLLATE utf8mb4_unicode_ci NOT NULL,
  `created_at` timestamp NULL DEFAULT NULL,
  `updated_at` timestamp NULL DEFAULT NULL,
  PRIMARY KEY (`id`),
  KEY `warranties_business_id_index` (`business_id`),
  KEY `warranties_duration_type_index` (`duration_type`)
) ENGINE=InnoDB DEFAULT CHARSET=utf8mb4 COLLATE=utf8mb4_unicode_ci;

--
-- Dumping data for table `warranties`
--



